861
CXUS51 KPHI 031511
CLMACY


CLIMATE REPORT
NATIONAL WEATHER SERVICE MOUNT HOLLY NJ
1011 AM EST WED FEB 3 2016

...................................

...THE ATLANTIC CITY CLIMATE SUMMARY FOR THE MONTH OF JANUARY 2016...

CLIMATE NORMAL PERIOD 1981 TO 2010
CLIMATE RECORD PERIOD 1874 TO 2016

WEATHER         OBSERVED          NORMAL  DEPART  LAST YEAR`S
                 VALUE   DATE(S)  VALUE   FROM    VALUE  DATE(S)
                                          NORMAL
................................................................
TEMPERATURE (F)
RECORD
 HIGH              78   01/24/1967
 LOW              -10   01/17/1977
HIGHEST            64   01/31        62       2       64  01/04
LOWEST             10   01/06         4       6        6  01/11
                        01/05
AVG. MAXIMUM     43.3              41.5     1.8     38.6
AVG. MINIMUM     23.7              24.5    -0.8     21.8
MEAN             33.5              33.0     0.5     30.2
DAYS MAX >= 90      0               0.0     0.0        0
DAYS MAX <= 32      6               5.9     0.1        6
DAYS MIN <= 32     25              23.0     2.0       28
DAYS MIN <= 0       0               0.3    -0.3        0

PRECIPITATION (INCHES)
RECORD
 MAXIMUM         8.14   1948
 MINIMUM         0.38   1955
TOTALS           2.84              3.22   -0.38     5.28
DAILY AVG.       0.09              0.10   -0.01     0.17
DAYS >= .01        10              10.1    -0.1       11
DAYS >= .10         6               5.9     0.1       10
DAYS >= .50         2               2.3    -0.3        4
DAYS >= 1.00        0               0.8    -0.8        2
GREATEST
 24 HR. TOTAL    1.12   01/22 TO 01/23              1.54

SNOWFALL (INCHES)
RECORDS
 TOTAL             MM   5
 24 HR TOTAL       MM
TOTALS           16.7               4.5    12.2      4.8
SINCE 7/1        16.7               8.4     8.3      5.2
SNOWDEPTH AVG.      1                MM      MM        0
DAYS >= 1.0         4               1.4     2.6        3
GREATEST
 SNOW DEPTH         8   01/23                          2  01/22
 24 HR TOTAL     10.1   MM                           2.0

DEGREE_DAYS
HEATING TOTAL     970               992     -22     1071
 SINCE 7/1       2106              2761    -655     2747
COOLING TOTAL       0                 0       0        0
 SINCE 1/1          0                 0       0        0
.................................................................

WIND (MPH)
AVERAGE WIND SPEED              9.8
HIGHEST WIND SPEED/DIRECTION    43/050    DATE  01/23
HIGHEST GUST SPEED/DIRECTION    57/060    DATE  01/23

SKY COVER
POSSIBLE SUNSHINE (PERCENT)   MM
AVERAGE SKY COVER           0.30
NUMBER OF DAYS FAIR           19
NUMBER OF DAYS PC              7
NUMBER OF DAYS CLOUDY          5

AVERAGE RH (PERCENT)     62

WEATHER CONDITIONS. NUMBER OF DAYS WITH
THUNDERSTORM              0     MIXED PRECIP               0
HEAVY RAIN                2     RAIN                       3
LIGHT RAIN                6     FREEZING RAIN              0
LT FREEZING RAIN          0     HEAVY SNOW                 1
SNOW                      3     LIGHT SNOW                 7
SLEET                     0     FOG                       12
FOG W/VIS <= 1/4 MILE     1     HAZE                       4

-  INDICATES NEGATIVE NUMBERS.
R  INDICATES RECORD WAS SET OR TIED.
MM INDICATES DATA IS MISSING.
T  INDICATES TRACE AMOUNT.

$$
