000
CXUS51 KPHI 031123
CLMACY


CLIMATE REPORT
NATIONAL WEATHER SERVICE MOUNT HOLLY NJ
723 AM EDT MON AUG 3 2015

...................................

...THE ATLANTIC CITY CLIMATE SUMMARY FOR THE MONTH OF JULY 2015...

CLIMATE NORMAL PERIOD 1981 TO 2010
CLIMATE RECORD PERIOD 1874 TO 2015

WEATHER         OBSERVED          NORMAL  DEPART  LAST YEAR`S
                 VALUE   DATE(S)  VALUE   FROM    VALUE  DATE(S)
                                          NORMAL
................................................................
TEMPERATURE (F)
RECORD
 HIGH             105   07/23/2011
                        07/22/2011
                        22/12/2298
 LOW               42   07/01/1988
HIGHEST            94   07/20        96      -2       92  07/08
                                                          07/03
LOWEST             58   07/17        53       5       56  07/31
                                                          07/05
AVG. MAXIMUM     84.6              85.5    -0.9     83.6
AVG. MINIMUM     68.2              66.9     1.3     64.6
MEAN             76.4              76.2     0.2     74.1
DAYS MAX >= 90      4               7.4    -3.4        4
DAYS MAX <= 32      0               0.0     0.0        0
DAYS MIN <= 32      0               0.0     0.0        0
DAYS MIN <= 0       0               0.0     0.0        0

PRECIPITATION (INCHES)
RECORD
 MAXIMUM        15.66   1959
 MINIMUM         0.31   1957
TOTALS           6.59              3.72    2.87     5.09
DAILY AVG.       0.21              0.12    0.09     0.16
DAYS >= .01        10               9.2     0.8       12
DAYS >= .10         8               5.7     2.3        9
DAYS >= .50         5               2.4     2.6        5
DAYS >= 1.00        1               1.1    -0.1        1
GREATEST
 24 HR. TOTAL    3.02   07/15 TO 07/15              1.71
                        07/14 TO 07/15
                        07/15 TO 07/15

SNOWFALL (INCHES)
RECORDS
 TOTAL             MM   5
 24 HR TOTAL       MM
TOTALS            0.0               0.0     0.0      0.0
SINCE 7/1         0.0               0.0     0.0      0.0
SNOWDEPTH AVG.      0                MM      MM        0
DAYS >= 1.0         0               0.0     0.0        0
GREATEST
 SNOW DEPTH         0   MM                             0  MM
 24 HR TOTAL      0.0   07/31 TO 07/31               0.0

DEGREE_DAYS
HEATING TOTAL       0                 0       0        0
 SINCE 7/1          0                 0       0        0
COOLING TOTAL     360               347      13      291
 SINCE 1/1        739               614     125      523
.................................................................

WIND (MPH)
AVERAGE WIND SPEED              6.5
HIGHEST WIND SPEED/DIRECTION    31/300    DATE  07/01
HIGHEST GUST SPEED/DIRECTION    38/280    DATE  07/01

SKY COVER
POSSIBLE SUNSHINE (PERCENT)   MM
AVERAGE SKY COVER           0.30
NUMBER OF DAYS FAIR           19
NUMBER OF DAYS PC             12
NUMBER OF DAYS CLOUDY          0

AVERAGE RH (PERCENT)     73

WEATHER CONDITIONS. NUMBER OF DAYS WITH
THUNDERSTORM              0     MIXED PRECIP               0
HEAVY RAIN                9     RAIN                       8
LIGHT RAIN               11     FREEZING RAIN              0
LT FREEZING RAIN          0     HEAVY SNOW                 0
SNOW                      0     LIGHT SNOW                 0
SLEET                     0     FOG                       18
FOG W/VIS <= 1/4 MILE     1     HAZE                       8

-  INDICATES NEGATIVE NUMBERS.
R  INDICATES RECORD WAS SET OR TIED.
MM INDICATES DATA IS MISSING.
T  INDICATES TRACE AMOUNT.

$$
