000
CXUS51 KPHI 011315
CLMACY


CLIMATE REPORT
NATIONAL WEATHER SERVICE MOUNT HOLLY NJ
814 AM EST THU DEC 1 2016

...................................

...THE ATLANTIC CITY CLIMATE SUMMARY FOR THE MONTH OF NOVEMBER 2016...

CLIMATE NORMAL PERIOD 1981 TO 2010
CLIMATE RECORD PERIOD 1874 TO 2016

WEATHER         OBSERVED          NORMAL  DEPART  LAST YEAR`S
                 VALUE   DATE(S)  VALUE   FROM    VALUE  DATE(S)
                                          NORMAL
................................................................
TEMPERATURE (F)
RECORD
 HIGH              81   11/03/2016
                        11/03/2003
                        11/01/1974
 LOW               10   11/23/1989
                        11/30/1875
HIGHEST            81R  11/03        72       9       74  11/05
                                                          11/03
LOWEST             25   11/28        20       5       22  11/24
AVG. MAXIMUM     59.8              56.3     3.5     61.6
AVG. MINIMUM     36.8              37.2    -0.4     40.6
MEAN             48.3              46.8     1.5     51.1
DAYS MAX >= 90      0               0.0     0.0        0
DAYS MAX <= 32      0               0.1    -0.1        0
DAYS MIN <= 32      6              10.1    -4.1        7
DAYS MIN <= 0       0               0.0     0.0        0

PRECIPITATION (INCHES)
RECORD
 MAXIMUM         9.65   1972
 MINIMUM         0.49   1918
TOTALS           1.08              3.27   -2.19     3.66
DAILY AVG.       0.04              0.11   -0.07     0.12
DAYS >= .01         8               9.3    -1.3       10
DAYS >= .10         3               5.6    -2.6        4
DAYS >= .50         0               2.3    -2.3        2
DAYS >= 1.00        0               1.0    -1.0        2
GREATEST
 24 HR. TOTAL    0.56   11/29 TO 11/30              1.88

SNOWFALL (INCHES)
RECORDS
 TOTAL             MM   5
 24 HR TOTAL       MM
TOTALS              T               0.2    -0.2      0.0
SINCE 7/1           T               0.2    -0.2      0.0
SNOWDEPTH AVG.      0                MM      MM        0
DAYS >= 1.0         0               0.1    -0.1        0
GREATEST
 SNOW DEPTH         0   MM                             0  MM
 24 HR TOTAL        T   11/19 TO 11/19               0.0

DEGREE_DAYS
HEATING TOTAL     499               549     -50      412
 SINCE 7/1        747               907    -160      695
COOLING TOTAL       3                 1       2        4
 SINCE 1/1       1340              1055     285     1296
.................................................................

WIND (MPH)
AVERAGE WIND SPEED              8.1
HIGHEST WIND SPEED/DIRECTION    35/280    DATE  11/20
HIGHEST GUST SPEED/DIRECTION    46/280    DATE  11/21

SKY COVER
POSSIBLE SUNSHINE (PERCENT)   MM
AVERAGE SKY COVER           0.30
NUMBER OF DAYS FAIR           20
NUMBER OF DAYS PC              7
NUMBER OF DAYS CLOUDY          3

AVERAGE RH (PERCENT)     63

WEATHER CONDITIONS. NUMBER OF DAYS WITH
THUNDERSTORM              0     MIXED PRECIP               0
HEAVY RAIN                1     RAIN                       3
LIGHT RAIN                9     FREEZING RAIN              0
LT FREEZING RAIN          0     HEAVY SNOW                 0
SNOW                      0     LIGHT SNOW                 1
SLEET                     0     FOG                       12
FOG W/VIS <= 1/4 MILE     1     HAZE                       7

-  INDICATES NEGATIVE NUMBERS.
R  INDICATES RECORD WAS SET OR TIED.
MM INDICATES DATA IS MISSING.
T  INDICATES TRACE AMOUNT.

$$
