000
CXAK58 PADQ 011332
CLMADQ


CLIMATE REPORT
NATIONAL WEATHER SERVICE ANCHORAGE, AK
432 AM AKST WED MAR 1 2017

...................................

...THE KODIAK CLIMATE SUMMARY FOR THE MONTH OF FEBRUARY 2017...

CLIMATE NORMAL PERIOD 1981 TO 2010
CLIMATE RECORD PERIOD 1913 TO 2017

WEATHER         OBSERVED          NORMAL  DEPART  LAST YEAR`S
                 VALUE   DATE(S)  VALUE   FROM    VALUE  DATE(S)
                                          NORMAL
................................................................
TEMPERATURE (F)
RECORD
 HIGH              60   02/11/1923
 LOW              -12   02/02/1971
HIGHEST            46                MM      MM       44
LOWEST              9                MM      MM       23
AVG. MAXIMUM     37.1              35.5     1.6     40.0
AVG. MINIMUM     23.0              26.1    -3.1     32.0
MEAN             30.1              30.8    -0.7     36.0
DAYS MAX >= 90      0               0.0     0.0        0
DAYS MAX <= 32      6               6.3    -0.3        0
DAYS MIN <= 32     23              19.0     4.0       10
DAYS MIN <= 0       0               0.4    -0.4        0

PRECIPITATION (INCHES)
RECORD
 MAXIMUM           MM   MM
 MINIMUM           MM   MM
TOTALS           2.59              6.14   -3.55    12.77
DAILY AVG.       0.09              0.22   -0.13     0.44
DAYS >= .01        10              17.3    -7.3       25
DAYS >= .10         5              11.2    -6.2       22
DAYS >= .50         2               4.4    -2.4       12
DAYS >= 1.00        0               1.2    -1.2        1
GREATEST
 24 HR. TOTAL    0.92   02/12 TO 02/13           02/23 TO 02/23
                                                          02/16 TO 02/16
                                                          02/16 TO 02/16
 STORM TOTAL       MM                                 MM
 (MM/DD(HH))            MM                    02/23(00) TO 02/23(00)
                                                 02/16(00) TO 02/16(00)6
                                                 02/16(00) TO 02/16(00)6

SNOWFALL (INCHES)
RECORDS
 TOTAL             MM   MM
 24 HR TOTAL       MM
 SNOW DEPTH        MM   MM
TOTALS            8.0              15.1    -7.1      1.0
SINCE 7/1        21.0              49.4   -28.4      0.0
SNOWDEPTH AVG.      1                 4      -3        0
DAYS >= TRACE       9               8.1     0.9       12
DAYS >= 1.0         2               3.8    -1.8
GREATEST
 SNOW DEPTH         3   02/22                          0  MM
                        02/21
                        02/20
 24 HR TOTAL      3.5   02/12 TO 02/12           02/16 TO 02/16
                                                          02/16 TO 02/16
                                                          02/16 TO 02/16
 STORM TOTAL       MM                                 MM
 (MM/DD(HH))            MM

DEGREE_DAYS
HEATING TOTAL     938               958     -20      633
 SINCE 7/1       5305              5872    -567     4508
COOLING TOTAL       0                 0       0        0
 SINCE 1/1          0                 0       0        0

FREEZE DATES
RECORD
 EARLIEST     MM
 LATEST       MM
EARLIEST                        MM
LATEST                          MM
.......................................................

WIND (MPH)
AVERAGE WIND SPEED              8.6
RESULTANT WIND SPEED/DIRECTION   6/283
HIGHEST WIND SPEED/DIRECTION    47/270    DATE  02/27
HIGHEST GUST SPEED/DIRECTION    60/270    DATE  02/27

SKY COVER
POSSIBLE SUNSHINE (PERCENT)   MM
AVERAGE SKY COVER           0.50
NUMBER OF DAYS FAIR           11
NUMBER OF DAYS PC             12
NUMBER OF DAYS CLOUDY          5

AVERAGE RH (PERCENT)     72

WEATHER CONDITIONS. NUMBER OF DAYS WITH
THUNDERSTORM              0     MIXED PRECIP               0
HEAVY RAIN                0     RAIN                       3
LIGHT RAIN               11     FREEZING RAIN              0
LT FREEZING RAIN          0     HAIL                       0
HEAVY SNOW                3     SNOW                       5
LIGHT SNOW               11     SLEET                      0
FOG                       8     FOG W/VIS <= 1/4 MILE      2
HAZE                      4

-  INDICATES NEGATIVE NUMBERS.
R  INDICATES RECORD WAS SET OR TIED.
MM INDICATES DATA IS MISSING.
T  INDICATES TRACE AMOUNT.

$$
