000
CXAK58 PADQ 011331
CLMADQ

CLIMATE REPORT
NATIONAL WEATHER SERVICE KODIAK, AK
531 AM AKDT WED JUL 1 2015

...................................

...THE KODIAK AP CLIMATE SUMMARY FOR THE MONTH OF JUNE 2015...

CLIMATE NORMAL PERIOD 1981 TO 2010
CLIMATE RECORD PERIOD 1949 TO 2015

WEATHER         OBSERVED          NORMAL  DEPART  LAST YEAR`S
                 VALUE   DATE(S)  VALUE   FROM    VALUE  DATE(S)
                                          NORMAL
................................................................
TEMPERATURE (F)
RECORD
 HIGH              86   6/28/1953
 LOW               30   6/02/1968
HIGHEST            80   6/16         67      13      72  6/28
LOWEST             38                35       3      39  6/20
AVG. MAXIMUM       60.1              54.8     5.3    56.5
AVG. MINIMUM       48.7              44.5     4.2    44.9
MEAN               54.4              49.7     4.7    50.7
DAYS MAX >= 90      0                 0.0     0.0     0
DAYS MAX <= 32      0                 0.0     0.0     0
DAYS MAX >= 80      1                 0.1     0.9     0
DAYS MAX >= 70      5                 1.1     3.9     1
DAYS MIN <= 32      0                 0.0     0.0     0
DAYS MIN <= 0       0                 0.0     0.0     0

PRECIPITATION (INCHES)
RECORD
 MAXIMUM           16.88   1987
 MINIMUM            0.67   1997
TOTALS              3.08              5.91   -2.83    6.22
DAILY AVG.          0.10              0.19   -0.09    0.21
DAYS >= .01        17                16.0     1.0    12
DAYS >= .10         8                10.4    -2.4     9
DAYS >= .50         2                 3.5    -1.5     3
DAYS >= 1.0         0                 1.4    -1.4     1
GREATEST
 24 HR TOTAL        0.79   6/29                       2.98  6/06

SNOWFALL (INCHES)
RECORDS
 TOTAL              0.0   1955
 24 HR TOTAL        0.0   6-19-1965
 SNOW DEPTH         0     6-30-2015
TOTALS              0.0               0.0     0.0     0.0
SINCE 7/1          20.1              75.1   -55.0     0.0
SNOWDEPTH AVG.      0                 0       0       0
DAYS >= TRACE       0                 0.0     0.0     0
DAYS >= 1.0         0                 0.0     0.0     0
DAYS >= 6.0         0                 0.0     0.0     0
GREATEST
 SNOW DEPTH         0   MM                            0  MM
 24 HR TOTAL      0.0   MM                          0.0  MM

DEGREE_DAYS
HEATING TOTAL     311               461    -150     422
 SINCE 7/1       7430              8795   -1365    7899
COOLING TOTAL       1                 0       1       0
 SINCE 1/1          1                 0       1       4
................................................................

WIND (MPH)
AVERAGE WIND SPEED                7.5
HIGHEST WIND SPEED/DIRECTION     28/030    DATE   06/25
HIGHEST GUST SPEED/DIRECTION     36/030    DATE   06/25

SKY COVER
POSSIBLE SUNSHINE (PERCENT)   MM
AVERAGE SKY COVER             MM
NUMBER OF DAYS FAIR           MM
NUMBER OF DAYS PC             MM
NUMBER OF DAYS CLOUDY         MM

AVERAGE RH (PERCENT)     MM

WEATHER CONDITIONS. NUMBER OF DAYS WITH
THUNDERSTORM              0     ICE PELLETS                 0
RAIN                     19     GLAZE                       0
DRIZZLE                   0     HAIL                        0
SNOW                      0     HAZE                        1
FOG                      17     FOG W/VIS <= 1/4 MILE       0
BLOWING SNOW              0


-  INDICATES NEGATIVE NUMBERS.
R  INDICATES RECORD WAS SET OR TIED.
MM INDICATES DATA IS MISSING.
T  INDICATES TRACE AMOUNT.

&&


$$
LRM JUL 15
