000
CXAK58 PADQ 011359
CLMADQ


CLIMATE REPORT
NATIONAL WEATHER SERVICE ANCHORAGE, AK
555 AM AKDT WED NOV 1 2017

...................................

...THE KODIAK CLIMATE SUMMARY FOR THE MONTH OF OCTOBER 2017...

CLIMATE NORMAL PERIOD 1981 TO 2010
CLIMATE RECORD PERIOD 1913 TO 2017

WEATHER         OBSERVED          NORMAL  DEPART  LAST YEAR`S
                 VALUE   DATE(S)  VALUE   FROM    VALUE  DATE(S)
                                          NORMAL
................................................................
TEMPERATURE (F)
RECORD
 HIGH              74   10/04/1929
 LOW                7   10/31/1917
HIGHEST            57                MM      MM       59
LOWEST             20                MM      MM       22
AVG. MAXIMUM     49.4              46.4     3.0     50.7
AVG. MINIMUM     37.3              34.5     2.8     37.3
MEAN             43.3              40.5     2.8     44.0
DAYS MAX >= 90      0               0.0     0.0        0
DAYS MAX <= 32      0               0.4    -0.4        0
DAYS MIN <= 32      7              11.4    -4.4        7
DAYS MIN <= 0       0               0.0     0.0        0

PRECIPITATION (INCHES)
RECORD
 MAXIMUM           MM   MM
 MINIMUM           MM   MM
TOTALS           5.31              8.26   -2.95    11.58
DAILY AVG.       0.17              0.27   -0.10     0.37
DAYS >= .01        17              16.9     0.1       17
DAYS >= .10        11              10.8     0.2       13
DAYS >= .50         4               5.3    -1.3       10
DAYS >= 1.00        1               2.3    -1.3        3
GREATEST
 24 HR. TOTAL    1.62   10/01 TO 10/01           10/10 TO 10/11
                                                          10/11 TO 10/11
                                                          10/11 TO 10/11
 STORM TOTAL       MM                                 MM
 (MM/DD(HH))            MM                    10/11(00) TO 10/11(00)
                                                 10/11(00) TO 10/11(00)1
                                                 10/11(00) TO 10/11(00)1

SNOWFALL (INCHES)
RECORDS
 TOTAL             MM   MM
 24 HR TOTAL       MM
 SNOW DEPTH        MM   MM
TOTALS            0.2               1.1    -0.9      0.2
SINCE 7/1         0.2               1.1    -0.9      0.2
SNOWDEPTH AVG.      0                MM      MM        0
DAYS >= TRACE       3               1.1     1.9        2
DAYS >= 1.0         0               0.5    -0.5
GREATEST
 SNOW DEPTH         0   MM                             0  MM
 24 HR TOTAL      0.2   10/22 TO 10/22           10/11 TO 10/11
                                                          10/11 TO 10/11
                                                          10/11 TO 10/11
 STORM TOTAL       MM                                 MM
 (MM/DD(HH))            MM

DEGREE_DAYS
HEATING TOTAL     666               761     -95      643
 SINCE 7/1       1711              1862    -151     1375
COOLING TOTAL       0                 0       0        0
 SINCE 1/1          0                 1      -1       29

FREEZE DATES
RECORD
 EARLIEST     MM
 LATEST       MM
EARLIEST                        MM
LATEST                          MM
..................................................

WIND (MPH)
AVERAGE WIND SPEED              10.4
RESULTANT WIND SPEED/DIRECTION   5/269
HIGHEST WIND SPEED/DIRECTION    52/280    DATE  10/09
HIGHEST GUST SPEED/DIRECTION    68/280    DATE  10/09

SKY COVER
POSSIBLE SUNSHINE (PERCENT)   MM
AVERAGE SKY COVER           0.40
NUMBER OF DAYS FAIR           13
NUMBER OF DAYS PC             12
NUMBER OF DAYS CLOUDY          6

AVERAGE RH (PERCENT)     73

WEATHER CONDITIONS. NUMBER OF DAYS WITH
THUNDERSTORM              0     MIXED PRECIP               0
HEAVY RAIN                3     RAIN                       4
LIGHT RAIN               19     FREEZING RAIN              0
LT FREEZING RAIN          0     HAIL                       0
HEAVY SNOW                0     SNOW                       0
LIGHT SNOW                2     SLEET                      0
FOG                      16     FOG W/VIS <= 1/4 MILE      1
HAZE                      1

-  INDICATES NEGATIVE NUMBERS.
R  INDICATES RECORD WAS SET OR TIED.
MM INDICATES DATA IS MISSING.
T  INDICATES TRACE AMOUNT.

$$
