000
CXUS54 KLCH 011408
CLMAEX


CLIMATE REPORT
NATIONAL WEATHER SERVICE LAKE CHARLES, LA
904 AM CDT TUE AUG 1 2017

...................................

...THE ALEXANDRIA CLIMATE SUMMARY FOR THE MONTH OF JULY 2017...

CLIMATE NORMAL PERIOD 1981 TO 2010
CLIMATE RECORD PERIOD 1892 TO 2017

WEATHER         OBSERVED          NORMAL  DEPART  LAST YEAR`S
                 VALUE   DATE(S)  VALUE   FROM    VALUE  DATE(S)
                                          NORMAL
................................................................
TEMPERATURE (F)
RECORD
 HIGH             109   07/13/1901
 LOW               57   07/15/1967
HIGHEST            97   07/21        MM      MM       MM  MM
LOWEST             67   07/31        MM      MM       MM  MM
AVG. MAXIMUM     92.3              92.1     0.2       MM
AVG. MINIMUM     73.3              72.7     0.6       MM
MEAN             82.8              82.4     0.4       MM
DAYS MAX >= 90     27              22.6     4.4       MM
DAYS MAX <= 32      0               0.0     0.0       MM
DAYS MIN <= 32      0               0.0     0.0       MM
DAYS MIN <= 0       0               0.0     0.0       MM

PRECIPITATION (INCHES)
RECORD
 MAXIMUM        22.58   1933
 MINIMUM         0.42   1962
TOTALS           2.78              3.63   -0.85       MM
DAILY AVG.       0.09              0.12   -0.03       MM
DAYS >= .01        11                MM      MM       MM
DAYS >= .10         8                MM      MM       MM
DAYS >= .50         2                MM      MM       MM
DAYS >= 1.00        0                MM      MM       MM
GREATEST
 24 HR. TOTAL    0.63   07/12 TO 07/12

SNOWFALL (INCHES)
RECORDS
 TOTAL            0.0   5
                        0
                        -26215
TOTALS            0.0                MM      MM       MM
SINCE 7/1         0.0                MM      MM       MM
SNOWDEPTH AVG.      0                MM      MM       MM
DAYS >= 1.0         0                MM      MM       MM
GREATEST
 SNOW DEPTH         0   MM                            MM  MM
 24 HR TOTAL      0.0   07/31 TO 07/31

DEGREE_DAYS
HEATING TOTAL       0                 0       0       MM
 SINCE 7/1          0                 0       0       MM
COOLING TOTAL     555               539      16       MM
 SINCE 1/1       1544              1446      98       MM
.................................................................

WIND (MPH)
AVERAGE WIND SPEED              4.0
HIGHEST WIND SPEED/DIRECTION    29/180    DATE  07/11
HIGHEST GUST SPEED/DIRECTION    40/200    DATE  07/11

SKY COVER
POSSIBLE SUNSHINE (PERCENT)   MM
AVERAGE SKY COVER           0.20
NUMBER OF DAYS FAIR           22
NUMBER OF DAYS PC              8
NUMBER OF DAYS CLOUDY          0

AVERAGE RH (PERCENT)     77

WEATHER CONDITIONS. NUMBER OF DAYS WITH
THUNDERSTORM              0     MIXED PRECIP               0
HEAVY RAIN                8     RAIN                       6
LIGHT RAIN               12     FREEZING RAIN              0
LT FREEZING RAIN          0     HAIL                       0
HEAVY SNOW                0     SNOW                       0
LIGHT SNOW                0     SLEET                      0
FOG                      28     FOG W/VIS <= 1/4 MILE      5
HAZE                      7

-  INDICATES NEGATIVE NUMBERS.
R  INDICATES RECORD WAS SET OR TIED.
MM INDICATES DATA IS MISSING.
T  INDICATES TRACE AMOUNT.

$$
