935
CXUS52 KCAE 011643
CLMAGS


CLIMATE REPORT
NATIONAL WEATHER SERVICE COLUMBIA SC
1141 AM EST THU DEC 1 2016

...................................

...THE AUGUSTA BUSH FIELD GA CLIMATE SUMMARY FOR THE MONTH OF NOVEMBER 2016...

CLIMATE NORMAL PERIOD 1981 TO 2010
CLIMATE RECORD PERIOD 1873 TO 2016

WEATHER         OBSERVED          NORMAL  DEPART
                 VALUE   DATE(S)  VALUE   FROM
                                          NORMAL
................................................
TEMPERATURE (F)
RECORD
 HIGH              90   11/02/1961
 LOW               11   11/25/1950
HIGHEST            87   11/03        MM      MM
LOWEST             28   11/22        MM      MM
                        11/21
AVG. MAXIMUM     73.4              69.1     4.3
AVG. MINIMUM     41.2              41.4    -0.2
MEAN             57.3              55.2     2.1
DAYS MAX >= 90      0               0.0     0.0
DAYS MAX <= 32      0               0.0     0.0
DAYS MIN <= 32      6               6.0     0.0
DAYS MIN <= 0       0               0.0     0.0

PRECIPITATION (INCHES)
RECORD
 MAXIMUM         7.77   1947
 MINIMUM         0.09   1960
TOTALS           0.62              2.82   -2.20
DAILY AVG.       0.02              0.09   -0.07
DAYS >= .01         3               6.9    -3.9
DAYS >= .10         1               4.1    -3.1
DAYS >= .50         1               1.8    -0.8
DAYS >= 1.00        0               0.8    -0.8
GREATEST
 24 HR. TOTAL    0.53   11/30 TO 11/30
 STORM TOTAL       MM
 (MM/DD(HH))            MM

SNOWFALL (INCHES)
RECORDS
 TOTAL             MM   MM
TOTALS            0.0               0.0     0.0
SINCE 7/1         0.0               0.0     0.0
DAYS >= TRACE       0               0.0     0.0
DAYS >= 1.0         0               0.0     0.0
GREATEST
 SNOW DEPTH         0   MM

DEGREE_DAYS
HEATING TOTAL     243               308     -65
 SINCE 7/1        271               422    -151
COOLING TOTAL      20                16       4
 SINCE 1/1       2509              2086     423

FREEZE DATES
RECORD
 EARLIEST     MM
 LATEST       MM
EARLIEST      11/11             MM
LATEST                          MM
.................................................

WIND (MPH)
AVERAGE WIND SPEED              3.7
RESULTANT WIND SPEED/DIRECTION   0/004
HIGHEST WIND SPEED/DIRECTION    29/300    DATE  11/19
HIGHEST GUST SPEED/DIRECTION    36/320    DATE  11/19

SKY COVER
POSSIBLE SUNSHINE (PERCENT)   MM
AVERAGE SKY COVER           0.20
NUMBER OF DAYS FAIR           20
NUMBER OF DAYS PC              6
NUMBER OF DAYS CLOUDY          4

AVERAGE RH (PERCENT)     63

WEATHER CONDITIONS. NUMBER OF DAYS WITH
THUNDERSTORM              1     MIXED PRECIP               0
HEAVY RAIN                1     RAIN                       1
LIGHT RAIN                5     FREEZING RAIN              0
LT FREEZING RAIN          0     HAIL                       0
HEAVY SNOW                0     SNOW                       0
LIGHT SNOW                0     SLEET                      0
FOG                      18     FOG W/VIS <= 1/4 MILE     10
HAZE                     14

-  INDICATES NEGATIVE NUMBERS.
R  INDICATES RECORD WAS SET OR TIED.
MM INDICATES DATA IS MISSING.
T  INDICATES TRACE AMOUNT.

$$
