000
CXUS52 KCAE 011807
CLMAGS


CLIMATE REPORT
NATIONAL WEATHER SERVICE COLUMBIA SC
202 PM EDT THU JUN 1 2017

...................................

...THE AUGUSTA BUSH FIELD GA CLIMATE SUMMARY FOR THE MONTH OF MAY 2017...

CLIMATE NORMAL PERIOD 1981 TO 2010
CLIMATE RECORD PERIOD 1873 TO 2017

WEATHER         OBSERVED          NORMAL  DEPART
                 VALUE   DATE(S)  VALUE   FROM
                                          NORMAL
................................................
TEMPERATURE (F)
RECORD
 HIGH             100   05/26/1926
 LOW               35   05/04/1971
                        05/02/1963
HIGHEST            96   05/29        MM      MM
                        05/10
LOWEST             45   05/08        MM      MM
AVG. MAXIMUM     87.1              85.0     2.1
AVG. MINIMUM     61.1              57.3     3.8
MEAN             74.1              71.1     3.0
DAYS MAX >= 90     15               7.1     7.9
DAYS MAX <= 32      0               0.0     0.0
DAYS MIN <= 32      0               0.0     0.0
DAYS MIN <= 0       0               0.0     0.0

PRECIPITATION (INCHES)
RECORD
 MAXIMUM         9.61   1979
 MINIMUM         0.06   1914
TOTALS           3.34              2.65    0.69
DAILY AVG.       0.11              0.09    0.02
DAYS >= .01         7               8.1    -1.1
DAYS >= .10         5               4.7     0.3
DAYS >= .50         4               1.6     2.4
DAYS >= 1.00        1               0.6     0.4
GREATEST
 24 HR. TOTAL    1.13   05/24 TO 05/24
 STORM TOTAL       MM
 (MM/DD(HH))            MM

SNOWFALL (INCHES)
RECORDS
 TOTAL             MM   MM
TOTALS            0.0               0.0     0.0
SINCE 7/1           T               0.9    -0.9
DAYS >= TRACE       0               0.0     0.0
DAYS >= 1.0         0               0.0     0.0
GREATEST
 SNOW DEPTH         0   MM

DEGREE_DAYS
HEATING TOTAL       3                19     -16
 SINCE 7/1       1407              2471   -1064
COOLING TOTAL     291               210      81
 SINCE 1/1        541               283     258

FREEZE DATES
RECORD
 EARLIEST     MM
 LATEST       MM
EARLIEST                        MM
LATEST                          MM
.................................................

WIND (MPH)
AVERAGE WIND SPEED              6.2
RESULTANT WIND SPEED/DIRECTION   3/236
HIGHEST WIND SPEED/DIRECTION    29/250    DATE  05/24
HIGHEST GUST SPEED/DIRECTION    40/240    DATE  05/24

SKY COVER
POSSIBLE SUNSHINE (PERCENT)   MM
AVERAGE SKY COVER           0.30
NUMBER OF DAYS FAIR           20
NUMBER OF DAYS PC              9
NUMBER OF DAYS CLOUDY          2

AVERAGE RH (PERCENT)     66

WEATHER CONDITIONS. NUMBER OF DAYS WITH
THUNDERSTORM              6     MIXED PRECIP               0
HEAVY RAIN                4     RAIN                       7
LIGHT RAIN               12     FREEZING RAIN              0
LT FREEZING RAIN          0     HAIL                       0
HEAVY SNOW                0     SNOW                       0
LIGHT SNOW                0     SLEET                      0
FOG                      14     FOG W/VIS <= 1/4 MILE      3
HAZE                      6

-  INDICATES NEGATIVE NUMBERS.
R  INDICATES RECORD WAS SET OR TIED.
MM INDICATES DATA IS MISSING.
T  INDICATES TRACE AMOUNT.

$$
