191
CXUS52 KCAE 011949
CLMAGS


CLIMATE REPORT
NATIONAL WEATHER SERVICE COLUMBIA SC
240 PM EST MON FEB 1 2016

...................................

...THE AUGUSTA BUSH FIELD GA CLIMATE SUMMARY FOR THE MONTH OF JANUARY 2016...

CLIMATE NORMAL PERIOD 1981 TO 2010
CLIMATE RECORD PERIOD 1873 TO 2016

WEATHER         OBSERVED          NORMAL  DEPART
                 VALUE   DATE(S)  VALUE   FROM
                                          NORMAL
................................................
TEMPERATURE (F)
RECORD
 HIGH              84   01/14/1932
 LOW                    01/21/1985
HIGHEST            68   01/31        MM      MM
LOWEST             20   01/19        MM      MM
AVG. MAXIMUM     55.3              57.9    -2.6
AVG. MINIMUM     33.1              32.8     0.3
MEAN             44.2              45.4    -1.2
DAYS MAX >= 90      0               0.0     0.0
DAYS MAX <= 32      0               0.2    -0.2
DAYS MIN <= 32     17              15.4     1.6
DAYS MIN <= 0       0               0.0     0.0

PRECIPITATION (INCHES)
RECORD
 MAXIMUM        12.60   1925
 MINIMUM         0.60   2013
TOTALS           1.66              3.91   -2.25
DAILY AVG.       0.05              0.13   -0.08
DAYS >= .01         9               9.8    -0.8
DAYS >= .10         4               6.6    -2.6
DAYS >= .50         1               2.7    -1.7
DAYS >= 1.00        0               1.1    -1.1
GREATEST
 24 HR. TOTAL    0.68   01/15 TO 01/15
                        01/14 TO 01/15
                        01/15 TO 01/15
 STORM TOTAL       MM
 (MM/DD(HH))            MM

SNOWFALL (INCHES)
RECORDS
 TOTAL            4.0   2002
TOTALS            0.5               0.4     0.1
SINCE 7/1         0.5               0.5     0.0
DAYS >= TRACE       1               0.2     0.8
DAYS >= 1.0         0               0.1    -0.1
GREATEST
 SNOW DEPTH         T   01/23

DEGREE_DAYS
HEATING TOTAL     637               610      27
 SINCE 7/1       1141              1585    -444
COOLING TOTAL       0                 1      -1
 SINCE 1/1          0                 0       0

FREEZE DATES
RECORD
 EARLIEST     MM
 LATEST       MM
EARLIEST                        MM
LATEST                          MM
.................................................

WIND (MPH)
AVERAGE WIND SPEED              5.9
RESULTANT WIND SPEED/DIRECTION   3/320
HIGHEST WIND SPEED/DIRECTION    29/270    DATE  01/15
HIGHEST GUST SPEED/DIRECTION    39/250    DATE  01/15

SKY COVER
POSSIBLE SUNSHINE (PERCENT)   MM
AVERAGE SKY COVER           0.30
NUMBER OF DAYS FAIR           17
NUMBER OF DAYS PC              8
NUMBER OF DAYS CLOUDY          6

AVERAGE RH (PERCENT)     69

WEATHER CONDITIONS. NUMBER OF DAYS WITH
THUNDERSTORM              0     MIXED PRECIP               0
HEAVY RAIN                1     RAIN                       5
LIGHT RAIN               11     FREEZING RAIN              0
LT FREEZING RAIN          0     HAIL                       0
HEAVY SNOW                0     SNOW                       0
LIGHT SNOW                1     SLEET                      0
FOG                      18     FOG W/VIS <= 1/4 MILE      1
HAZE                      6

-  INDICATES NEGATIVE NUMBERS.
R  INDICATES RECORD WAS SET OR TIED.
MM INDICATES DATA IS MISSING.
T  INDICATES TRACE AMOUNT.

$$
