000
CXUS52 KCAE 011457
CLMAGS


CLIMATE REPORT
NATIONAL WEATHER SERVICE COLUMBIA SC
1055 AM EDT MON JUN 1 2015

...................................

...THE AUGUSTA BUSH FIELD GA CLIMATE SUMMARY FOR THE MONTH OF MAY 2015...

CLIMATE NORMAL PERIOD 1981 TO 2010
CLIMATE RECORD PERIOD 1873 TO 2015

WEATHER         OBSERVED          NORMAL  DEPART
                 VALUE   DATE(S)  VALUE   FROM
                                          NORMAL
................................................
TEMPERATURE (F)
RECORD
 HIGH             100   05/26/1926
 LOW               35   05/04/1971
                        05/02/1963
HIGHEST            94   05/20        MM      MM
                        05/11
LOWEST             42   05/02        MM      MM
AVG. MAXIMUM     86.7              85.0     1.7
AVG. MINIMUM     58.1              57.3     0.8
MEAN             72.4              71.1     1.3
DAYS MAX >= 90      9               7.1     1.9
DAYS MAX <= 32      0               0.0     0.0
DAYS MIN <= 32      0               0.0     0.0
DAYS MIN <= 0       0               0.0     0.0

PRECIPITATION (INCHES)
RECORD
 MAXIMUM         9.61   1979
 MINIMUM         0.06   1914
TOTALS           0.93              2.65   -1.72
DAILY AVG.       0.03              0.09   -0.06
DAYS >= .01         5               8.1    -3.1
DAYS >= .10         3               4.7    -1.7
DAYS >= .50         0               1.6    -1.6
DAYS >= 1.00        0               0.6    -0.6
GREATEST
 24 HR. TOTAL    0.44   05/26 TO 05/26
                        05/26 TO 05/27
 STORM TOTAL       MM
 (MM/DD(HH))            MM

SNOWFALL (INCHES)
RECORDS
 TOTAL             MM   MM
TOTALS            0.0               0.0     0.0
SINCE 7/1           T               0.9    -0.9
DAYS >= TRACE       0               0.0     0.0
DAYS >= 1.0         0               0.0     0.0
GREATEST
 SNOW DEPTH         0   MM

DEGREE_DAYS
HEATING TOTAL      10                19      -9
 SINCE 7/1       2563              2471      92
COOLING TOTAL     247               210      37
 SINCE 1/1        361               283      78

FREEZE DATES
RECORD
 EARLIEST     MM
 LATEST       MM
EARLIEST                        MM
LATEST                          MM
.................................................

WIND (MPH)
AVERAGE WIND SPEED              4.7
RESULTANT WIND SPEED/DIRECTION   1/091
HIGHEST WIND SPEED/DIRECTION    26/290    DATE  05/26
HIGHEST GUST SPEED/DIRECTION    38/280    DATE  05/12

SKY COVER
POSSIBLE SUNSHINE (PERCENT)   MM
AVERAGE SKY COVER           0.20
NUMBER OF DAYS FAIR           26
NUMBER OF DAYS PC              5
NUMBER OF DAYS CLOUDY          0

AVERAGE RH (PERCENT)     68

WEATHER CONDITIONS. NUMBER OF DAYS WITH
THUNDERSTORM              4     MIXED PRECIP               0
HEAVY RAIN                1     RAIN                       4
LIGHT RAIN                6     FREEZING RAIN              0
LT FREEZING RAIN          0     HAIL                       0
HEAVY SNOW                0     SNOW                       0
LIGHT SNOW                0     SLEET                      0
FOG                      25     FOG W/VIS <= 1/4 MILE      7
HAZE                      3

-  INDICATES NEGATIVE NUMBERS.
R  INDICATES RECORD WAS SET OR TIED.
MM INDICATES DATA IS MISSING.
T  INDICATES TRACE AMOUNT.

$$
