000
CXUS52 KCAE 011855
CLMAGS


CLIMATE REPORT
NATIONAL WEATHER SERVICE COLUMBIA SC
230 PM EDT FRI JUL 1 2016

...................................

...THE AUGUSTA BUSH FIELD GA CLIMATE SUMMARY FOR THE MONTH OF JUNE 2016...

CLIMATE NORMAL PERIOD 1981 TO 2010
CLIMATE RECORD PERIOD 1873 TO 2016

WEATHER         OBSERVED          NORMAL  DEPART
                 VALUE   DATE(S)  VALUE   FROM
                                          NORMAL
................................................
TEMPERATURE (F)
RECORD
 HIGH             106   06/30/2012
                        06/29/2012
                        06/29/2012
 LOW               46   06/01/1889
HIGHEST           101   06/24        MM      MM
LOWEST             57   06/20        MM      MM
AVG. MAXIMUM     92.2              91.0     1.2
AVG. MINIMUM     68.8              66.2     2.6
MEAN             80.5              78.6     1.9
DAYS MAX >= 90     22              17.9     4.1
DAYS MAX <= 32      0               0.0     0.0
DAYS MIN <= 32      0               0.0     0.0
DAYS MIN <= 0       0               0.0     0.0

PRECIPITATION (INCHES)
RECORD
 MAXIMUM        10.83   2013
 MINIMUM         0.68   1984
TOTALS           2.87              4.72   -1.85
DAILY AVG.       0.10              0.16   -0.06
DAYS >= .01         8              11.0    -3.0
DAYS >= .10         7               7.1    -0.1
DAYS >= .50         2               3.3    -1.3
DAYS >= 1.00        1               1.5    -0.5
GREATEST
 24 HR. TOTAL    1.12   06/01 TO 06/01
 STORM TOTAL       MM
 (MM/DD(HH))            MM

SNOWFALL (INCHES)
RECORDS
 TOTAL             MM   MM
TOTALS            0.0               0.0     0.0
SINCE 7/1         0.5               0.9    -0.4
DAYS >= TRACE       0               0.0     0.0
DAYS >= 1.0         0               0.0     0.0
GREATEST
 SNOW DEPTH         0   MM

DEGREE_DAYS
HEATING TOTAL       0                 0       0
 SINCE 7/1       1856              2471    -615
COOLING TOTAL     471               408      63
 SINCE 1/1        786               691      95

FREEZE DATES
RECORD
 EARLIEST     MM
 LATEST       MM
EARLIEST      11/15             MM
LATEST        03/22             MM
.................................................

WIND (MPH)
AVERAGE WIND SPEED              5.3
RESULTANT WIND SPEED/DIRECTION   2/203
HIGHEST WIND SPEED/DIRECTION    29/260    DATE  06/17
HIGHEST GUST SPEED/DIRECTION    39/260    DATE  06/17

SKY COVER
POSSIBLE SUNSHINE (PERCENT)   MM
AVERAGE SKY COVER           0.20
NUMBER OF DAYS FAIR           24
NUMBER OF DAYS PC              4
NUMBER OF DAYS CLOUDY          2

AVERAGE RH (PERCENT)     70

WEATHER CONDITIONS. NUMBER OF DAYS WITH
THUNDERSTORM             10     MIXED PRECIP               0
HEAVY RAIN                3     RAIN                       7
LIGHT RAIN               13     FREEZING RAIN              0
LT FREEZING RAIN          0     HAIL                       0
HEAVY SNOW                0     SNOW                       0
LIGHT SNOW                0     SLEET                      0
FOG                      19     FOG W/VIS <= 1/4 MILE      3
HAZE                      4

-  INDICATES NEGATIVE NUMBERS.
R  INDICATES RECORD WAS SET OR TIED.
MM INDICATES DATA IS MISSING.
T  INDICATES TRACE AMOUNT.

$$
