000
CXUS42 KFFC 031517
CLMAHN


CLIMATE REPORT
NATIONAL WEATHER SERVICE PEACHTREE CITY GA
1116 AM EDT MON AUG 3 2015

...................................

...THE ATHENS CLIMATE SUMMARY FOR THE MONTH OF JULY 2015...

CLIMATE NORMAL PERIOD 1981 TO 2010
CLIMATE RECORD PERIOD 1898 TO 2015

WEATHER         OBSERVED          NORMAL  DEPART  LAST YEAR`S
                 VALUE   DATE(S)  VALUE   FROM    VALUE  DATE(S)
                                          NORMAL
................................................................
TEMPERATURE (F)
RECORD
 HIGH             108   07/01/2012
                        07/12/1930
                        07/21/1926
 LOW               55   07/15/1967
                        07/02/1885
HIGHEST            98   07/28        MM      MM       98  07/14
LOWEST             66   07/01        MM      MM       60  07/30
AVG. MAXIMUM     92.9              91.4     1.5     89.9
AVG. MINIMUM     71.1              69.8     1.3     68.6
MEAN             82.0              80.6     1.4     79.3
DAYS MAX >= 90     25              19.4     5.6       18
DAYS MAX <= 32      0               0.0     0.0        0
DAYS MIN <= 32      0               0.0     0.0        0
DAYS MIN <= 0       0               0.0     0.0        0

PRECIPITATION (INCHES)
RECORD
 MAXIMUM        11.79   1919
 MINIMUM         0.99   1947
TOTALS           5.08              4.47    0.61     4.22
DAILY AVG.       0.16              0.14    0.02     0.14
GREATEST
 24 HR. TOTAL    2.96   07/02 TO 07/03           07/18 TO 07/19
                                                          07/31 TO 07/31
                                                          07/31 TO 07/31

DEGREE_DAYS
COOLING TOTAL     536               484      52      449
 SINCE 1/1       1331              1102     229     1137
..................................................

WIND (MPH)
AVERAGE WIND SPEED              3.5
HIGHEST WIND SPEED/DIRECTION    25/330    DATE  07/02
HIGHEST GUST SPEED/DIRECTION    40/320    DATE  07/02

SKY COVER
POSSIBLE SUNSHINE (PERCENT)   MM
AVERAGE SKY COVER           0.20
NUMBER OF DAYS FAIR           27
NUMBER OF DAYS PC              4
NUMBER OF DAYS CLOUDY          0

AVERAGE RH (PERCENT)     69

WEATHER CONDITIONS. NUMBER OF DAYS WITH
THUNDERSTORM              0     MIXED PRECIP               0
HEAVY RAIN                5     RAIN                       7
LIGHT RAIN               10     FREEZING RAIN              0
LT FREEZING RAIN          0     HAIL                       0
HEAVY SNOW                0     SNOW                       0
LIGHT SNOW                0     SLEET                      0
FOG                      18     FOG W/VIS <= 1/4 MILE      0
HAZE                     14

-  INDICATES NEGATIVE NUMBERS.
R  INDICATES RECORD WAS SET OR TIED.
MM INDICATES DATA IS MISSING.
T  INDICATES TRACE AMOUNT.

$$
