000
CXUS42 KFFC 050321
CLMAHN


CLIMATE REPORT
NATIONAL WEATHER SERVICE PEACHTREE CITY GA
1121 PM EDT SAT JUL 4 2015

...................................

...THE ATHENS CLIMATE SUMMARY FOR THE MONTH OF JUNE 2015...

CLIMATE NORMAL PERIOD 1981 TO 2010
CLIMATE RECORD PERIOD 1898 TO 2015

WEATHER         OBSERVED          NORMAL  DEPART  LAST YEAR`S
                 VALUE   DATE(S)  VALUE   FROM    VALUE  DATE(S)
                                          NORMAL
................................................................
TEMPERATURE (F)
RECORD
 HIGH             109   06/29/2012
 LOW               44   06/01/1889
HIGHEST           100   06/22       103      -3       96  06/20
                                                          06/19
LOWEST             60   06/29        45      15       58  06/02
AVG. MAXIMUM     92.2              88.7     3.5     90.1
AVG. MINIMUM     68.6              66.4     2.2     67.3
MEAN             80.4              77.5     2.9     78.7
DAYS MAX >= 90     20              13.3     6.7       19
DAYS MAX <= 32      0               0.0     0.0        0
DAYS MIN <= 32      0               0.0     0.0        0
DAYS MIN <= 0       0               0.0     0.0        0

PRECIPITATION (INCHES)
RECORD
 MAXIMUM        13.25   1994
 MINIMUM         0.69   1920
TOTALS           2.76              4.18   -1.42     3.74
DAILY AVG.       0.09              0.14   -0.05     0.12
GREATEST
 24 HR. TOTAL    0.81   06/09 TO 06/09           06/11 TO 06/11
                        06/08 TO 06/09                    06/30 TO 06/30
                        06/09 TO 06/09                    06/30 TO 06/30

DEGREE_DAYS
COOLING TOTAL     470               378      92      418
 SINCE 1/1        795               618     177      688
.................................................

WIND (MPH)
AVERAGE WIND SPEED              3.5
HIGHEST WIND SPEED/DIRECTION    31/340    DATE  06/09
HIGHEST GUST SPEED/DIRECTION    47/340    DATE  06/09

SKY COVER
POSSIBLE SUNSHINE (PERCENT)    0
AVERAGE SKY COVER           0.20
NUMBER OF DAYS FAIR           22
NUMBER OF DAYS PC              8
NUMBER OF DAYS CLOUDY          0

AVERAGE RH (PERCENT)     67

WEATHER CONDITIONS. NUMBER OF DAYS WITH
THUNDERSTORM              0     MIXED PRECIP               0
HEAVY RAIN                5     RAIN                       5
LIGHT RAIN               10     FREEZING RAIN              0
LT FREEZING RAIN          0     HAIL                       0
HEAVY SNOW                0     SNOW                       0
LIGHT SNOW                0     SLEET                      0
FOG                      15     FOG W/VIS <= 1/4 MILE      0
HAZE                      8

-  INDICATES NEGATIVE NUMBERS.
R  INDICATES RECORD WAS SET OR TIED.
MM INDICATES DATA IS MISSING.
T  INDICATES TRACE AMOUNT.

$$
