000
CXUS42 KFFC 011803
CLMAHN


CLIMATE REPORT
NATIONAL WEATHER SERVICE PEACHTREE CITY GA
202 PM EDT THU JUN 1 2017

...................................

...THE ATHENS CLIMATE SUMMARY FOR THE MONTH OF MAY 2017...

CLIMATE NORMAL PERIOD 1981 TO 2010
CLIMATE RECORD PERIOD 1898 TO 2017

WEATHER         OBSERVED          NORMAL  DEPART  LAST YEAR`S
                 VALUE   DATE(S)  VALUE   FROM    VALUE  DATE(S)
                                          NORMAL
................................................................
TEMPERATURE (F)
RECORD
 HIGH             100   05/25/1926
                        05/31/1918
 LOW               35   05/05/1900
HIGHEST            92   05/19        94      -2       94  05/31
LOWEST             45   05/06        37       8       44  05/06
AVG. MAXIMUM     82.1              81.8     0.3     82.0
AVG. MINIMUM     58.7              58.2     0.5     58.6
MEAN             70.4              70.0     0.4     70.3
DAYS MAX >= 90      5               2.8     2.2        3
DAYS MAX <= 32      0               0.0     0.0        0
DAYS MIN <= 32      0               0.0     0.0        0
DAYS MIN <= 0       0               0.0     0.0        0

PRECIPITATION (INCHES)
RECORD
 MAXIMUM        11.32   1923
 MINIMUM         0.11   1914
TOTALS           6.24              3.00    3.24     2.49
DAILY AVG.       0.20              0.10    0.10     0.08
GREATEST
 24 HR. TOTAL    2.42   05/21 TO 05/21           05/19 TO 05/19
                                                          05/18 TO 05/19
                                                          05/19 TO 05/19

DEGREE_DAYS
COOLING TOTAL     200               182      18      194
 SINCE 1/1        365               240     125      301
..........................................................

WIND (MPH)
AVERAGE WIND SPEED              3.9
HIGHEST WIND SPEED/DIRECTION    23/310    DATE  05/04
HIGHEST GUST SPEED/DIRECTION    35/270    DATE  05/01

SKY COVER
POSSIBLE SUNSHINE (PERCENT)   MM
AVERAGE SKY COVER           0.30
NUMBER OF DAYS FAIR           20
NUMBER OF DAYS PC             10
NUMBER OF DAYS CLOUDY          1

AVERAGE RH (PERCENT)     72

WEATHER CONDITIONS. NUMBER OF DAYS WITH
THUNDERSTORM              0     MIXED PRECIP               0
HEAVY RAIN                7     RAIN                       8
LIGHT RAIN               15     FREEZING RAIN              0
LT FREEZING RAIN          0     HAIL                       0
HEAVY SNOW                0     SNOW                       0
LIGHT SNOW                0     SLEET                      0
FOG                      13     FOG W/VIS <= 1/4 MILE      1
HAZE                      1

-  INDICATES NEGATIVE NUMBERS.
R  INDICATES RECORD WAS SET OR TIED.
MM INDICATES DATA IS MISSING.
T  INDICATES TRACE AMOUNT.

$$
