000
CXUS42 KFFC 011529
CLMAHN


CLIMATE REPORT
NATIONAL WEATHER SERVICE PEACHTREE CITY GA
1128 AM EDT FRI SEP 1 2017

...................................

...THE ATHENS CLIMATE SUMMARY FOR THE MONTH OF AUGUST 2017...

CLIMATE NORMAL PERIOD 1981 TO 2010
CLIMATE RECORD PERIOD 1898 TO 2017

WEATHER         OBSERVED          NORMAL  DEPART  LAST YEAR`S
                 VALUE   DATE(S)  VALUE   FROM    VALUE  DATE(S)
                                          NORMAL
................................................................
TEMPERATURE (F)
RECORD
 HIGH             107   08/21/1983
                        08/20/1925
 LOW               44   08/02/1936
HIGHEST            94   08/20        MM      MM       98  08/06
                        08/16
LOWEST             60   08/01        MM      MM       68  08/30
AVG. MAXIMUM     88.0              89.9    -1.9     92.0
AVG. MINIMUM     69.2              69.3    -0.1     72.0
MEAN             78.6              79.6    -1.0     82.0
DAYS MAX >= 90     16              15.8     0.2       27
DAYS MAX <= 32      0               0.0     0.0        0
DAYS MIN <= 32      0               0.0     0.0        0
DAYS MIN <= 0       0               0.0     0.0        0

PRECIPITATION (INCHES)
RECORD
 MAXIMUM        17.87   1901
 MINIMUM         0.09   1951
TOTALS           5.47              3.53    1.94    10.10
DAILY AVG.       0.18              0.11    0.07     0.33
GREATEST
 24 HR. TOTAL    1.71   08/11 TO 08/11           08/04 TO 08/04
                                                          08/31 TO 08/31
                                                          08/31 TO 08/31

DEGREE_DAYS
COOLING TOTAL     429               453     -24      537
 SINCE 1/1       1639              1555      84     1914
..................................................

WIND (MPH)
AVERAGE WIND SPEED              3.1
HIGHEST WIND SPEED/DIRECTION    18/070    DATE  08/28
HIGHEST GUST SPEED/DIRECTION    27/050    DATE  08/28

SKY COVER
POSSIBLE SUNSHINE (PERCENT)   MM
AVERAGE SKY COVER           0.30
NUMBER OF DAYS FAIR           20
NUMBER OF DAYS PC              7
NUMBER OF DAYS CLOUDY          4

AVERAGE RH (PERCENT)     78

WEATHER CONDITIONS. NUMBER OF DAYS WITH
THUNDERSTORM              0     MIXED PRECIP               0
HEAVY RAIN                7     RAIN                       7
LIGHT RAIN               10     FREEZING RAIN              0
LT FREEZING RAIN          0     HAIL                       0
HEAVY SNOW                0     SNOW                       0
LIGHT SNOW                0     SLEET                      0
FOG                      14     FOG W/VIS <= 1/4 MILE      2
HAZE                      0

-  INDICATES NEGATIVE NUMBERS.
R  INDICATES RECORD WAS SET OR TIED.
MM INDICATES DATA IS MISSING.
T  INDICATES TRACE AMOUNT.

$$
