000
CXUS42 KFFC 030829
CLMAHN


CLIMATE REPORT
NATIONAL WEATHER SERVICE PEACHTREE CITY GA
429 AM EDT SUN JUL 3 2016

...................................

...THE ATHENS CLIMATE SUMMARY FOR THE MONTH OF JUNE 2016...

CLIMATE NORMAL PERIOD 1981 TO 2010
CLIMATE RECORD PERIOD 1898 TO 2016

WEATHER         OBSERVED          NORMAL  DEPART  LAST YEAR`S
                 VALUE   DATE(S)  VALUE   FROM    VALUE  DATE(S)
                                          NORMAL
................................................................
TEMPERATURE (F)
RECORD
 HIGH             109   06/29/2012
 LOW               44   06/01/1889
HIGHEST           101   06/25       103      -2      100  06/22
LOWEST             58   06/08        45      13       60  06/29
AVG. MAXIMUM     93.0              88.7     4.3     92.2
AVG. MINIMUM     68.5              66.4     2.1     68.6
MEAN             80.7              77.5     3.2     80.4
DAYS MAX >= 90     23              13.3     9.7       20
DAYS MAX <= 32      0               0.0     0.0        0
DAYS MIN <= 32      0               0.0     0.0        0
DAYS MIN <= 0       0               0.0     0.0        0

PRECIPITATION (INCHES)
RECORD
 MAXIMUM        13.25   1994
 MINIMUM         0.69   1920
TOTALS           4.09              4.18   -0.09     2.76
DAILY AVG.       0.14              0.14    0.00     0.09
GREATEST
 24 HR. TOTAL    2.05   06/27 TO 06/28           06/09 TO 06/09
                                                          06/08 TO 06/09
                                                          06/09 TO 06/09

DEGREE_DAYS
COOLING TOTAL     480               378     102      470
 SINCE 1/1        781               618     163      795
..........................................................

WIND (MPH)
AVERAGE WIND SPEED              3.8
HIGHEST WIND SPEED/DIRECTION    24/310    DATE  06/12
HIGHEST GUST SPEED/DIRECTION    36/310    DATE  06/12

SKY COVER
POSSIBLE SUNSHINE (PERCENT)   MM
AVERAGE SKY COVER           0.20
NUMBER OF DAYS FAIR           24
NUMBER OF DAYS PC              4
NUMBER OF DAYS CLOUDY          2

AVERAGE RH (PERCENT)     67

WEATHER CONDITIONS. NUMBER OF DAYS WITH
THUNDERSTORM              0     MIXED PRECIP               0
HEAVY RAIN                5     RAIN                       6
LIGHT RAIN               10     FREEZING RAIN              0
LT FREEZING RAIN          0     HAIL                       0
HEAVY SNOW                0     SNOW                       0
LIGHT SNOW                0     SLEET                      0
FOG                      10     FOG W/VIS <= 1/4 MILE      1
HAZE                      2

-  INDICATES NEGATIVE NUMBERS.
R  INDICATES RECORD WAS SET OR TIED.
MM INDICATES DATA IS MISSING.
T  INDICATES TRACE AMOUNT.

$$
