000
CXUS55 KCYS 031854
CLMAIA


CLIMATE REPORT
NATIONAL WEATHER SERVICE CHEYENNE WY
1254 PM MDT THU JUL 3 2014

...................................

...THE ALLIANCE NE AIRPORT CLIMATE SUMMARY FOR THE MONTH OF JUNE 2014...

CLIMATE NORMAL PERIOD 1981 TO 2010
CLIMATE RECORD PERIOD 1896 TO 2014

WEATHER         OBSERVED          NORMAL  DEPART  LAST YEAR`S
                 VALUE   DATE(S)  VALUE   FROM    VALUE
                                          NORMAL
.............................................................
TEMPERATURE (F)
RECORD
 HIGH             108   06/26/2012
 LOW               27   06/02/1969
HIGHEST            87   06/17        MM      MM       98
LOWEST             35   06/15        MM      MM       34
AVG. MAXIMUM     76.8              80.0    -3.2     83.4
AVG. MINIMUM     48.4              49.7    -1.3     50.2
MEAN             62.6              64.8    -2.2     66.8
DAYS MAX >= 90      0               4.9                8
DAYS MAX <= 32      0               0.0                0
DAYS MIN <= 32      0               0.1                0
DAYS MIN <= 0       0               0.0                0

PRECIPITATION (INCHES)
RECORD
 MAXIMUM         7.68   2009
 MINIMUM         0.27   1933
TOTALS           4.68              2.88    1.80     1.40
DAYS >= .01        10                MM      MM        8
DAYS >= .10         6                MM      MM        6
DAYS >= .50         4                MM      MM        1
DAYS >= 1.00        2                MM      MM        0
GREATEST
 24 HR. TOTAL    1.48   06/04 TO 06/04

DEGREE_DAYS
HEATING TOTAL      99                93       6       62
 SINCE 7/1       7518              7308     210     7190
COOLING TOTAL      36                88     -52      124
 SINCE 1/1         50                98     -48      146
..............................................................

WIND (MPH)
AVERAGE WIND SPEED              10.3
HIGHEST WIND SPEED/DIRECTION    56/300    DATE  06/01
HIGHEST GUST SPEED/DIRECTION    73/250    DATE  06/01

SKY COVER
POSSIBLE SUNSHINE (PERCENT)   MM
AVERAGE SKY COVER           0.30
NUMBER OF DAYS FAIR           22
NUMBER OF DAYS PC              6
NUMBER OF DAYS CLOUDY          2

AVERAGE RH (PERCENT)     69

WEATHER CONDITIONS. NUMBER OF DAYS WITH
THUNDERSTORM              0     MIXED PRECIP               0
HEAVY RAIN                2     RAIN                       6
LIGHT RAIN               12     FREEZING RAIN              0
LT FREEZING RAIN          0     HAIL                       0
HEAVY SNOW                0     SNOW                       0
LIGHT SNOW                0     SLEET                      0
FOG                      14     FOG W/VIS <= 1/4 MILE      1
HAZE                      4

-  INDICATES NEGATIVE NUMBERS.
R  INDICATES RECORD WAS SET OR TIED.
MM INDICATES DATA IS MISSING.
T  INDICATES TRACE AMOUNT.

$$
