000
CXUS51 KALY 020216 CCA
CLMALB

CLIMATE REPORT...CORRECTED
NATIONAL WEATHER SERVICE ALBANY NY
915 PM EST MON DEC 1 2014

...................................

...THE ALBANY NY CLIMATE SUMMARY FOR THE MONTH OF NOVEMBER 2014...

CLIMATE NORMAL PERIOD 1981 TO 2010
CLIMATE RECORD PERIOD 1874 TO 2014

WEATHER         OBSERVED          NORMAL  DEPART  LAST YEAR`S
                 VALUE   DATE(S)  VALUE   FROM    VALUE  DATE(S)
                                          NORMAL
................................................................
TEMPERATURE (F)
RECORD
 HIGH              82   11/02/1950
 LOW              -11   11/26/1938
HIGHEST            70   11/24        49      21       70  11/01
LOWEST             15   11/29        31     -16       11  11/30
                        11/22                             11/25
AVG. MAXIMUM     46.5              47.9    -1.4     46.2
AVG. MINIMUM     30.0              31.5    -1.5     28.2
MEAN             38.3              39.7    -1.4     37.2
DAYS MAX >= 90      0               0.0     0.0        0
DAYS MAX <= 32      4               1.2     2.8        4
DAYS MIN <= 32     17              17.0     0.0       20
DAYS MIN <= 0       0               0.0     0.0        0

PRECIPITATION (INCHES)
RECORD
 MAXIMUM         8.07   1972
 MINIMUM         0.40   1908
TOTALS           2.44              3.29   -0.85     1.84
DAILY AVG.       0.08              0.11   -0.03     0.06
DAYS >= .01        11              11.7    -0.7       12
DAYS >= .10         6               6.8    -0.8        5
DAYS >= .50         2               2.4    -0.4        1
DAYS >= 1.00        0               0.7    -0.7        0
GREATEST
 24 HR. TOTAL    0.84   11/17 TO 11/17
                        11/16 TO 11/17
                        11/17 TO 11/17

SNOWFALL (INCHES)
RECORDS
 TOTAL           24.6   1972
 24 HR TOTAL     21.9   11/24/1971 TO 11/25/1971
 SNOW DEPTH        18   11/26/1971
TOTALS           12.3               2.8     9.5      2.1
SINCE 7/1        12.3               2.8     9.5      2.1
SNOWDEPTH AVG.      1
DAYS >= TRACE      14               2.5    11.5        9
DAYS >= 1.0         2               0.9     1.1        1
GREATEST
 SNOW DEPTH         8   11/27                          1  11/26
 24 HR TOTAL      9.6   11/26 TO 11/26

DEGREE_DAYS
HEATING TOTAL     795               759      36      823
 SINCE 7/1       1275              1404    -129     1370
COOLING TOTAL       0                 0       0        0
 SINCE 1/1        659               598      61      763

FREEZE DATES
RECORD
 EARLIEST     09/24/1963
 LATEST       05/27/1969
EARLIEST                        10/10
LATEST                          04/28
.................................................................

WIND (MPH)
AVERAGE WIND SPEED              8.9
HIGHEST WIND SPEED/DIRECTION    30/360    DATE  11/02
HIGHEST GUST SPEED/DIRECTION    42/360    DATE  11/02

SKY COVER
AVERAGE SKY COVER           0.70

AVERAGE RH (PERCENT)     62

WEATHER CONDITIONS. NUMBER OF DAYS WITH
THUNDERSTORM              0     MIXED PRECIP               0
HEAVY RAIN                0     RAIN                       2
LIGHT RAIN               11     FREEZING RAIN              0
LT FREEZING RAIN          0     HAIL                       0
HEAVY SNOW                0     SNOW                       2
LIGHT SNOW               13     SLEET                      2
FOG                      11     FOG W/VIS <= 1/4 MILE      1
HAZE                      1

-  INDICATES NEGATIVE NUMBERS.
R  INDICATES RECORD WAS SET OR TIED.
MM INDICATES DATA IS MISSING.
T  INDICATES TRACE AMOUNT.

$$
