000
CXUS55 KPUB 012034 CCA
CLMALS

CLIMATE REPORT
NATIONAL WEATHER SERVICE PUEBLO
233 PM MDT FRI MAY 1 2015

...................................

...THE ALAMOSA CO CLIMATE SUMMARY FOR THE MONTH OF APRIL 2015...

CLIMATE NORMAL PERIOD 1981 TO 2010
CLIMATE RECORD PERIOD 1932 TO 2015

WEATHER         OBSERVED          NORMAL  DEPART  LAST YEAR`S
                 VALUE   DATE(S)  VALUE   FROM    VALUE  DATE(S)
                                          NORMAL
................................................................
TEMPERATURE (F)
RECORD
 HIGH              80   04/20/1989
 LOW               -6   04/08/1973
HIGHEST            75   04/30        63      12       72  04/11
LOWEST             19   04/21        20      -1       14  04/04
                        04/18
AVG. MAXIMUM     61.0              59.3     1.7     59.8
AVG. MINIMUM     25.9              24.4     1.5     25.3
MEAN             43.4              41.8     1.6     42.6
DAYS MAX >= 90      0               0.0     0.0
DAYS MAX <= 32      0               0.0     0.0
DAYS MIN <= 32     27              25.9     1.1
DAYS MIN <= 0       0               0.0     0.0

PRECIPITATION (INCHES)
RECORD
 MAXIMUM         3.06   1942
 MINIMUM            T   1972
TOTALS           0.43              0.59   -0.16     1.06
DAILY AVG.       0.01              0.02   -0.01
DAYS >= .01         2               5.2    -3.2
DAYS >= .10         2               1.7     0.3
DAYS >= .50         0               0.2    -0.2
DAYS >= 1.00        0               0.0     0.0
GREATEST
 24 HR. TOTAL    0.22   04/26 TO 04/26
                        04/25 TO 04/26
                        04/26 TO 04/26

SNOWFALL (INCHES)
RECORDS
 TOTAL           17.0   1938
TOTALS            0.7               3.6    -2.9      7.0
SINCE 7/1        23.8              26.7    -2.9     38.5
SNOWDEPTH AVG.      0
DAYS >= 1.0         0               1.1    -1.1
GREATEST
 SNOW DEPTH         1   04/16                          2
                        04/17
 24 HR TOTAL      0.7   04/16 TO 04/16               2.4

DEGREE_DAYS
HEATING TOTAL     640               694     -54      666
 SINCE 7/1       6917              8000   -1083     8109
COOLING TOTAL       0                 0       0        0
 SINCE 1/1          0                 0       0        0
.................................................................

WIND (MPH)
AVERAGE WIND SPEED              10.0
HIGHEST WIND SPEED/DIRECTION    44/220    DATE  04/08
HIGHEST GUST SPEED/DIRECTION    53/240    DATE  04/08

SKY COVER
POSSIBLE SUNSHINE (PERCENT)   MM
AVERAGE SKY COVER           0.20
NUMBER OF DAYS FAIR           22
NUMBER OF DAYS PC              8
NUMBER OF DAYS CLOUDY          0

AVERAGE RH (PERCENT)     43

WEATHER CONDITIONS. NUMBER OF DAYS WITH
THUNDERSTORM              2     MIXED PRECIP               1
HEAVY RAIN                1     RAIN                       1
LIGHT RAIN                8     FREEZING RAIN              0
LT FREEZING RAIN          0     HAIL                       0
HEAVY SNOW                0     SNOW                       1
LIGHT SNOW                3     SLEET                      0
FOG                       2     FOG W/VIS <= 1/4 MILE      0
HAZE                      2

-  INDICATES NEGATIVE NUMBERS.
R  INDICATES RECORD WAS SET OR TIED.
MM INDICATES DATA IS MISSING.
T  INDICATES TRACE AMOUNT.

$$
