000
CXUS55 KPUB 012255
CLMALS


CLIMATE REPORT
NATIONAL WEATHER SERVICE PUEBLO
453 PM MDT SUN OCT 1 2017

...................................

...THE ALAMOSA CO CLIMATE SUMMARY FOR THE MONTH OF SEPTEMBER 2017...

CLIMATE NORMAL PERIOD 1981 TO 2010
CLIMATE RECORD PERIOD 1932 TO 2017

WEATHER         OBSERVED          NORMAL  DEPART  LAST YEAR`S
                 VALUE   DATE(S)  VALUE   FROM    VALUE  DATE(S)
                                          NORMAL
................................................................
TEMPERATURE (F)
RECORD
 HIGH              87   09/03/2017
                        09/04/2013
                        09/13/1990
 LOW               15   09/29/1999
                        09/30/1985
HIGHEST            87R  09/03        76      11       82  09/08
                                                          09/09
                                                          09/19
LOWEST             24   09/26        31      -7       25  09/24
                                                          09/25
AVG. MAXIMUM     74.1              73.0     1.1     76.0
AVG. MINIMUM     39.1              36.9     2.2     36.9
MEAN             56.6              55.0     1.6     56.5
DAYS MAX >= 90      0               0.0     0.0
DAYS MAX <= 32      0               0.0     0.0
DAYS MIN <= 32      3               7.2    -4.2
DAYS MIN <= 0       0               0.0     0.0

PRECIPITATION (INCHES)
RECORD
 MAXIMUM         2.98   2013
 MINIMUM            T   1956
                        1953
TOTALS           1.75              0.91    0.84     0.28
DAILY AVG.       0.06              0.03    0.03
DAYS >= .01         9               6.8     2.2
DAYS >= .10         5               2.8     2.2
DAYS >= .50         1               0.3     0.7
DAYS >= 1.00        0               0.0     0.0
GREATEST
 24 HR. TOTAL    0.87   09/27 TO 09/28

SNOWFALL (INCHES)
RECORDS
 TOTAL           10.0   1936
TOTALS            0.0               0.0     0.0      0.0
SINCE 7/1           T               0.0     0.0      0.0
SNOWDEPTH AVG.      0
DAYS >= 1.0         0               0.0     0.0
GREATEST
 SNOW DEPTH         0   MM                             0
 24 HR TOTAL      0.0   09/30 TO 09/30               0.0

DEGREE_DAYS
HEATING TOTAL     245               302     -57      251
 SINCE 7/1        344               431     -87      395
COOLING TOTAL       0                 0       0        0
 SINCE 1/1         76                51      25      115
.................................................................

WIND (MPH)
AVERAGE WIND SPEED              7.9
HIGHEST WIND SPEED/DIRECTION    40/230    DATE  09/07
HIGHEST GUST SPEED/DIRECTION    52/230    DATE  09/07

SKY COVER
POSSIBLE SUNSHINE (PERCENT)   MM
AVERAGE SKY COVER           0.20
NUMBER OF DAYS FAIR           25
NUMBER OF DAYS PC              3
NUMBER OF DAYS CLOUDY          2

AVERAGE RH (PERCENT)     57

WEATHER CONDITIONS. NUMBER OF DAYS WITH
THUNDERSTORM              8     MIXED PRECIP               0
HEAVY RAIN                2     RAIN                       7
LIGHT RAIN               19     FREEZING RAIN              0
LT FREEZING RAIN          0     HAIL                       0
HEAVY SNOW                0     SNOW                       0
LIGHT SNOW                0     SLEET                      0
FOG                      10     FOG W/VIS <= 1/4 MILE      1
HAZE                      6

-  INDICATES NEGATIVE NUMBERS.
R  INDICATES RECORD WAS SET OR TIED.
MM INDICATES DATA IS MISSING.
T  INDICATES TRACE AMOUNT.

$$
