000
CXUS55 KPUB 012154
CLMALS


CLIMATE REPORT...CORRECTION
NATIONAL WEATHER SERVICE PUEBLO
249 PM MST WED FEB 1 2017

...................................

...THE ALAMOSA CO CLIMATE SUMMARY FOR THE MONTH OF JANUARY 2017...

CLIMATE NORMAL PERIOD 1981 TO 2010
CLIMATE RECORD PERIOD 1932 TO 2017

WEATHER         OBSERVED          NORMAL  DEPART  LAST YEAR`S
                 VALUE   DATE(S)  VALUE   FROM    VALUE  DATE(S)
                                          NORMAL
................................................................
TEMPERATURE (F)
RECORD
 HIGH              62   01/20/1971
 LOW              -50   01/28/1948
HIGHEST            45   01/09        36       9       50  01/30
LOWEST            -36   01/07        -5     -31      -26  01/11
AVG. MAXIMUM     29.9              34.3    -4.4     31.2
AVG. MINIMUM      3.5              -1.7     5.2     -4.9
MEAN             16.7              16.3     0.4     13.1
DAYS MAX >= 90      0               0.0     0.0
DAYS MAX <= 32     15              12.4     2.6
DAYS MIN <= 32     31              31.0     0.0
DAYS MIN <= 0      12              16.8    -4.8

PRECIPITATION (INCHES)
RECORD
 MAXIMUM         1.36   2017
 MINIMUM            T   1981
                        1998
TOTALS           1.36R             0.26    1.10     0.58
DAILY AVG.       0.04              0.01    0.03
DAYS >= .01        10               3.5     6.5
DAYS >= .10         4               0.9     3.1
DAYS >= .50         0               0.0     0.0
DAYS >= 1.00        0               0.0     0.0
GREATEST
 24 HR. TOTAL    0.61   01/05 TO 01/06

SNOWFALL (INCHES)
RECORDS
 TOTAL           21.9   2017
TOTALS           21.9R              4.0    17.9      7.0
SINCE 7/1        33.1              14.3    18.8     14.7
SNOWDEPTH AVG.      5
DAYS >= 1.0         7               1.4     5.6
GREATEST
 SNOW DEPTH        12R  01/06                          5
 24 HR TOTAL     10.7R  01/05 TO 01/06               5.3

DEGREE_DAYS
HEATING TOTAL    1493              1510     -17     1603
 SINCE 7/1       4801              5147    -346     4714
COOLING TOTAL       0                 0       0        0
 SINCE 1/1          0                 0       0        0
.................................................................

WIND (MPH)
AVERAGE WIND SPEED              5.8
HIGHEST WIND SPEED/DIRECTION    40/270    DATE  01/09
HIGHEST GUST SPEED/DIRECTION    53/230    DATE  01/11

SKY COVER
POSSIBLE SUNSHINE (PERCENT)   MM
AVERAGE SKY COVER           0.40
NUMBER OF DAYS FAIR           16
NUMBER OF DAYS PC              7
NUMBER OF DAYS CLOUDY          8

AVERAGE RH (PERCENT)     79

WEATHER CONDITIONS. NUMBER OF DAYS WITH
THUNDERSTORM              0     MIXED PRECIP               0
HEAVY RAIN                0     RAIN                       0
LIGHT RAIN                1     FREEZING RAIN              0
LT FREEZING RAIN          0     HAIL                       0
HEAVY SNOW                1     SNOW                       5
LIGHT SNOW               12     SLEET                      0
FOG                      21     FOG W/VIS <= 1/4 MILE      8
HAZE                      4

-  INDICATES NEGATIVE NUMBERS.
R  INDICATES RECORD WAS SET OR TIED.
MM INDICATES DATA IS MISSING.
T  INDICATES TRACE AMOUNT.

$$
