000
CXUS54 KAMA 011322
CLMAMA


CLIMATE REPORT
NATIONAL WEATHER SERVICE AMARILLO TX
822 AM CDT WED JUL 1 2015

...................................

...THE AMARILLO CLIMATE SUMMARY FOR THE MONTH OF JUNE 2015...

CLIMATE NORMAL PERIOD 1981 TO 2010
CLIMATE RECORD PERIOD 1892 TO 2015

WEATHER         OBSERVED          NORMAL  DEPART  LAST YEAR`S
                 VALUE   DATE(S)  VALUE   FROM    VALUE  DATE(S)
                                          NORMAL
................................................................
TEMPERATURE (F)
RECORD
 HIGH             111   06/26/2011
 LOW               38   06/02/1917
HIGHEST            94   06/28                        100  06/04
LOWEST             58   06/02                         52  06/10
AVG. MAXIMUM     86.6              87.7    -1.1     87.3
AVG. MINIMUM     63.4              61.0     2.4     63.2
MEAN             75.0              74.4     0.6     75.2
DAYS MAX >= 90      6              12.1    -6.1       14
DAYS MAX <= 32      0               0.0     0.0        0
DAYS MIN <= 32      0               0.0     0.0        0
DAYS MIN <= 0       0               0.0     0.0        0

PRECIPITATION (INCHES)
RECORD
 MAXIMUM        10.73   1965
 MINIMUM         0.01   1953
TOTALS           3.89              3.16    0.73     5.40
DAILY AVG.       0.13              0.11    0.02     0.18
DAYS >= .01         6               8.5    -2.5       10
DAYS >= .10         4               5.4    -1.4        7
DAYS >= .50         3               2.5     0.5        4
DAYS >= 1.00        2               0.8     1.2        1
GREATEST
 24 HR. TOTAL    1.66   06/13 TO 06/14

SNOWFALL (INCHES)
RECORDS
 TOTAL              T   2008
                        2007
                        2002
TOTALS            0.0               0.0     0.0      0.0
SINCE 7/1        23.9              17.8     6.1     12.8
DAYS >= TRACE       0               0.0     0.0        0
DAYS >= 1.0         0               0.0     0.0        0
GREATEST
 SNOW DEPTH         0   MM
 24 HR TOTAL      0.0   06/30 TO 06/30

DEGREE_DAYS
HEATING TOTAL       0                 7      -7        4
 SINCE 7/1       3860              4178    -318     4228
COOLING TOTAL     309               288      21      318
 SINCE 1/1        358               413     -55      515
.................................................................

WIND (MPH)
AVERAGE WIND SPEED              12.4
HIGHEST WIND SPEED/DIRECTION    38/350    DATE  06/12
HIGHEST GUST SPEED/DIRECTION    44/350    DATE  06/12

SKY COVER
POSSIBLE SUNSHINE (PERCENT)   MM
NUMBER OF DAYS FAIR           28
NUMBER OF DAYS PC              1
NUMBER OF DAYS CLOUDY          1

AVERAGE RH (PERCENT)     64

WEATHER CONDITIONS. NUMBER OF DAYS WITH
THUNDERSTORM              0     MIXED PRECIP               0
HEAVY RAIN                3     RAIN                       3
LIGHT RAIN                6     FREEZING RAIN              0
LT FREEZING RAIN          0     HAIL                       0
HEAVY SNOW                0     SNOW                       0
LIGHT SNOW                0     SLEET                      0
FOG                       7     FOG W/VIS <= 1/4 MILE      2
HAZE                      4

-  INDICATES NEGATIVE NUMBERS.
R  INDICATES RECORD WAS SET OR TIED.
MM INDICATES DATA IS MISSING.
T  INDICATES TRACE AMOUNT.

$$
