000
CXUS54 KAMA 011652
CLMAMA


CLIMATE REPORT
NATIONAL WEATHER SERVICE AMARILLO TX
1148 AM CDT MON AUG 1 2016

...................................

...THE AMARILLO CLIMATE SUMMARY FOR THE MONTH OF JULY 2016...

CLIMATE NORMAL PERIOD 1981 TO 2010
CLIMATE RECORD PERIOD 1892 TO 2016

WEATHER         OBSERVED          NORMAL  DEPART  LAST YEAR`S
                 VALUE   DATE(S)  VALUE   FROM    VALUE  DATE(S)
                                          NORMAL
................................................................
TEMPERATURE (F)
RECORD
 HIGH             108   07/11/2016
 LOW               51   07/14/1990
                        07/09/1905
HIGHEST           108R  07/11                         98  07/12
LOWEST             60   07/28                         56  07/08
AVG. MAXIMUM     97.6              91.4     6.2     89.7
AVG. MINIMUM     67.9              65.2     2.7     66.7
MEAN             82.8              78.3     4.5     78.2
DAYS MAX >= 90     31              19.8    11.2       18
DAYS MAX <= 32      0               0.0     0.0        0
DAYS MIN <= 32      0               0.0     0.0        0
DAYS MIN <= 0       0               0.0     0.0        0

PRECIPITATION (INCHES)
RECORD
 MAXIMUM         8.02   2010
 MINIMUM         0.04   2001
TOTALS           3.51              2.84    0.67     6.59
DAILY AVG.       0.11              0.09    0.02     0.21
DAYS >= .01         5               7.2    -2.2       13
DAYS >= .10         4               4.0     0.0        9
DAYS >= .50         2               1.7     0.3        6
DAYS >= 1.00        2               0.9     1.1        3
GREATEST
 24 HR. TOTAL    1.77   07/29 TO 07/30

SNOWFALL (INCHES)
RECORDS
 TOTAL              T   2009
                        2008
                        1999
TOTALS              TR              0.0     0.0      0.0
SINCE 7/1           T               0.0     0.0      0.0
DAYS >= TRACE       1               0.0     1.0        0
DAYS >= 1.0         0               0.0     0.0        0
GREATEST
 SNOW DEPTH         0   MM
 24 HR TOTAL        T   07/15 TO 07/15

DEGREE_DAYS
HEATING TOTAL       0                 0       0        0
 SINCE 7/1          0                 0       0        0
COOLING TOTAL     561               412     149      416
 SINCE 1/1       1025               825     200      774
.................................................................

WIND (MPH)
AVERAGE WIND SPEED              14.0
HIGHEST WIND SPEED/DIRECTION    38/360    DATE  07/27
HIGHEST GUST SPEED/DIRECTION    52/340    DATE  07/15

SKY COVER
POSSIBLE SUNSHINE (PERCENT)   MM
NUMBER OF DAYS FAIR           31
NUMBER OF DAYS PC              0
NUMBER OF DAYS CLOUDY          0

AVERAGE RH (PERCENT)     50

WEATHER CONDITIONS. NUMBER OF DAYS WITH
THUNDERSTORM              7     MIXED PRECIP               0
HEAVY RAIN                2     RAIN                       2
LIGHT RAIN                9     FREEZING RAIN              0
LT FREEZING RAIN          0     HAIL                       1
HEAVY SNOW                0     SNOW                       0
LIGHT SNOW                0     SLEET                      0
FOG                       5     FOG W/VIS <= 1/4 MILE      0
HAZE                      1

-  INDICATES NEGATIVE NUMBERS.
R  INDICATES RECORD WAS SET OR TIED.
MM INDICATES DATA IS MISSING.
T  INDICATES TRACE AMOUNT.

$$
