000
CXUS54 KAMA 011618
CLMAMA


CLIMATE REPORT
NATIONAL WEATHER SERVICE AMARILLO TX
1117 AM CDT SAT JUL 1 2017

...................................

...THE AMARILLO CLIMATE SUMMARY FOR THE MONTH OF JUNE 2017...

CLIMATE NORMAL PERIOD 1981 TO 2010
CLIMATE RECORD PERIOD 1892 TO 2017

WEATHER         OBSERVED          NORMAL  DEPART  LAST YEAR`S
                 VALUE   DATE(S)  VALUE   FROM    VALUE  DATE(S)
                                          NORMAL
................................................................
TEMPERATURE (F)
RECORD
 HIGH             111   06/26/2011
 LOW               38   06/02/1917
HIGHEST           106   06/17                        103  06/17
LOWEST             53   06/14                         51  06/05
AVG. MAXIMUM     91.8              87.7     4.1     91.3
AVG. MINIMUM     62.1              61.0     1.1     63.3
MEAN             76.9              74.4     2.5     77.3
DAYS MAX >= 90     17              12.1     4.9       19
DAYS MAX <= 32      0               0.0     0.0        0
DAYS MIN <= 32      0               0.0     0.0        0
DAYS MIN <= 0       0               0.0     0.0        0

PRECIPITATION (INCHES)
RECORD
 MAXIMUM        10.73   1965
 MINIMUM         0.01   1953
TOTALS           1.50              3.16   -1.66     1.38
DAILY AVG.       0.05              0.11   -0.06     0.05
DAYS >= .01         5               8.5    -3.5        7
DAYS >= .10         3               5.4    -2.4        4
DAYS >= .50         1               2.5    -1.5        0
DAYS >= 1.00        0               0.8    -0.8        0
GREATEST
 24 HR. TOTAL    0.69   06/25 TO 06/25

SNOWFALL (INCHES)
RECORDS
 TOTAL              T   2008
                        2007
                        2002
TOTALS            0.0               0.0     0.0      0.0
SINCE 7/1        10.0              17.8    -7.8     13.4
DAYS >= TRACE       0               0.0     0.0        0
DAYS >= 1.0         0               0.0     0.0        0
GREATEST
 SNOW DEPTH         0   MM
 24 HR TOTAL      0.0   06/30 TO 06/30

DEGREE_DAYS
HEATING TOTAL       1                 7      -6        0
 SINCE 7/1       3238              4178    -940     3461
COOLING TOTAL     367               288      79      376
 SINCE 1/1        497               413      84      464
.................................................................

WIND (MPH)
AVERAGE WIND SPEED              13.2
HIGHEST WIND SPEED/DIRECTION    46/080    DATE  06/08
HIGHEST GUST SPEED/DIRECTION    58/080    DATE  06/08

SKY COVER
POSSIBLE SUNSHINE (PERCENT)   MM
NUMBER OF DAYS FAIR           25
NUMBER OF DAYS PC              4
NUMBER OF DAYS CLOUDY          1

AVERAGE RH (PERCENT)     56

WEATHER CONDITIONS. NUMBER OF DAYS WITH
THUNDERSTORM              0     MIXED PRECIP               0
HEAVY RAIN                2     RAIN                       2
LIGHT RAIN                8     FREEZING RAIN              0
LT FREEZING RAIN          0     HAIL                       0
HEAVY SNOW                0     SNOW                       0
LIGHT SNOW                0     SLEET                      0
FOG                       6     FOG W/VIS <= 1/4 MILE      2
HAZE                      0

-  INDICATES NEGATIVE NUMBERS.
R  INDICATES RECORD WAS SET OR TIED.
MM INDICATES DATA IS MISSING.
T  INDICATES TRACE AMOUNT.

$$
