000
CXUS54 KAMA 011628
CLMAMA


CLIMATE REPORT
NATIONAL WEATHER SERVICE AMARILLO TX
1122 AM CDT SAT AUG 1 2015

...................................

...THE AMARILLO CLIMATE SUMMARY FOR THE MONTH OF JULY 2015...

CLIMATE NORMAL PERIOD 1981 TO 2010
CLIMATE RECORD PERIOD 1892 TO 2015

WEATHER         OBSERVED          NORMAL  DEPART  LAST YEAR`S
                 VALUE   DATE(S)  VALUE   FROM    VALUE  DATE(S)
                                          NORMAL
................................................................
TEMPERATURE (F)
RECORD
 HIGH             106   07/09/2009
                        07/09/1940
 LOW               51   07/14/1990
                        07/09/1905
HIGHEST            98   07/12                        100  07/25
LOWEST             56   07/08                         58  07/31
AVG. MAXIMUM     89.7              91.4    -1.7     87.7
AVG. MINIMUM     66.7              65.2     1.5     65.4
MEAN             78.2              78.3    -0.1     76.5
DAYS MAX >= 90     18              19.8    -1.8       17
DAYS MAX <= 32      0               0.0     0.0        0
DAYS MIN <= 32      0               0.0     0.0        0
DAYS MIN <= 0       0               0.0     0.0        0

PRECIPITATION (INCHES)
RECORD
 MAXIMUM         8.02   2010
 MINIMUM         0.04   2001
TOTALS           6.59              2.84    3.75     1.82
DAILY AVG.       0.21              0.09    0.12     0.06
DAYS >= .01        13               7.2     5.8        7
DAYS >= .10         9               4.0     5.0        4
DAYS >= .50         6               1.7     4.3        2
DAYS >= 1.00        3               0.9     2.1        0
GREATEST
 24 HR. TOTAL    1.76   07/08 TO 07/09

SNOWFALL (INCHES)
RECORDS
 TOTAL              T   2009
                        2008
                        1999
TOTALS            0.0               0.0     0.0      0.0
SINCE 7/1         0.0               0.0     0.0      0.0
DAYS >= TRACE       0               0.0     0.0        0
DAYS >= 1.0         0               0.0     0.0        0
GREATEST
 SNOW DEPTH         0
 24 HR TOTAL      0.0

DEGREE_DAYS
HEATING TOTAL       0                 0       0        0
 SINCE 7/1          0                 0       0        0
COOLING TOTAL     416               412       4      363
 SINCE 1/1        774               825     -51      878
.................................................................

WIND (MPH)
AVERAGE WIND SPEED              11.9
HIGHEST WIND SPEED/DIRECTION    41/030    DATE  07/03
HIGHEST GUST SPEED/DIRECTION    51/030    DATE  07/03

SKY COVER
POSSIBLE SUNSHINE (PERCENT)   MM
NUMBER OF DAYS FAIR           28
NUMBER OF DAYS PC              2
NUMBER OF DAYS CLOUDY          1

AVERAGE RH (PERCENT)     62

WEATHER CONDITIONS. NUMBER OF DAYS WITH
THUNDERSTORM             12     MIXED PRECIP               0
HEAVY RAIN                7     RAIN                      10
LIGHT RAIN               13     FREEZING RAIN              0
LT FREEZING RAIN          0     HAIL                       0
HEAVY SNOW                0     SNOW                       0
LIGHT SNOW                0     SLEET                      0
FOG                       9     FOG W/VIS <= 1/4 MILE      2
HAZE                      2

-  INDICATES NEGATIVE NUMBERS.
R  INDICATES RECORD WAS SET OR TIED.
MM INDICATES DATA IS MISSING.
T  INDICATES TRACE AMOUNT.

$$
