058
CXUS54 KAMA 021211
CLMAMA


CLIMATE REPORT
NATIONAL WEATHER SERVICE AMARILLO TX
710 AM CDT SAT JUL 2 2016

...................................

...THE AMARILLO CLIMATE SUMMARY FOR THE MONTH OF JUNE 2016...

CLIMATE NORMAL PERIOD 1981 TO 2010
CLIMATE RECORD PERIOD 1892 TO 2016

WEATHER         OBSERVED          NORMAL  DEPART  LAST YEAR`S
                 VALUE   DATE(S)  VALUE   FROM    VALUE  DATE(S)
                                          NORMAL
................................................................
TEMPERATURE (F)
RECORD
 HIGH             111   06/26/2011
 LOW               38   06/02/1917
HIGHEST           103   06/17                         94  06/28
LOWEST             51   06/05                         58  06/02
AVG. MAXIMUM     91.3              87.7     3.6     86.6
AVG. MINIMUM     63.3              61.0     2.3     63.4
MEAN             77.3              74.4     2.9     75.0
DAYS MAX >= 90     19              12.1     6.9        6
DAYS MAX <= 32      0               0.0     0.0        0
DAYS MIN <= 32      0               0.0     0.0        0
DAYS MIN <= 0       0               0.0     0.0        0

PRECIPITATION (INCHES)
RECORD
 MAXIMUM        10.73   1965
 MINIMUM         0.01   1953
TOTALS           1.38              3.16   -1.78     3.89
DAILY AVG.       0.05              0.11   -0.06     0.13
DAYS >= .01         7               8.5    -1.5        6
DAYS >= .10         4               5.4    -1.4        4
DAYS >= .50         0               2.5    -2.5        3
DAYS >= 1.00        0               0.8    -0.8        2
GREATEST
 24 HR. TOTAL    0.49   06/13 TO 06/13

SNOWFALL (INCHES)
RECORDS
 TOTAL              T   2008
                        2007
                        2002
TOTALS            0.0               0.0     0.0      0.0
SINCE 7/1        13.4              17.8    -4.4     23.9
DAYS >= TRACE       0               0.0     0.0        0
DAYS >= 1.0         0               0.0     0.0        0
GREATEST
 SNOW DEPTH         0   MM
 24 HR TOTAL      0.0   06/30 TO 06/30

DEGREE_DAYS
HEATING TOTAL       0                 7      -7        0
 SINCE 7/1       3461              4178    -717     3860
COOLING TOTAL     376               288      88      309
 SINCE 1/1        464               413      51      358
.................................................................

WIND (MPH)
AVERAGE WIND SPEED              12.4
HIGHEST WIND SPEED/DIRECTION    39/170    DATE  06/15
HIGHEST GUST SPEED/DIRECTION    47/170    DATE  06/15

SKY COVER
POSSIBLE SUNSHINE (PERCENT)   MM
NUMBER OF DAYS FAIR           25
NUMBER OF DAYS PC              5
NUMBER OF DAYS CLOUDY          0

AVERAGE RH (PERCENT)     57

WEATHER CONDITIONS. NUMBER OF DAYS WITH
THUNDERSTORM              9     MIXED PRECIP               0
HEAVY RAIN                3     RAIN                       3
LIGHT RAIN                8     FREEZING RAIN              0
LT FREEZING RAIN          0     HAIL                       0
HEAVY SNOW                0     SNOW                       0
LIGHT SNOW                0     SLEET                      0
FOG                      11     FOG W/VIS <= 1/4 MILE      2
HAZE                      3

-  INDICATES NEGATIVE NUMBERS.
R  INDICATES RECORD WAS SET OR TIED.
MM INDICATES DATA IS MISSING.
T  INDICATES TRACE AMOUNT.

$$
