000
CXUS54 KAMA 012322
CLMAMA


CLIMATE REPORT
NATIONAL WEATHER SERVICE AMARILLO TX
618 PM CDT FRI AUG 1 2014

...................................

...THE AMARILLO CLIMATE SUMMARY FOR THE MONTH OF JULY 2014...

CLIMATE NORMAL PERIOD 1981 TO 2010
CLIMATE RECORD PERIOD 1892 TO 2014

WEATHER         OBSERVED          NORMAL  DEPART  LAST YEAR`S
                 VALUE   DATE(S)  VALUE   FROM    VALUE  DATE(S)
                                          NORMAL
................................................................
TEMPERATURE (F)
RECORD
 HIGH             106   07/09/2009
                        07/09/1940
 LOW               51   07/14/1990
                        07/09/1905
HIGHEST           100   07/25                        100  07/13
LOWEST             58   07/31                         55  07/02
AVG. MAXIMUM     87.7              91.4    -3.7     89.8
AVG. MINIMUM     65.4              65.2     0.2     65.9
MEAN             76.5              78.3    -1.8     77.9
DAYS MAX >= 90     17              19.8    -2.8       18
DAYS MAX <= 32      0               0.0     0.0        0
DAYS MIN <= 32      0               0.0     0.0        0
DAYS MIN <= 0       0               0.0     0.0        0

PRECIPITATION (INCHES)
RECORD
 MAXIMUM         8.02   2010
 MINIMUM         0.04   2001
TOTALS           1.82              2.84   -1.02     1.86
DAILY AVG.       0.06              0.09   -0.03     0.06
DAYS >= .01         7               7.2    -0.2        8
DAYS >= .10         4               4.0     0.0        5
DAYS >= .50         2               1.7     0.3        1
DAYS >= 1.00        0               0.9    -0.9        0
GREATEST
 24 HR. TOTAL    0.92   07/16 TO 07/17

SNOWFALL (INCHES)
RECORDS
 TOTAL              T   2009
                        2008
                        1999
TOTALS            0.0               0.0     0.0      0.0
SINCE 7/1         0.0               0.0     0.0      0.0
DAYS >= TRACE       0               0.0     0.0        0
DAYS >= 1.0         0               0.0     0.0        0
GREATEST
 SNOW DEPTH         0
 24 HR TOTAL      0.0

DEGREE_DAYS
HEATING TOTAL       0                 0       0        0
 SINCE 7/1          0                 0       0        0
COOLING TOTAL     363               412     -49      408
 SINCE 1/1        878               825      53     1047
.................................................................

WIND (MPH)
AVERAGE WIND SPEED              12.5
HIGHEST WIND SPEED/DIRECTION    32/280    DATE  07/14
HIGHEST GUST SPEED/DIRECTION    48/320    DATE  07/14

SKY COVER
POSSIBLE SUNSHINE (PERCENT)   MM
NUMBER OF DAYS FAIR           22
NUMBER OF DAYS PC              7
NUMBER OF DAYS CLOUDY          2

AVERAGE RH (PERCENT)     62

WEATHER CONDITIONS. NUMBER OF DAYS WITH
THUNDERSTORM              9     MIXED PRECIP               0
HEAVY RAIN                4     RAIN                       4
LIGHT RAIN               10     FREEZING RAIN              0
LT FREEZING RAIN          0     HAIL                       0
HEAVY SNOW                0     SNOW                       0
LIGHT SNOW                0     SLEET                      0
FOG                       7     FOG W/VIS <= 1/4 MILE      0
HAZE                      0

-  INDICATES NEGATIVE NUMBERS.
R  INDICATES RECORD WAS SET OR TIED.
MM INDICATES DATA IS MISSING.
T  INDICATES TRACE AMOUNT.

$$
