000
CXUS54 KAMA 011532
CLMAMA


CLIMATE REPORT
NATIONAL WEATHER SERVICE AMARILLO TX
932 AM CST WED MAR 1 2017

...................................

...THE AMARILLO CLIMATE SUMMARY FOR THE MONTH OF FEBRUARY 2017...

CLIMATE NORMAL PERIOD 1981 TO 2010
CLIMATE RECORD PERIOD 1892 TO 2017

WEATHER         OBSERVED          NORMAL  DEPART  LAST YEAR`S
                 VALUE   DATE(S)  VALUE   FROM    VALUE  DATE(S)
                                          NORMAL
................................................................
TEMPERATURE (F)
RECORD
 HIGH              89   02/10/2017
 LOW              -16   02/12/1899
HIGHEST            89R  02/10                         86  02/18
LOWEST             16   02/02                         14  02/03
AVG. MAXIMUM     64.4              54.2    10.2     62.1
AVG. MINIMUM     31.2              26.4     4.8     30.1
MEAN             47.8              40.3     7.5     46.1
DAYS MAX >= 90      0               0.0     0.0        0
DAYS MAX <= 32      0               1.8    -1.8        0
DAYS MIN <= 32     18              21.1    -3.1       19
DAYS MIN <= 0       0               0.4    -0.4        0

PRECIPITATION (INCHES)
RECORD
 MAXIMUM         2.93   1903
 MINIMUM         0.00   1930
TOTALS           0.51              0.56   -0.05     0.50
DAILY AVG.       0.02              0.02    0.00     0.02
DAYS >= .01         2               4.3    -2.3        2
DAYS >= .10         2               1.4     0.6        2
DAYS >= .50         0               0.3    -0.3        0
DAYS >= 1.00        0               0.0     0.0        0
GREATEST
 24 HR. TOTAL    0.41   02/13 TO 02/14

SNOWFALL (INCHES)
RECORDS
 TOTAL           28.7   1903
TOTALS            1.1               2.9    -1.8      3.2
SINCE 7/1         8.0              14.0    -6.0     12.1
DAYS >= TRACE       1               2.2    -1.2        3
DAYS >= 1.0         1               0.9     0.1        1
GREATEST
 SNOW DEPTH         0   MM
 24 HR TOTAL      1.1   MM

DEGREE_DAYS
HEATING TOTAL     480               692    -212      540
 SINCE 7/1       2558              3277    -719     2741
COOLING TOTAL       5                 0       5        1
 SINCE 1/1          5                 0       5        1
.................................................................

WIND (MPH)
AVERAGE WIND SPEED              13.2
HIGHEST WIND SPEED/DIRECTION    48/240    DATE  02/28
HIGHEST GUST SPEED/DIRECTION    63/260    DATE  02/28

SKY COVER
POSSIBLE SUNSHINE (PERCENT)   MM
NUMBER OF DAYS FAIR           26
NUMBER OF DAYS PC              0
NUMBER OF DAYS CLOUDY          2

AVERAGE RH (PERCENT)     49

WEATHER CONDITIONS. NUMBER OF DAYS WITH
THUNDERSTORM              0     MIXED PRECIP               0
HEAVY RAIN                0     RAIN                       1
LIGHT RAIN                2     FREEZING RAIN              0
LT FREEZING RAIN          1     HAIL                       0
HEAVY SNOW                0     SNOW                       1
LIGHT SNOW                2     SLEET                      0
FOG                       3     FOG W/VIS <= 1/4 MILE      2
HAZE                      3

-  INDICATES NEGATIVE NUMBERS.
R  INDICATES RECORD WAS SET OR TIED.
MM INDICATES DATA IS MISSING.
T  INDICATES TRACE AMOUNT.

$$
