000
CXUS54 KAMA 011622
CLMAMA


CLIMATE REPORT
NATIONAL WEATHER SERVICE AMARILLO TX
1020 AM CST TUE MAR 1 2016

...................................

...THE AMARILLO CLIMATE SUMMARY FOR THE MONTH OF FEBRUARY 2016...

CLIMATE NORMAL PERIOD 1981 TO 2010
CLIMATE RECORD PERIOD 1892 TO 2016

WEATHER         OBSERVED          NORMAL  DEPART  LAST YEAR`S
                 VALUE   DATE(S)  VALUE   FROM    VALUE  DATE(S)
                                          NORMAL
................................................................
TEMPERATURE (F)
RECORD
 HIGH              88   02/01/1963
 LOW              -16   02/12/1899
HIGHEST            86   02/18                         83  02/07
LOWEST             14   02/03                         11  02/28
                                                          02/27
                                                          02/23
AVG. MAXIMUM     62.1              54.2     7.9     55.1
AVG. MINIMUM     30.1              26.4     3.7     25.3
MEAN             46.1              40.3     5.8     40.2
DAYS MAX >= 90      0               0.0     0.0        0
DAYS MAX <= 32      0               1.8    -1.8        3
DAYS MIN <= 32     19              21.1    -2.1       21
DAYS MIN <= 0       0               0.4    -0.4        0

PRECIPITATION (INCHES)
RECORD
 MAXIMUM         2.93   1903
 MINIMUM         0.00   1930
TOTALS           0.50              0.56   -0.06     0.47
DAILY AVG.       0.02                MM      MM     0.02
DAYS >= .01         2               4.3    -2.3        6
DAYS >= .10         2               1.4     0.6        2
DAYS >= .50         0               0.3    -0.3        0
DAYS >= 1.00        0               0.0     0.0        0
GREATEST
 24 HR. TOTAL    0.39   02/22 TO 02/23

SNOWFALL (INCHES)
RECORDS
 TOTAL           28.7   1903
TOTALS            3.2               2.9     0.3      6.8
SINCE 7/1        12.1              14.0    -1.9     23.8
DAYS >= TRACE       3               2.2     0.8       10
DAYS >= 1.0         1               0.9     0.1        2
GREATEST
 SNOW DEPTH         2   02/23
 24 HR TOTAL      3.2   MM

DEGREE_DAYS
HEATING TOTAL     540               692    -152      685
 SINCE 7/1       2741              3298    -557     3125
COOLING TOTAL       1                 0       1        0
 SINCE 1/1          1                 0       1        0
.................................................................

WIND (MPH)
AVERAGE WIND SPEED              13.1
HIGHEST WIND SPEED/DIRECTION    36/190    DATE  02/13
HIGHEST GUST SPEED/DIRECTION    43/350    DATE  02/05

SKY COVER
POSSIBLE SUNSHINE (PERCENT)   MM
NUMBER OF DAYS FAIR           25
NUMBER OF DAYS PC              4
NUMBER OF DAYS CLOUDY          0

AVERAGE RH (PERCENT)     48

WEATHER CONDITIONS. NUMBER OF DAYS WITH
THUNDERSTORM              0     MIXED PRECIP               0
HEAVY RAIN                0     RAIN                       0
LIGHT RAIN                2     FREEZING RAIN              0
LT FREEZING RAIN          0     HAIL                       0
HEAVY SNOW                0     SNOW                       0
LIGHT SNOW                3     SLEET                      0
FOG                       2     FOG W/VIS <= 1/4 MILE      0
HAZE                      1

-  INDICATES NEGATIVE NUMBERS.
R  INDICATES RECORD WAS SET OR TIED.
MM INDICATES DATA IS MISSING.
T  INDICATES TRACE AMOUNT.

$$
