000
CXUS52 KJAX 011318
CLMAMG

CLIMATE REPORT
NATIONAL WEATHER SERVICE JACKSONVILLE FL
904 AM EDT FRI SEP 1 2017

...................................

...THE ALMA CLIMATE SUMMARY FOR THE MONTH OF AUGUST 2017...

CLIMATE NORMAL PERIOD 1981 TO 2010
CLIMATE RECORD PERIOD 1948 TO 2017

WEATHER         OBSERVED          NORMAL  DEPART  LAST YEAR`S
                 VALUE   DATE(S)  VALUE   FROM    VALUE  DATE(S)
                                          NORMAL
................................................................
TEMPERATURE (F)
RECORD
 HIGH             105   08/18/1995
 LOW               57   08/25/1957
                        08/28/1952
                        08/27/1951
HIGHEST            99   08/20        91       8       96  08/18
LOWEST             60   08/01        71     -11       64  08/27
AVG. MAXIMUM     92.8              91.1     1.7     92.5
AVG. MINIMUM     72.8              71.5     1.3     72.3
MEAN             82.8              81.3     1.5     82.4
DAYS MAX >= 90     25              19.3     5.7       29
DAYS MAX <= 32      0               0.0     0.0        0
DAYS MIN <= 32      0               0.0     0.0        0
DAYS MIN <= 0       0               0.0     0.0        0

PRECIPITATION (INCHES)
RECORD
 MAXIMUM        13.17   1949
 MINIMUM         0.77   1995
TOTALS           5.01              5.41   -0.40     6.39
DAILY AVG.       0.16              0.17   -0.01     0.21
DAYS >= .01        12              12.0     0.0       15
DAYS >= .10         4               8.1    -4.1        7
DAYS >= .50         3               3.6    -0.6        4
DAYS >= 1.00        2               1.4     0.6        3
GREATEST
 24 HR. TOTAL    2.15

SNOWFALL (INCHES)
RECORDS
 TOTAL             MM   MM
TOTALS            0.0               0.0     0.0      0.0
SINCE 7/1         0.0               0.0     0.0      0.0
SNOWDEPTH AVG.      0                MM      MM        0
DAYS >= 1.0         0               0.0     0.0        0
GREATEST
 SNOW DEPTH         0   MM                             0  MM
 24 HR TOTAL      0.0

DEGREE_DAYS
HEATING TOTAL       0                 0       0        0
 SINCE 7/1          0                 0       0        0
COOLING TOTAL     560               505      55      549
 SINCE 1/1       2171              1907     264     2081
.................................................................

WIND (MPH)
AVERAGE WIND SPEED              3.8
HIGHEST WIND SPEED/DIRECTION    36/210    DATE  08/24
HIGHEST GUST SPEED/DIRECTION    50/210    DATE  08/24

SKY COVER
POSSIBLE SUNSHINE (PERCENT)   MM
AVERAGE SKY COVER           0.30
NUMBER OF DAYS FAIR           17
NUMBER OF DAYS PC             13
NUMBER OF DAYS CLOUDY          1

AVERAGE RH (PERCENT)     73

WEATHER CONDITIONS. NUMBER OF DAYS WITH
THUNDERSTORM              0     MIXED PRECIP               0
HEAVY RAIN                6     RAIN                       7
LIGHT RAIN               13     FREEZING RAIN              0
LT FREEZING RAIN          0     HAIL                       0
HEAVY SNOW                0     SNOW                       0
LIGHT SNOW                0     SLEET                      0
FOG                      23     FOG W/VIS <= 1/4 MILE      5
HAZE                      5

-  INDICATES NEGATIVE NUMBERS.
R  INDICATES RECORD WAS SET OR TIED.
MM INDICATES DATA IS MISSING.
T  INDICATES TRACE AMOUNT.

$$
