000
CXUS52 KJAX 011533
CLMAMG

CLIMATE REPORT
NATIONAL WEATHER SERVICE JACKSONVILLE FL
1127 AM EDT WED NOV 1 2017

...................................

...THE ALMA CLIMATE SUMMARY FOR THE MONTH OF OCTOBER 2017...

CLIMATE NORMAL PERIOD 1981 TO 2010
CLIMATE RECORD PERIOD 1948 TO 2017

WEATHER         OBSERVED          NORMAL  DEPART  LAST YEAR`S
                 VALUE   DATE(S)  VALUE   FROM    VALUE  DATE(S)
                                          NORMAL
................................................................
TEMPERATURE (F)
RECORD
 HIGH              95   10/02/1986
                        10/05/1954
 LOW               26   10/31/1954
                        10/30/1952
HIGHEST            92   10/10        80      12       90  10/02
LOWEST             38   10/30        57     -19       40  10/23
AVG. MAXIMUM     82.1              79.4     2.7     82.4
AVG. MINIMUM     60.5              57.5     3.0     57.0
MEAN             71.3              68.4     2.9     69.7
DAYS MAX >= 90      4               0.9     3.1        1
DAYS MAX <= 32      0               0.0     0.0        0
DAYS MIN <= 32      0               0.0     0.0        0
DAYS MIN <= 0       0               0.0     0.0        0

PRECIPITATION (INCHES)
RECORD
 MAXIMUM        10.37   1994
 MINIMUM            T   1963
TOTALS           1.66              3.03   -1.37     3.23
DAILY AVG.       0.05              0.10   -0.05     0.10
DAYS >= .01         3               6.7    -3.7        4
DAYS >= .10         3               4.0    -1.0        2
DAYS >= .50         1               1.8    -0.8        1
DAYS >= 1.00        1               0.8     0.2        1
GREATEST
 24 HR. TOTAL    1.06

SNOWFALL (INCHES)
RECORDS
 TOTAL             MM   MM
TOTALS            0.0               0.0     0.0      0.0
SINCE 7/1         0.0               0.0     0.0      0.0
SNOWDEPTH AVG.      0                MM      MM        0
DAYS >= 1.0         0               0.0     0.0        0
GREATEST
 SNOW DEPTH         0   MM                             0  MM
 24 HR TOTAL      0.0

DEGREE_DAYS
HEATING TOTAL      51                48       3       16
 SINCE 7/1         51                50       1       16
COOLING TOTAL     256               155     101      170
 SINCE 1/1       2821              2425     396     2662
.................................................................

WIND (MPH)
AVERAGE WIND SPEED              4.9
HIGHEST WIND SPEED/DIRECTION    30/180    DATE  10/23
HIGHEST GUST SPEED/DIRECTION    46/210    DATE  10/23

SKY COVER
POSSIBLE SUNSHINE (PERCENT)   MM
AVERAGE SKY COVER           0.40
NUMBER OF DAYS FAIR           15
NUMBER OF DAYS PC             12
NUMBER OF DAYS CLOUDY          4

AVERAGE RH (PERCENT)     70

WEATHER CONDITIONS. NUMBER OF DAYS WITH
THUNDERSTORM              0     MIXED PRECIP               0
HEAVY RAIN                3     RAIN                       2
LIGHT RAIN                4     FREEZING RAIN              0
LT FREEZING RAIN          0     HAIL                       0
HEAVY SNOW                0     SNOW                       0
LIGHT SNOW                0     SLEET                      0
FOG                      15     FOG W/VIS <= 1/4 MILE      2
HAZE                      7

-  INDICATES NEGATIVE NUMBERS.
R  INDICATES RECORD WAS SET OR TIED.
MM INDICATES DATA IS MISSING.
T  INDICATES TRACE AMOUNT.

$$
