000
CXUS52 KJAX 031829
CLMAMG

CLIMATE REPORT
NATIONAL WEATHER SERVICE JACKSONVILLE FL
226 PM EDT WED SEP 3 2014

...................................

...THE ALMA CLIMATE SUMMARY FOR THE MONTH OF AUGUST 2014...

CLIMATE NORMAL PERIOD 1981 TO 2010
CLIMATE RECORD PERIOD 1948 TO 2014

WEATHER         OBSERVED          NORMAL  DEPART  LAST YEAR`S
                 VALUE   DATE(S)  VALUE   FROM    VALUE  DATE(S)
                                          NORMAL
................................................................
TEMPERATURE (F)
RECORD
 HIGH             105   08/18/1995
 LOW               57   08/25/1957
                        08/28/1952
                        08/27/1951
HIGHEST            99   08/23        91       8       95  08/13
                                                          08/12
                                                          08/11
LOWEST             59   08/28        71     -12       65  08/28
AVG. MAXIMUM     93.3              91.1     2.2     91.2
AVG. MINIMUM     70.7              71.5    -0.8     71.7
MEAN             82.0              81.3     0.7     81.5
DAYS MAX >= 90     29              19.3     9.7       24
DAYS MAX <= 32      0               0.0     0.0        0
DAYS MIN <= 32      0               0.0     0.0        0
DAYS MIN <= 0       0               0.0     0.0        0

PRECIPITATION (INCHES)
RECORD
 MAXIMUM        13.17   1949
 MINIMUM         0.77   1995
TOTALS           6.63              5.41    1.22     9.45
DAILY AVG.       0.21              0.17    0.04     0.30
DAYS >= .01        10              12.0    -2.0       17
DAYS >= .10         7               8.1    -1.1       10
DAYS >= .50         4               3.6     0.4        6
DAYS >= 1.00        3               1.4     1.6        3
GREATEST
 24 HR. TOTAL    2.21

SNOWFALL (INCHES)
RECORDS
 TOTAL             MM   MM
TOTALS            0.0               0.0     0.0      0.0
SINCE 7/1         0.0               0.0     0.0      0.0
SNOWDEPTH AVG.      0                MM      MM        0
DAYS >= 1.0         0               0.0     0.0        0
GREATEST
 SNOW DEPTH         0   MM                             0  MM
 24 HR TOTAL      0.0

DEGREE_DAYS
HEATING TOTAL       0                 0       0        0
 SINCE 7/1          0                 0       0        0
COOLING TOTAL     534               505      29      518
 SINCE 1/1       1907              1907       0     1777
.................................................................

WIND (MPH)
AVERAGE WIND SPEED              4.0
HIGHEST WIND SPEED/DIRECTION    29/320    DATE  08/19
HIGHEST GUST SPEED/DIRECTION    37/230    DATE  08/18

SKY COVER
POSSIBLE SUNSHINE (PERCENT)   MM
AVERAGE SKY COVER           0.20
NUMBER OF DAYS FAIR           23
NUMBER OF DAYS PC              8
NUMBER OF DAYS CLOUDY          0

AVERAGE RH (PERCENT)     71

WEATHER CONDITIONS. NUMBER OF DAYS WITH
THUNDERSTORM              0     MIXED PRECIP               0
HEAVY RAIN                8     RAIN                       8
LIGHT RAIN               13     FREEZING RAIN              0
LT FREEZING RAIN          0     HAIL                       0
HEAVY SNOW                0     SNOW                       0
LIGHT SNOW                0     SLEET                      0
FOG                      26     FOG W/VIS <= 1/4 MILE      5
HAZE                     14

-  INDICATES NEGATIVE NUMBERS.
R  INDICATES RECORD WAS SET OR TIED.
MM INDICATES DATA IS MISSING.
T  INDICATES TRACE AMOUNT.

$$
