000
CXUS54 KBMX 021416
CLMANB


CLIMATE REPORT
NATIONAL WEATHER SERVICE BIRMINGHAM, AL
916 AM CDT SAT SEP 2 2017

...................................

...THE ANNISTON CLIMATE SUMMARY FOR THE MONTH OF AUGUST 2017...

CLIMATE NORMAL PERIOD 1981 TO 2010
CLIMATE RECORD PERIOD 1903 TO 2017

WEATHER         OBSERVED          NORMAL  DEPART  LAST YEAR`S
                 VALUE   DATE(S)  VALUE   FROM    VALUE  DATE(S)
                                          NORMAL
................................................................
TEMPERATURE (F)
RECORD
 HIGH             106   08/21/1983
 LOW               50   08/28/1952
HIGHEST            93   08/21        MM      MM       96  08/31
                        08/20                             08/07
                                                          08/04
LOWEST             63   08/25        MM      MM       70  08/23
                        08/24                             08/22
AVG. MAXIMUM     87.3              89.6    -2.3     92.4
AVG. MINIMUM     70.1              69.6     0.5     72.8
MEAN             78.7                               82.6
DAYS MAX >= 90     12              14.4    -2.4       24
DAYS MAX <= 32      0               0.0     0.0        0
DAYS MIN <= 32      0               0.0     0.0        0
DAYS MIN <= 0       0               0.0     0.0        0

PRECIPITATION (INCHES)
RECORD
 MAXIMUM        12.73   1967
 MINIMUM         0.40   2011
TOTALS           5.71              3.29    2.42     1.56
DAILY AVG.       0.18              0.11    0.07
DAYS >= .01        10               8.6     1.4
DAYS >= .10         6               5.4     0.6
DAYS >= .50         5               2.2     2.8
DAYS >= 1.00        3               0.8     2.2

DEGREE_DAYS
COOLING TOTAL     432               453     -21      555
 SINCE 1/1       1566              1517      49     1824
.................................................................

WIND (MPH)
AVERAGE WIND SPEED              3.8
HIGHEST WIND SPEED/DIRECTION    30/270    DATE  08/14
HIGHEST GUST SPEED/DIRECTION    40/210    DATE  08/06

AVERAGE RH (PERCENT)     75

WEATHER CONDITIONS. NUMBER OF DAYS WITH
THUNDERSTORM              0     MIXED PRECIP               0
HEAVY RAIN                4     RAIN                       4
LIGHT RAIN               12     FREEZING RAIN              0
LT FREEZING RAIN          0     HAIL                       0
HEAVY SNOW                0     SNOW                       0
LIGHT SNOW                0     SLEET                      0
FOG                      17     FOG W/VIS <= 1/4 MILE      1
HAZE                      1

-  INDICATES NEGATIVE NUMBERS.
R  INDICATES RECORD WAS SET OR TIED.
MM INDICATES DATA IS MISSING.
T  INDICATES TRACE AMOUNT.

$$
