000
CXUS54 KBMX 011257
CLMANB


CLIMATE REPORT
NATIONAL WEATHER SERVICE BIRMINGHAM, AL
757 AM CDT SAT NOV 1 2014

...................................

...THE ANNISTON CLIMATE SUMMARY FOR THE MONTH OF OCTOBER 2014...

CLIMATE NORMAL PERIOD 1981 TO 2010
CLIMATE RECORD PERIOD 1903 TO 2014

WEATHER         OBSERVED          NORMAL  DEPART  LAST YEAR`S
                 VALUE   DATE(S)  VALUE   FROM    VALUE  DATE(S)
                                          NORMAL
................................................................
TEMPERATURE (F)
RECORD
 HIGH              99   10/05/1954
 LOW               22   10/30/1952
HIGHEST            87   10/27        MM      MM       87  10/05
                        10/09
                        10/08
LOWEST             38   10/31        MM      MM       32  10/26
AVG. MAXIMUM     77.2              74.8     2.4     75.3
AVG. MINIMUM     51.3              51.3     0.0     53.5
MEAN             64.3                               64.4
DAYS MAX >= 90      0               0.2    -0.2        0
DAYS MAX <= 32      0               0.0     0.0        0
DAYS MIN <= 32      0               0.6    -0.6        1
DAYS MIN <= 0       0               0.0     0.0        0

PRECIPITATION (INCHES)
RECORD
 MAXIMUM         9.35   1995
 MINIMUM         0.00   1963
TOTALS           3.82              3.12    0.70     2.88
DAILY AVG.       0.12              0.10    0.02
DAYS >= .01         8               7.1     0.9
DAYS >= .10         6               4.5     1.5
DAYS >= .50         2               2.2    -0.2
DAYS >= 1.00        2               0.8     1.2

DEGREE_DAYS
HEATING TOTAL     108               131     -23      102
 SINCE 7/1        108               142     -34      102
COOLING TOTAL      96                71      25       89
 SINCE 1/1       1945              1854      91     1772
.................................................................

WIND (MPH)
AVERAGE WIND SPEED              4.1
HIGHEST WIND SPEED/DIRECTION    31/310    DATE  10/31
HIGHEST GUST SPEED/DIRECTION    45/300    DATE  10/31

AVERAGE RH (PERCENT)     69

WEATHER CONDITIONS. NUMBER OF DAYS WITH
THUNDERSTORM              0     MIXED PRECIP               0
HEAVY RAIN                4     RAIN                       4
LIGHT RAIN                8     FREEZING RAIN              0
LT FREEZING RAIN          0     HAIL                       0
HEAVY SNOW                0     SNOW                       0
LIGHT SNOW                0     SLEET                      0
FOG                      16     FOG W/VIS <= 1/4 MILE      2
HAZE                      1

-  INDICATES NEGATIVE NUMBERS.
R  INDICATES RECORD WAS SET OR TIED.
MM INDICATES DATA IS MISSING.
T  INDICATES TRACE AMOUNT.

$$
