479
CXUS54 KBMX 021219
CLMANB


CLIMATE REPORT
NATIONAL WEATHER SERVICE BIRMINGHAM, AL
619 AM CST THU MAR 2 2017

...................................

...THE ANNISTON CLIMATE SUMMARY FOR THE MONTH OF FEBRUARY 2017...

CLIMATE NORMAL PERIOD 1981 TO 2010
CLIMATE RECORD PERIOD 1903 TO 2017

WEATHER         OBSERVED          NORMAL  DEPART  LAST YEAR`S
                 VALUE   DATE(S)  VALUE   FROM    VALUE  DATE(S)
                                          NORMAL
................................................................
TEMPERATURE (F)
RECORD
 HIGH              84   02/24/1996
                        02/23/1996
                        02/26/1977
 LOW               -4   02/14/1905
HIGHEST            81   02/24        MM      MM       77  02/02
LOWEST             29   02/26        MM      MM       21  02/10
                        02/04
AVG. MAXIMUM     65.9              58.1     7.8     60.0
AVG. MINIMUM     42.8              36.3     6.5     37.6
MEAN             54.4                               48.8
DAYS MAX >= 90      0               0.0     0.0        0
DAYS MAX <= 32      0               0.1    -0.1        0
DAYS MIN <= 32      6               9.5    -3.5       13
DAYS MIN <= 0       0               0.0     0.0        0

PRECIPITATION (INCHES)
RECORD
 MAXIMUM         8.99   1990
 MINIMUM         1.19   1978
TOTALS           2.97              5.08   -2.11     5.65
DAILY AVG.       0.11              0.18   -0.07
DAYS >= .01        12               9.9     2.1
DAYS >= .10         7               7.0     0.0
DAYS >= .50         3               3.7    -0.7
DAYS >= 1.00        0               1.6    -1.6

DEGREE_DAYS
HEATING TOTAL     293               499    -206      464
 SINCE 7/1       1473              2272    -799     1734
.................................................................

WIND (MPH)
AVERAGE WIND SPEED              5.1
HIGHEST WIND SPEED/DIRECTION    24/250    DATE  02/08
HIGHEST GUST SPEED/DIRECTION    32/340    DATE  02/08

AVERAGE RH (PERCENT)     67

WEATHER CONDITIONS. NUMBER OF DAYS WITH
THUNDERSTORM              0     MIXED PRECIP               0
HEAVY RAIN                1     RAIN                       9
LIGHT RAIN               13     FREEZING RAIN              0
LT FREEZING RAIN          0     HAIL                       0
HEAVY SNOW                0     SNOW                       0
LIGHT SNOW                0     SLEET                      0
FOG                      17     FOG W/VIS <= 1/4 MILE      0
HAZE                      3

-  INDICATES NEGATIVE NUMBERS.
R  INDICATES RECORD WAS SET OR TIED.
MM INDICATES DATA IS MISSING.
T  INDICATES TRACE AMOUNT.

$$
