000
CXUS54 KBMX 030147
CLMANB


CLIMATE REPORT
NATIONAL WEATHER SERVICE BIRMINGHAM, AL
847 PM CDT TUE MAY 2 2017

...................................

...THE ANNISTON CLIMATE SUMMARY FOR THE MONTH OF APRIL 2017...

CLIMATE NORMAL PERIOD 1981 TO 2010
CLIMATE RECORD PERIOD 1903 TO 2017

WEATHER         OBSERVED          NORMAL  DEPART  LAST YEAR`S
                 VALUE   DATE(S)  VALUE   FROM    VALUE  DATE(S)
                                          NORMAL
................................................................
TEMPERATURE (F)
RECORD
 HIGH              93   04/17/1955
 LOW               26   04/08/2007
                        04/17/1905
                        01/21/1985
HIGHEST            88   04/29        MM      MM       87  04/30
                                                          04/29
LOWEST             36   04/08        MM      MM       37  04/09
AVG. MAXIMUM     79.7              74.0     5.7     76.1
AVG. MINIMUM     54.1              49.5     4.6     51.0
MEAN             66.9                               63.5
DAYS MAX >= 90      0               0.0     0.0        0
DAYS MAX <= 32      0               0.0     0.0        0
DAYS MIN <= 32      0               0.7    -0.7        0
DAYS MIN <= 0       0               0.0     0.0        0

PRECIPITATION (INCHES)
RECORD
 MAXIMUM        17.30   1979
 MINIMUM         0.17   MM
TOTALS           5.99              4.11    1.88     3.10
DAILY AVG.       0.20              0.14    0.06
DAYS >= .01         9               8.6     0.4
DAYS >= .10         5               6.6    -1.6
DAYS >= .50         4               2.9     1.1
DAYS >= 1.00        1               1.1    -0.1

DEGREE_DAYS
HEATING TOTAL      51               146     -95       98
 SINCE 7/1       1799              2754    -955     2030
COOLING TOTAL     115                49      66       61
 SINCE 1/1        160                62      98       89
.................................................................

WIND (MPH)
AVERAGE WIND SPEED              5.0
HIGHEST WIND SPEED/DIRECTION    31/250    DATE  04/05
HIGHEST GUST SPEED/DIRECTION    39/240    DATE  04/05

AVERAGE RH (PERCENT)     69

WEATHER CONDITIONS. NUMBER OF DAYS WITH
THUNDERSTORM              0     MIXED PRECIP               0
HEAVY RAIN                5     RAIN                       4
LIGHT RAIN                9     FREEZING RAIN              0
LT FREEZING RAIN          0     HAIL                       0
HEAVY SNOW                0     SNOW                       0
LIGHT SNOW                0     SLEET                      0
FOG                      11     FOG W/VIS <= 1/4 MILE      4
HAZE                      4

-  INDICATES NEGATIVE NUMBERS.
R  INDICATES RECORD WAS SET OR TIED.
MM INDICATES DATA IS MISSING.
T  INDICATES TRACE AMOUNT.

$$
