000
CXUS54 KBMX 011416
CLMANB


CLIMATE REPORT
NATIONAL WEATHER SERVICE BIRMINGHAM, AL
915 AM CDT WED JUL 1 2015

...................................

...THE ANNISTON CLIMATE SUMMARY FOR THE MONTH OF JUNE 2015...

CLIMATE NORMAL PERIOD 1981 TO 2010
CLIMATE RECORD PERIOD 1903 TO 2015

WEATHER         OBSERVED          NORMAL  DEPART  LAST YEAR`S
                 VALUE   DATE(S)  VALUE   FROM    VALUE  DATE(S)
                                          NORMAL
................................................................
TEMPERATURE (F)
RECORD
 HIGH             104   06/30/2012
                        06/28/1931
                        08/29/2000
 LOW               42   06/01/1972
HIGHEST            96   06/22        MM      MM       92  06/21
                                                          06/19
                                                          06/17
LOWEST             61   06/29        MM      MM       65  06/13
                                                          06/12
AVG. MAXIMUM     89.3              87.3     2.0     87.1
AVG. MINIMUM     68.4              66.6     1.8     68.5
MEAN             78.9                               77.8
DAYS MAX >= 90     15               9.3     5.7        8
DAYS MAX <= 32      0               0.0     0.0        0
DAYS MIN <= 32      0               0.0     0.0        0
DAYS MIN <= 0       0               0.0     0.0        0

PRECIPITATION (INCHES)
RECORD
 MAXIMUM         9.28   2003
 MINIMUM         0.00   1988
TOTALS           2.63              4.08   -1.45     5.11
DAILY AVG.       0.09              0.14   -0.05
DAYS >= .01        11              10.0     1.0
DAYS >= .10         5               6.9    -1.9
DAYS >= .50         2               2.8    -0.8
DAYS >= 1.00        1               1.1    -0.1

DEGREE_DAYS
COOLING TOTAL     424               359      65      393
 SINCE 1/1        741               599     142      637
.................................................................

WIND (MPH)
AVERAGE WIND SPEED              3.9
HIGHEST WIND SPEED/DIRECTION    23/070    DATE  06/24
HIGHEST GUST SPEED/DIRECTION    34/220    DATE  06/13

AVERAGE RH (PERCENT)     71

WEATHER CONDITIONS. NUMBER OF DAYS WITH
THUNDERSTORM              0     MIXED PRECIP               0
HEAVY RAIN                6     RAIN                       5
LIGHT RAIN               10     FREEZING RAIN              0
LT FREEZING RAIN          0     HAIL                       0
HEAVY SNOW                0     SNOW                       0
LIGHT SNOW                0     SLEET                      0
FOG                      17     FOG W/VIS <= 1/4 MILE      1
HAZE                      5

-  INDICATES NEGATIVE NUMBERS.
R  INDICATES RECORD WAS SET OR TIED.
MM INDICATES DATA IS MISSING.
T  INDICATES TRACE AMOUNT.

$$
