000
CXUS54 KBMX 011319
CLMANB


CLIMATE REPORT
NATIONAL WEATHER SERVICE BIRMINGHAM, AL
819 AM CDT MON SEP 1 2014

...................................

...THE ANNISTON CLIMATE SUMMARY FOR THE MONTH OF AUGUST 2014...

CLIMATE NORMAL PERIOD 1981 TO 2010
CLIMATE RECORD PERIOD 1903 TO 2014

WEATHER         OBSERVED          NORMAL  DEPART  LAST YEAR`S
                 VALUE   DATE(S)  VALUE   FROM    VALUE  DATE(S)
                                          NORMAL
................................................................
TEMPERATURE (F)
RECORD
 HIGH             106   08/21/1983
 LOW               50   08/28/1952
HIGHEST            99   08/07        MM      MM       94  08/30
LOWEST             57   08/14        MM      MM       61  08/27
AVG. MAXIMUM     91.4              89.6     1.8     86.1
AVG. MINIMUM     67.9              69.6    -1.7     69.1
MEAN             79.6                               77.6
DAYS MAX >= 90     23              14.4     8.6       12
DAYS MAX <= 32      0               0.0     0.0        0
DAYS MIN <= 32      0               0.0     0.0        0
DAYS MIN <= 0       0               0.0     0.0        0

PRECIPITATION (INCHES)
RECORD
 MAXIMUM        12.73   1967
 MINIMUM         0.40   2011
TOTALS           3.44              3.29    0.15     5.46
DAILY AVG.       0.11              0.11    0.00
DAYS >= .01        10               8.6     1.4
DAYS >= .10         8               5.4     2.6
DAYS >= .50         3               2.2     0.8
DAYS >= 1.00        1               0.8     0.2

DEGREE_DAYS
COOLING TOTAL     462               453       9      397
 SINCE 1/1       1507              1517     -10     1397
.................................................................

WIND (MPH)
AVERAGE WIND SPEED              4.0
HIGHEST WIND SPEED/DIRECTION    29/240    DATE  08/18
HIGHEST GUST SPEED/DIRECTION    40/230    DATE  08/18

AVERAGE RH (PERCENT)     68

WEATHER CONDITIONS. NUMBER OF DAYS WITH
THUNDERSTORM              0     MIXED PRECIP               0
HEAVY RAIN                5     RAIN                       5
LIGHT RAIN               10     FREEZING RAIN              0
LT FREEZING RAIN          0     HAIL                       0
HEAVY SNOW                0     SNOW                       0
LIGHT SNOW                0     SLEET                      0
FOG                      18     FOG W/VIS <= 1/4 MILE      0
HAZE                      7

-  INDICATES NEGATIVE NUMBERS.
R  INDICATES RECORD WAS SET OR TIED.
MM INDICATES DATA IS MISSING.
T  INDICATES TRACE AMOUNT.

$$
