206
CXUS54 KBMX 011436
CLMANB


CLIMATE REPORT
NATIONAL WEATHER SERVICE BIRMINGHAM, AL
836 AM CST MON FEB 1 2016

...................................

...THE ANNISTON CLIMATE SUMMARY FOR THE MONTH OF JANUARY 2016...

CLIMATE NORMAL PERIOD 1981 TO 2010
CLIMATE RECORD PERIOD 1903 TO 2016

WEATHER         OBSERVED          NORMAL  DEPART  LAST YEAR`S
                 VALUE   DATE(S)  VALUE   FROM    VALUE  DATE(S)
                                          NORMAL
................................................................
TEMPERATURE (F)
RECORD
 HIGH              80   01/25/1950
                        01/11/1949
                        01/10/1949
 LOW               -5   01/21/1985
HIGHEST            70   01/31        MM      MM       70  01/03
LOWEST             18   01/19        MM      MM       10  01/08
AVG. MAXIMUM     52.4              53.7    -1.3     53.5
AVG. MINIMUM     32.2              33.0    -0.8     31.4
MEAN             42.3                               42.5
DAYS MAX >= 90      0               0.0     0.0        0
DAYS MAX <= 32      1               0.6     0.4        0
DAYS MIN <= 32     19              15.0     4.0       20
DAYS MIN <= 0       0               0.0     0.0        0

PRECIPITATION (INCHES)
RECORD
 MAXIMUM        12.69   1972
 MINIMUM         0.95   1986
TOTALS           3.19              4.52   -1.33     5.50
DAILY AVG.       0.10              0.15   -0.05
DAYS >= .01         9              10.6    -1.6
DAYS >= .10         4               7.2    -3.2
DAYS >= .50         4               3.0     1.0
DAYS >= 1.00        0               1.3    -1.3

DEGREE_DAYS
HEATING TOTAL     697               671      26      692
 SINCE 7/1       1270              1773    -503     1830
.................................................................

WIND (MPH)
AVERAGE WIND SPEED              5.6
HIGHEST WIND SPEED/DIRECTION    24/260    DATE  01/22
HIGHEST GUST SPEED/DIRECTION    37/300    DATE  01/23

AVERAGE RH (PERCENT)     65

WEATHER CONDITIONS. NUMBER OF DAYS WITH
THUNDERSTORM              0     MIXED PRECIP               0
HEAVY RAIN                2     RAIN                       5
LIGHT RAIN               10     FREEZING RAIN              0
LT FREEZING RAIN          0     HAIL                       0
HEAVY SNOW                0     SNOW                       0
LIGHT SNOW                1     SLEET                      0
FOG                      10     FOG W/VIS <= 1/4 MILE      0
HAZE                      2

-  INDICATES NEGATIVE NUMBERS.
R  INDICATES RECORD WAS SET OR TIED.
MM INDICATES DATA IS MISSING.
T  INDICATES TRACE AMOUNT.

$$
