000
CXAK58 PAFC 011322
CLMANC

CXAK58 PAFC DDHHMM
CLMANC

ANCCLMANC 011315


CLIMATE REPORT
NATIONAL WEATHER SERVICE ANCHORAGE, AK
415 AM AKST MON DEC 1 2014

...................................

...THE ANCHORAGE AK CLIMATE SUMMARY FOR THE MONTH OF NOVEMBER 2014...

CLIMATE NORMAL PERIOD 1981 TO 2010
CLIMATE RECORD PERIOD 1915 TO 2014

WEATHER         OBSERVED          NORMAL  DEPART  LAST YEAR`S
                 VALUE   DATE(S)  VALUE   FROM    VALUE  DATE(S)
                                          NORMAL
................................................................
TEMPERATURE (F)
RECORD
 HIGH              62   11/04/1920
 LOW              -21   11/17/1956
HIGHEST            48                MM      MM       43
LOWEST             14                MM      MM       -9
AVG. MAXIMUM     36.4              27.8     8.6     27.0
AVG. MINIMUM     26.2              16.6     9.6     16.7
MEAN             31.3              22.2     9.1     21.9
DAYS MAX >= 90      0               0.0     0.0        0
DAYS MAX <= 32      6              20.2   -14.2       20
DAYS MIN <= 32     27              28.0    -1.0       26
DAYS MIN <= 0       0               2.4    -2.4        5

PRECIPITATION (INCHES)
RECORD
 MAXIMUM         2.87   2010
 MINIMUM         0.03   2005
TOTALS           0.39              1.16   -0.77     1.94
DAILY AVG.       0.01              0.04   -0.03     0.06
DAYS >= .01         5               9.4    -4.4        9
DAYS >= .10         2               3.8    -1.8        4
DAYS >= .50         0               0.4    -0.4        1
DAYS >= 1.00        0               0.0     0.0        1

GREATEST 24 HR. TOTAL    0.19   11/19 TO 11/19


STORM TOTAL       MM                                 MM


(MM/DD(HH))            MM

SNOWFALL (INCHES)
RECORDS TOTAL           38.8   5

                        0
                        -26215
 24 HR TOTAL     16.4   11/18/1964 TO 11/19/1964
 SNOW DEPTH        29   11/30/1996
TOTALS            2.2              13.1   -10.9     11.2
SINCE 7/1         6.0              21.4   -15.4     11.2
SNOWDEPTH AVG.      0                 6      -6        4
DAYS >= TRACE       9               8.1     0.9       10
DAYS >= 1.0         1               4.1    -3.1        3
GREATEST
 SNOW DEPTH         2   11/30                          8  11/27
                        11/29

24 HR TOTAL      2.1   MM

STORM TOTAL       MM                                 MM
(MM/DD(HH))            MM


DEGREE_DAYS
HEATING TOTAL    1004              1284    -280     1287
 SINCE 7/1       2715              3164    -449     2810
COOLING TOTAL       0                 0       0        0
 SINCE 1/1          3                 2       1       21

FREEZE DATES
RECORD
 EARLIEST     08/14/1946
 LATEST       06/08/1919
EARLIEST                        09/23
LATEST                          05/08
.................................................

WIND (MPH)
AVERAGE WIND SPEED              4.3
RESULTANT WIND SPEED/DIRECTION   2/040
HIGHEST WIND SPEED/DIRECTION    23/150    DATE  11/19
HIGHEST GUST SPEED/DIRECTION    40/MM     DATE   MM

SKY COVER
POSSIBLE SUNSHINE (PERCENT)   MM
AVERAGE SKY COVER           0.70
NUMBER OF DAYS FAIR            1
NUMBER OF DAYS PC             12
NUMBER OF DAYS CLOUDY         17

AVERAGE RH (PERCENT)     73

WEATHER CONDITIONS. NUMBER OF DAYS WITH
THUNDERSTORM              0     MIXED PRECIP               0
HEAVY RAIN                0     RAIN                       1
LIGHT RAIN                6     FREEZING RAIN              0
LT FREEZING RAIN          0     HAIL                       0
HEAVY SNOW                0     SNOW                       0
LIGHT SNOW                7     SLEET                      0
FOG                       5     FOG W/VIS <= 1/4 MILE      1
HAZE                      0


CIVIL TWILIGHT
                        START          AKST     END          AKST
                        START          AKST     END          AKST
  INDICATES NEGATIVE NUMBERS.
R  INDICATES RECORD WAS SET OR TIED.
MM INDICATES DATA IS MISSING.
T  INDICATES TRACE AMOUNT.

$$
&&
------------------------------------------------------
AMOUNT OF DAYLIGHT TODAY  (HOUR:MIN)........
GAIN/LOSS SINCE YESTERDAY (HOUR:MIN:SEC)....
