000
CXUS53 KAPX 010530
CLMANJ


CLIMATE REPORT
NATIONAL WEATHER SERVICE GAYLORD MI
1228 AM EST THU DEC 1 2016

...................................

...THE SAULT STE MARIE MI CLIMATE SUMMARY FOR THE MONTH OF NOVEMBER 2016...

CLIMATE NORMAL PERIOD 1981 TO 2010
CLIMATE RECORD PERIOD 1888 TO 2016

WEATHER         OBSERVED          NORMAL  DEPART  LAST YEAR`S
                 VALUE   DATE(S)  VALUE   FROM    VALUE  DATE(S)
                                          NORMAL
................................................................
TEMPERATURE (F)
RECORD
 HIGH              74   11/03/1938
 LOW              -12   11/29/1929
HIGHEST            66   11/01        MM      MM       69  11/05
LOWEST             19   11/22        MM      MM       19  11/22
AVG. MAXIMUM     49.2              40.1     9.1     47.6
AVG. MINIMUM     34.4              28.1     6.3     33.9
MEAN             41.8              34.1     7.7     40.7
DAYS MAX >= 90      0               0.0     0.0        0
DAYS MAX <= 32      4               5.7    -1.7        1
DAYS MIN <= 32      8              19.2   -11.2       13
DAYS MIN <= 0       0               0.0     0.0        0

PRECIPITATION (INCHES)
RECORD
 MAXIMUM           MM   MM
 MINIMUM           MM   MM
TOTALS           2.56              3.37   -0.81     3.93
DAILY AVG.       0.09              0.11   -0.02     0.13
DAYS >= .01        14              16.7    -2.7       13
DAYS >= .10         6               9.4    -3.4        9
DAYS >= .50         1               1.6    -0.6        3
DAYS >= 1.00        1               0.4     0.6        0
GREATEST
 24 HR. TOTAL    1.36   11/28 TO 11/29
 STORM TOTAL       MM
 (MM/DD(HH))            MM

SNOWFALL (INCHES)
RECORDS
 TOTAL             MM   MM
TOTALS            6.9              15.1    -8.2      7.0
SINCE 7/1         6.9              16.7    -9.8      9.0
SNOWDEPTH AVG.      0                 4      -4        0
DAYS >= TRACE       5              10.0    -5.0       10
DAYS >= 1.0         2               5.2    -3.2        3
GREATEST
 SNOW DEPTH         4   11/24                          4  11/24
                                                          11/23
 24 HR TOTAL      3.3   MM                           3.7

DEGREE_DAYS
HEATING TOTAL     689               927    -238
 SINCE 7/1       1270              1932    -662

FREEZE DATES
RECORD
 EARLIEST     MM
 LATEST       MM
EARLIEST                        MM
LATEST                          MM
.................................................................

WIND (MPH)
AVERAGE WIND SPEED              7.5
HIGHEST WIND SPEED/DIRECTION    28/310    DATE  11/19
HIGHEST GUST SPEED/DIRECTION    41/300    DATE  11/19

SKY COVER
POSSIBLE SUNSHINE (PERCENT)   MM
AVERAGE SKY COVER           0.50
NUMBER OF DAYS FAIR           10
NUMBER OF DAYS PC             10
NUMBER OF DAYS CLOUDY         10

AVERAGE RH (PERCENT)     78

WEATHER CONDITIONS. NUMBER OF DAYS WITH
THUNDERSTORM              0     MIXED PRECIP               0
HEAVY RAIN                1     RAIN                       4
LIGHT RAIN               13     FREEZING RAIN              0
LT FREEZING RAIN          0     HAIL                       0
HEAVY SNOW                1     SNOW                       2
LIGHT SNOW                5     SLEET                      0
FOG                      21     FOG W/VIS <= 1/4 MILE      8
HAZE                      4

-  INDICATES NEGATIVE NUMBERS.
R  INDICATES RECORD WAS SET OR TIED.
MM INDICATES DATA IS MISSING.
T  INDICATES TRACE AMOUNT.

$$
