000
CXUS53 KAPX 010732
CLMANJ


CLIMATE REPORT
NATIONAL WEATHER SERVICE GAYLORD MI
331 AM EDT SAT AUG 1 2015

...................................

...THE SAULT STE MARIE MI CLIMATE SUMMARY FOR THE MONTH OF JULY 2015...

CLIMATE NORMAL PERIOD 1981 TO 2010
CLIMATE RECORD PERIOD 1888 TO 2015

WEATHER         OBSERVED          NORMAL  DEPART  LAST YEAR`S
                 VALUE   DATE(S)  VALUE   FROM    VALUE  DATE(S)
                                          NORMAL
................................................................
TEMPERATURE (F)
RECORD
 HIGH              98   07/03/1921
                        07/30/1916
 LOW               36   07/21/1992
                        07/11/1985
                        07/06/1983
HIGHEST            95   07/28        MM      MM       82  07/21
                                                          07/20
LOWEST             43   07/02        MM      MM       43  07/10
AVG. MAXIMUM     77.6              76.2     1.4     72.4
AVG. MINIMUM     54.3              54.4    -0.1     51.3
MEAN             66.0              65.3     0.7     61.9
DAYS MAX >= 90      3               0.8     2.2        0
DAYS MAX <= 32      0               0.0     0.0        0
DAYS MIN <= 32      0               0.0     0.0        0
DAYS MIN <= 0       0               0.0     0.0        0

PRECIPITATION (INCHES)
RECORD
 MAXIMUM           MM   MM
 MINIMUM           MM   MM
TOTALS           3.05              2.86    0.19     1.48
DAILY AVG.       0.10              0.09    0.01     0.05
DAYS >= .01         5              11.2    -6.2       10
DAYS >= .10         4               6.1    -2.1        2
DAYS >= .50         2               1.9     0.1        1
DAYS >= 1.00        2               0.5     1.5        0
GREATEST
 24 HR. TOTAL    1.41   07/25 TO 07/25
 STORM TOTAL       MM
 (MM/DD(HH))            MM

DEGREE_DAYS
COOLING TOTAL      92                78      14
 SINCE 1/1        101               113     -12

FREEZE DATES
RECORD
 EARLIEST     MM
 LATEST       MM
EARLIEST                        MM
LATEST                          MM
.................................................................

WIND (MPH)
AVERAGE WIND SPEED              5.5
HIGHEST WIND SPEED/DIRECTION    20/310    DATE  07/07
HIGHEST GUST SPEED/DIRECTION    27/020    DATE  07/14

SKY COVER
POSSIBLE SUNSHINE (PERCENT)   MM
AVERAGE SKY COVER           0.30
NUMBER OF DAYS FAIR           11
NUMBER OF DAYS PC              8
NUMBER OF DAYS CLOUDY          1

AVERAGE RH (PERCENT)     71

WEATHER CONDITIONS. NUMBER OF DAYS WITH
THUNDERSTORM              0     MIXED PRECIP               0
HEAVY RAIN                2     RAIN                       2
LIGHT RAIN                8     FREEZING RAIN              0
LT FREEZING RAIN          0     HAIL                       0
HEAVY SNOW                0     SNOW                       0
LIGHT SNOW                0     SLEET                      0
FOG                       9     FOG W/VIS <= 1/4 MILE      1
HAZE                      3

-  INDICATES NEGATIVE NUMBERS.
R  INDICATES RECORD WAS SET OR TIED.
MM INDICATES DATA IS MISSING.
T  INDICATES TRACE AMOUNT.

$$
