000
CXUS53 KAPX 010923
CLMANJ


CLIMATE REPORT
NATIONAL WEATHER SERVICE GAYLORD MI
522 AM EDT MON AUG 1 2016

...................................

...THE SAULT STE MARIE MI CLIMATE SUMMARY FOR THE MONTH OF JULY 2016...

CLIMATE NORMAL PERIOD 1981 TO 2010
CLIMATE RECORD PERIOD 1888 TO 2016

WEATHER         OBSERVED          NORMAL  DEPART  LAST YEAR`S
                 VALUE   DATE(S)  VALUE   FROM    VALUE  DATE(S)
                                          NORMAL
................................................................
TEMPERATURE (F)
RECORD
 HIGH              98   07/03/1921
                        07/30/1916
 LOW               36   07/21/1992
                        07/11/1985
                        07/06/1983
HIGHEST            89   07/13        MM      MM       95  07/28
LOWEST             48   07/16        MM      MM       43  07/02
AVG. MAXIMUM     78.5              76.2     2.3     77.6
AVG. MINIMUM     57.8              54.4     3.4     54.3
MEAN             68.2              65.3     2.9     66.0
DAYS MAX >= 90      0               0.8    -0.8        3
DAYS MAX <= 32      0               0.0     0.0        0
DAYS MIN <= 32      0               0.0     0.0        0
DAYS MIN <= 0       0               0.0     0.0        0

PRECIPITATION (INCHES)
RECORD
 MAXIMUM           MM   MM
 MINIMUM           MM   MM
TOTALS           3.33              2.86    0.47     3.05
DAILY AVG.       0.11              0.09    0.02     0.10
DAYS >= .01         8              11.2    -3.2        5
DAYS >= .10         6               6.1    -0.1        4
DAYS >= .50         2               1.9     0.1        2
DAYS >= 1.00        1               0.5     0.5        2
GREATEST
 24 HR. TOTAL    1.50   07/08 TO 07/08
 STORM TOTAL       MM
 (MM/DD(HH))            MM

DEGREE_DAYS
COOLING TOTAL     130                78      52
 SINCE 1/1        177               113      64

FREEZE DATES
RECORD
 EARLIEST     MM
 LATEST       MM
EARLIEST                        MM
LATEST                          MM
.................................................................

WIND (MPH)
AVERAGE WIND SPEED              6.4
HIGHEST WIND SPEED/DIRECTION    29/200    DATE  07/13
HIGHEST GUST SPEED/DIRECTION    39/210    DATE  07/13

SKY COVER
POSSIBLE SUNSHINE (PERCENT)   MM
AVERAGE SKY COVER           0.30
NUMBER OF DAYS FAIR           20
NUMBER OF DAYS PC              7
NUMBER OF DAYS CLOUDY          4

AVERAGE RH (PERCENT)     71

WEATHER CONDITIONS. NUMBER OF DAYS WITH
THUNDERSTORM              0     MIXED PRECIP               0
HEAVY RAIN                4     RAIN                       6
LIGHT RAIN               14     FREEZING RAIN              0
LT FREEZING RAIN          0     HAIL                       0
HEAVY SNOW                0     SNOW                       0
LIGHT SNOW                0     SLEET                      0
FOG                      13     FOG W/VIS <= 1/4 MILE      4
HAZE                      0

-  INDICATES NEGATIVE NUMBERS.
R  INDICATES RECORD WAS SET OR TIED.
MM INDICATES DATA IS MISSING.
T  INDICATES TRACE AMOUNT.

$$
