000
CXUS53 KAPX 010546
CLMANJ


CLIMATE REPORT
NATIONAL WEATHER SERVICE GAYLORD MI
144 AM EDT MON MAY 1 2017

...................................

...THE SAULT STE MARIE MI CLIMATE SUMMARY FOR THE MONTH OF APRIL 2017...

CLIMATE NORMAL PERIOD 1981 TO 2010
CLIMATE RECORD PERIOD 1888 TO 2017

WEATHER         OBSERVED          NORMAL  DEPART  LAST YEAR`S
                 VALUE   DATE(S)  VALUE   FROM    VALUE  DATE(S)
                                          NORMAL
................................................................
TEMPERATURE (F)
RECORD
 HIGH              85   04/25/1990
 LOW              -13   04/01/1923
HIGHEST            67   04/27        MM      MM       75  04/17
LOWEST             27   04/08        MM      MM       12  04/09
AVG. MAXIMUM     51.2              49.4     1.8     45.1
AVG. MINIMUM     34.8              31.1     3.7     28.0
MEAN             43.0              40.2     2.8     36.6
DAYS MAX >= 90      0               0.0     0.0        0
DAYS MAX <= 32      0               1.4    -1.4        5
DAYS MIN <= 32     11              16.0    -5.0       19
DAYS MIN <= 0       0               0.0     0.0        0

PRECIPITATION (INCHES)
RECORD
 MAXIMUM           MM   MM
 MINIMUM           MM   MM
TOTALS           2.67              2.39    0.28     2.43
DAILY AVG.       0.09              0.08    0.01     0.08
DAYS >= .01        14              10.9     3.1       12
DAYS >= .10         8               6.1     1.9        8
DAYS >= .50         1               1.4    -0.4        2
DAYS >= 1.00        0               0.4    -0.4        0
GREATEST
 24 HR. TOTAL    0.65   04/09 TO 04/09
 STORM TOTAL       MM
 (MM/DD(HH))            MM

SNOWFALL (INCHES)
RECORDS
 TOTAL             MM   MM
TOTALS            0.6               6.7    -6.1     17.6
SINCE 7/1       137.5             120.3    17.2     91.9
SNOWDEPTH AVG.      1                MM      MM        2
DAYS >= TRACE       5               4.6     0.4       10
DAYS >= 1.0         0               2.0    -2.0        7
GREATEST
 SNOW DEPTH         7   04/02                          7  04/07
                        04/01
 24 HR TOTAL      0.5   04/11 TO 04/11               7.6

DEGREE_DAYS
HEATING TOTAL     652               743     -91
 SINCE 7/1       6724              8069   -1345
COOLING TOTAL       0                 0       0
 SINCE 1/1          0                 0       0

FREEZE DATES
RECORD
 EARLIEST     MM
 LATEST       MM
EARLIEST                        MM
LATEST                          MM
.................................................................

WIND (MPH)
AVERAGE WIND SPEED              8.0
HIGHEST WIND SPEED/DIRECTION    33/230    DATE  04/27
HIGHEST GUST SPEED/DIRECTION    47/220    DATE  04/27

SKY COVER
POSSIBLE SUNSHINE (PERCENT)   MM
AVERAGE SKY COVER           0.50
NUMBER OF DAYS FAIR           11
NUMBER OF DAYS PC             10
NUMBER OF DAYS CLOUDY          9

AVERAGE RH (PERCENT)     68

WEATHER CONDITIONS. NUMBER OF DAYS WITH
THUNDERSTORM              0     MIXED PRECIP               0
HEAVY RAIN                3     RAIN                       5
LIGHT RAIN               14     FREEZING RAIN              1
LT FREEZING RAIN          1     HAIL                       0
HEAVY SNOW                0     SNOW                       0
LIGHT SNOW                5     SLEET                      0
FOG                      16     FOG W/VIS <= 1/4 MILE      3
HAZE                      1

-  INDICATES NEGATIVE NUMBERS.
R  INDICATES RECORD WAS SET OR TIED.
MM INDICATES DATA IS MISSING.
T  INDICATES TRACE AMOUNT.

$$
