000
CXUS53 KAPX 012323
CLMANJ


CLIMATE REPORT
NATIONAL WEATHER SERVICE GAYLORD MI
722 PM EDT SAT NOV 1 2014

...................................

...THE SAULT STE MARIE MI CLIMATE SUMMARY FOR THE MONTH OF OCTOBER 2014...

CLIMATE NORMAL PERIOD 1981 TO 2010
CLIMATE RECORD PERIOD 1888 TO 2014

WEATHER         OBSERVED          NORMAL  DEPART  LAST YEAR`S
                 VALUE   DATE(S)  VALUE   FROM    VALUE  DATE(S)
                                          NORMAL
................................................................
TEMPERATURE (F)
RECORD
 HIGH              82   10/04/1922
 LOW               15   10/30/1925
HIGHEST            62   10/03        MM      MM       73  10/01
LOWEST             27   10/31        MM      MM       27  10/29
                        10/22                             10/28
                                                          10/23
AVG. MAXIMUM     51.2              53.3    -2.1     54.4
AVG. MINIMUM     39.1              37.8     1.3     39.6
MEAN             45.2              45.6    -0.4     47.0
DAYS MAX >= 90      0               0.0     0.0        0
DAYS MAX <= 32      0               0.2    -0.2        0
DAYS MIN <= 32      6               6.9    -0.9        7
DAYS MIN <= 0       0               0.0     0.0        0

PRECIPITATION (INCHES)
RECORD
 MAXIMUM           MM   MM
 MINIMUM           MM   MM
TOTALS           7.62              3.80    3.82     4.53
DAILY AVG.       0.25              0.12    0.13     0.15
DAYS >= .01        20              15.5     4.5       22
DAYS >= .10        12               9.5     2.5        9
DAYS >= .50         4               2.0     2.0        2
DAYS >= 1.00        2               0.6     1.4        1
GREATEST
 24 HR. TOTAL    2.51   10/13 TO 10/14
 STORM TOTAL       MM
 (MM/DD(HH))            MM

SNOWFALL (INCHES)
RECORDS
 TOTAL             MM   MM
TOTALS              T               1.6    -1.6      6.7
SINCE 7/1           T               1.6    -1.6      6.7
SNOWDEPTH AVG.      0                MM      MM        0
DAYS >= TRACE       1               2.2    -1.2        6
DAYS >= 1.0         0               0.5    -0.5        2
GREATEST
 SNOW DEPTH         0   MM                             2  10/24
 24 HR TOTAL        T   10/31 TO 10/31               4.7

DEGREE_DAYS
HEATING TOTAL     607               604       3
 SINCE 7/1       1038              1005      33
COOLING TOTAL       0                 1      -1
 SINCE 1/1        113               196     -83

FREEZE DATES
RECORD
 EARLIEST     MM
 LATEST       MM
EARLIEST      10/18             MM
LATEST                          MM
.................................................................

WIND (MPH)
AVERAGE WIND SPEED              7.8
HIGHEST WIND SPEED/DIRECTION    30/300    DATE  10/25
HIGHEST GUST SPEED/DIRECTION    43/040    DATE  10/14

SKY COVER
POSSIBLE SUNSHINE (PERCENT)   MM
AVERAGE SKY COVER           0.80
NUMBER OF DAYS FAIR            5
NUMBER OF DAYS PC              4
NUMBER OF DAYS CLOUDY         22

AVERAGE RH (PERCENT)     79

WEATHER CONDITIONS. NUMBER OF DAYS WITH
THUNDERSTORM              0     MIXED PRECIP               0
HEAVY RAIN                6     RAIN                      12
LIGHT RAIN               23     FREEZING RAIN              0
LT FREEZING RAIN          0     HAIL                       0
HEAVY SNOW                0     SNOW                       0
LIGHT SNOW                1     SLEET                      0
FOG                      22     FOG W/VIS <= 1/4 MILE      3
HAZE                      0

-  INDICATES NEGATIVE NUMBERS.
R  INDICATES RECORD WAS SET OR TIED.
MM INDICATES DATA IS MISSING.
T  INDICATES TRACE AMOUNT.

$$
