000
CXUS53 KAPX 010642
CLMANJ


CLIMATE REPORT
NATIONAL WEATHER SERVICE GAYLORD MI
140 AM EST SUN MAR 1 2015

...................................

...THE SAULT STE MARIE MI CLIMATE SUMMARY FOR THE MONTH OF FEBRUARY 2015...

CLIMATE NORMAL PERIOD 1981 TO 2010
CLIMATE RECORD PERIOD 1888 TO 2015

WEATHER         OBSERVED          NORMAL  DEPART  LAST YEAR`S
                 VALUE   DATE(S)  VALUE   FROM    VALUE  DATE(S)
                                          NORMAL
................................................................
TEMPERATURE (F)
RECORD
 HIGH              50   02/16/1921
 LOW              -37   02/08/1934
                        02/10/1899
HIGHEST            26   02/11        MM      MM       36  02/21
                                                          02/20
                                                          02/19
LOWEST            -24   02/20        MM      MM      -21  02/28
AVG. MAXIMUM     12.7              25.9   -13.2     17.9
AVG. MINIMUM     -6.8               9.4   -16.2      0.8
MEAN              2.9              17.6   -14.7      9.4
DAYS MAX >= 90      0               0.0     0.0        0
DAYS MAX <= 32     28              19.9     8.1       25
DAYS MIN <= 32     28              26.9     1.1       28
DAYS MIN <= 0      18               7.2    10.8       16

PRECIPITATION (INCHES)
RECORD
 MAXIMUM           MM   MM
 MINIMUM           MM   MM
TOTALS           1.37              1.34    0.03     0.77
DAILY AVG.       0.05              0.05    0.00     0.03
DAYS >= .01        13              13.0     0.0       15
DAYS >= .10         5               4.3     0.7        1
DAYS >= .50         0               0.2    -0.2        0
DAYS >= 1.00        0               0.0     0.0        0
GREATEST
 24 HR. TOTAL    0.43   02/07 TO 02/08
 STORM TOTAL       MM
 (MM/DD(HH))            MM

SNOWFALL (INCHES)
RECORDS
 TOTAL             MM   MM
TOTALS           19.7              18.6     1.1     15.9
SINCE 7/1       148.7             100.2    48.5    106.1
SNOWDEPTH AVG.     27                20       7       25
DAYS >= TRACE      20              14.2     5.8       25
DAYS >= 1.0         6               6.0     0.0        6
GREATEST
 SNOW DEPTH        30   02/14                         28  02/19
                                                          02/18
 24 HR TOTAL      3.8   MM                           2.9

DEGREE_DAYS
HEATING TOTAL    1730              1326     404
 SINCE 7/1       6779              6126     653

FREEZE DATES
RECORD
 EARLIEST     MM
 LATEST       MM
EARLIEST                        MM
LATEST                          MM
.................................................................

WIND (MPH)
AVERAGE WIND SPEED              7.2
HIGHEST WIND SPEED/DIRECTION    25/310    DATE  02/24
HIGHEST GUST SPEED/DIRECTION    36/290    DATE  02/24

SKY COVER
POSSIBLE SUNSHINE (PERCENT)   MM
AVERAGE SKY COVER           0.50
NUMBER OF DAYS FAIR           11
NUMBER OF DAYS PC              9
NUMBER OF DAYS CLOUDY          8

AVERAGE RH (PERCENT)     69

WEATHER CONDITIONS. NUMBER OF DAYS WITH
THUNDERSTORM              0     MIXED PRECIP               0
HEAVY RAIN                0     RAIN                       0
LIGHT RAIN                0     FREEZING RAIN              0
LT FREEZING RAIN          0     HAIL                       0
HEAVY SNOW                0     SNOW                       6
LIGHT SNOW               20     SLEET                      0
FOG                       8     FOG W/VIS <= 1/4 MILE      0
HAZE                      8

-  INDICATES NEGATIVE NUMBERS.
R  INDICATES RECORD WAS SET OR TIED.
MM INDICATES DATA IS MISSING.
T  INDICATES TRACE AMOUNT.

$$
