000
CXUS53 KAPX 010812
CLMANJ


CLIMATE REPORT
NATIONAL WEATHER SERVICE GAYLORD MI
411 AM EDT WED OCT 1 2014

...................................

...THE SAULT STE MARIE MI CLIMATE SUMMARY FOR THE MONTH OF SEPTEMBER 2014...

CLIMATE NORMAL PERIOD 1981 TO 2010
CLIMATE RECORD PERIOD 1888 TO 2014

WEATHER         OBSERVED          NORMAL  DEPART  LAST YEAR`S
                 VALUE   DATE(S)  VALUE   FROM    VALUE  DATE(S)
                                          NORMAL
................................................................
TEMPERATURE (F)
RECORD
 HIGH              95   09/08/1976
 LOW               25   09/30/1993
                        09/23/1981
                        09/25/1947
HIGHEST            80   09/28        MM      MM       82  09/10
LOWEST             36   09/18        MM      MM       37  09/16
AVG. MAXIMUM     66.3              66.5    -0.2     65.9
AVG. MINIMUM     46.9              47.7    -0.8     47.8
MEAN             56.6              57.1    -0.5     56.8
DAYS MAX >= 90      0               0.0     0.0        0
DAYS MAX <= 32      0               0.0     0.0        0
DAYS MIN <= 32      0               0.7    -0.7        0
DAYS MIN <= 0       0               0.0     0.0        0

PRECIPITATION (INCHES)
RECORD
 MAXIMUM           MM   MM
 MINIMUM           MM   MM
TOTALS           3.97              3.82    0.15     6.82
DAILY AVG.       0.13              0.13    0.00     0.23
DAYS >= .01        11              12.9    -1.9       11
DAYS >= .10         8               8.0     0.0        7
DAYS >= .50         3               2.5     0.5        4
DAYS >= 1.00        1               0.8     0.2        3
GREATEST
 24 HR. TOTAL    1.59   09/10 TO 09/10
                        09/10 TO 09/11
 STORM TOTAL       MM
 (MM/DD(HH))            MM

DEGREE_DAYS
HEATING TOTAL     250               254      -4
 SINCE 7/1        431               401      30
COOLING TOTAL       5                17     -12
 SINCE 1/1        113               195     -82

FREEZE DATES
RECORD
 EARLIEST     MM
 LATEST       MM
EARLIEST                        MM
LATEST                          MM
.................................................................

WIND (MPH)
AVERAGE WIND SPEED              6.0
HIGHEST WIND SPEED/DIRECTION    24/220    DATE  09/20
HIGHEST GUST SPEED/DIRECTION    33/220    DATE  09/20

SKY COVER
POSSIBLE SUNSHINE (PERCENT)   MM
AVERAGE SKY COVER           0.50
NUMBER OF DAYS FAIR           13
NUMBER OF DAYS PC              9
NUMBER OF DAYS CLOUDY          8

AVERAGE RH (PERCENT)     76

WEATHER CONDITIONS. NUMBER OF DAYS WITH
THUNDERSTORM              0     MIXED PRECIP               0
HEAVY RAIN                6     RAIN                       5
LIGHT RAIN               13     FREEZING RAIN              0
LT FREEZING RAIN          0     HAIL                       0
HEAVY SNOW                0     SNOW                       0
LIGHT SNOW                0     SLEET                      0
FOG                      19     FOG W/VIS <= 1/4 MILE      4
HAZE                      2

-  INDICATES NEGATIVE NUMBERS.
R  INDICATES RECORD WAS SET OR TIED.
MM INDICATES DATA IS MISSING.
T  INDICATES TRACE AMOUNT.

$$
