000
CXUS51 KCTP 010814
CLMAOO

CLIMATE REPORT
NATIONAL WEATHER SERVICE STATE COLLEGE PA
348 AM EDT FRI JUL 1 2016

...................................

...THE ALTOONA CLIMATE SUMMARY FOR THE MONTH OF JUNE 2016...

CLIMATE NORMAL PERIOD 1981 TO 2010
CLIMATE RECORD PERIOD 1948 TO 2016

WEATHER         OBSERVED          NORMAL  DEPART  LAST YEAR`S
                 VALUE   DATE(S)  VALUE   FROM    VALUE  DATE(S)
                                          NORMAL
................................................................
TEMPERATURE (F)
RECORD
 HIGH              97   06/28/1971
                        06/21/1953
 LOW               32   06/01/1966
HIGHEST            88   06/11                         89  06/12
                                                          06/11
LOWEST             47   06/09                         47  06/07
AVG. MAXIMUM     78.7              77.2     1.5     76.7
AVG. MINIMUM     58.2              56.2     2.0     59.9
MEAN             68.4              66.7     1.7     68.3
DAYS MAX >= 90      0                MM      MM        0
DAYS MAX <= 32      0                MM      MM        0
DAYS MIN <= 32      0                MM      MM        0
DAYS MIN <= 0       0                MM      MM        0

PRECIPITATION (INCHES)
RECORD
 MAXIMUM        12.99   1972
 MINIMUM         0.54   1965
TOTALS           2.51              3.48   -0.97     7.61
DAILY AVG.       0.08              0.12   -0.04     0.25
DAYS >= .01        11                MM      MM       19
DAYS >= .10         6                MM      MM       14
DAYS >= .50         2                MM      MM        5
DAYS >= 1.00        0                MM      MM        1
GREATEST
 24 HR. TOTAL    0.78   06/15 TO 06/16

DEGREE_DAYS
HEATING TOTAL      23                58     -35       39
 SINCE 7/1       5191              6205   -1014     6294
COOLING TOTAL     133               109      24      148
 SINCE 1/1        184               142      42      252
........................................................

WIND (MPH)
AVERAGE WIND SPEED              6.7
HIGHEST WIND SPEED/DIRECTION    31/300    DATE  06/08
HIGHEST GUST SPEED/DIRECTION    43/320    DATE  06/12

SKY COVER
POSSIBLE SUNSHINE (PERCENT)   MM
AVERAGE SKY COVER           0.40
NUMBER OF DAYS FAIR           16
NUMBER OF DAYS PC             12
NUMBER OF DAYS CLOUDY          2

AVERAGE RH (PERCENT)     67

WEATHER CONDITIONS. NUMBER OF DAYS WITH
THUNDERSTORM              6     MIXED PRECIP               0
HEAVY RAIN                8     RAIN                       8
LIGHT RAIN               13     FREEZING RAIN              0
LT FREEZING RAIN          0     HAIL                       0
HEAVY SNOW                0     SNOW                       0
LIGHT SNOW                0     SLEET                      0
FOG                      15     FOG W/VIS <= 1/4 MILE      2
HAZE                      4

-  INDICATES NEGATIVE NUMBERS.
R  INDICATES RECORD WAS SET OR TIED.
MM INDICATES DATA IS MISSING.
T  INDICATES TRACE AMOUNT.

$$
