000
CXUS51 KCTP 010752
CLMAOO

CLIMATE REPORT
NATIONAL WEATHER SERVICE STATE COLLEGE PA
352 AM EDT SAT JUL 1 2017

...................................

...THE ALTOONA CLIMATE SUMMARY FOR THE MONTH OF JUNE 2017...

CLIMATE NORMAL PERIOD 1981 TO 2010
CLIMATE RECORD PERIOD 1948 TO 2017

WEATHER         OBSERVED          NORMAL  DEPART  LAST YEAR`S
                 VALUE   DATE(S)  VALUE   FROM    VALUE  DATE(S)
                                          NORMAL
................................................................
TEMPERATURE (F)
RECORD
 HIGH              97   06/28/1971
                        06/21/1953
 LOW               32   06/01/1966
HIGHEST            92   06/13                         88  06/11
LOWEST             47   06/08                         47  06/09
AVG. MAXIMUM     78.9              77.2     1.7     78.7
AVG. MINIMUM     58.9              56.2     2.7     58.2
MEAN             68.9              66.7     2.2     68.4
DAYS MAX >= 90      1                MM      MM        0
DAYS MAX <= 32      0                MM      MM        0
DAYS MIN <= 32      0                MM      MM        0
DAYS MIN <= 0       0                MM      MM        0

PRECIPITATION (INCHES)
RECORD
 MAXIMUM        12.99   1972
 MINIMUM         0.54   1965
TOTALS           4.12              3.48    0.64     2.51
DAILY AVG.       0.14              0.12    0.02     0.08
DAYS >= .01        13                MM      MM       11
DAYS >= .10         7                MM      MM        6
DAYS >= .50         2                MM      MM        2
DAYS >= 1.00        1                MM      MM        0
GREATEST
 24 HR. TOTAL    1.95   06/23 TO 06/23

DEGREE_DAYS
HEATING TOTAL      31                58     -27       23
 SINCE 7/1       5000              6205   -1205     5191
COOLING TOTAL     156               109      47      133
 SINCE 1/1        229               142      87      184
.......................................................

WIND (MPH)
AVERAGE WIND SPEED              7.1
HIGHEST WIND SPEED/DIRECTION    25/310    DATE  06/02
HIGHEST GUST SPEED/DIRECTION    35/310    DATE  06/02

SKY COVER
POSSIBLE SUNSHINE (PERCENT)   MM
AVERAGE SKY COVER           0.40
NUMBER OF DAYS FAIR           15
NUMBER OF DAYS PC             13
NUMBER OF DAYS CLOUDY          2

AVERAGE RH (PERCENT)     71

WEATHER CONDITIONS. NUMBER OF DAYS WITH
THUNDERSTORM              5     MIXED PRECIP               0
HEAVY RAIN                7     RAIN                       6
LIGHT RAIN               16     FREEZING RAIN              0
LT FREEZING RAIN          0     HAIL                       0
HEAVY SNOW                0     SNOW                       0
LIGHT SNOW                0     SLEET                      0
FOG                      10     FOG W/VIS <= 1/4 MILE      1
HAZE                      2

-  INDICATES NEGATIVE NUMBERS.
R  INDICATES RECORD WAS SET OR TIED.
MM INDICATES DATA IS MISSING.
T  INDICATES TRACE AMOUNT.

&&

A RECORD DAILY MAXIMUM RAINFALL OF 1.95 INCHES WAS SET ON THE 23RD.
THIS BROKE THE PREVIOUS RECORD OF 1.25 INCHES SET IN 1998.

$$
MS
