000
CXUS52 KMFL 020941
CLMAPF


CLIMATE REPORT
NATIONAL WEATHER SERVICE MIAMI, FL
439 AM EST THU MAR 2 2017

...................................

...THE NAPLES CLIMATE SUMMARY FOR THE MONTH OF FEBRUARY 2017...

CLIMATE NORMAL PERIOD 1981 TO 2010
CLIMATE RECORD PERIOD 1942 TO 2017

WEATHER         OBSERVED          NORMAL  DEPART  LAST YEAR`S
                 VALUE   DATE(S)  VALUE   FROM    VALUE  DATE(S)
                                          NORMAL
................................................................
TEMPERATURE (F)
RECORD
 HIGH              89   02/21/1974
                        02/20/1974
                        02/26/1962
 LOW               28   02/04/1981
HIGHEST            88   02/28                         84  02/03
                        02/27                             02/02
LOWEST             51   02/17                         43  02/11
                        02/01
AVG. MAXIMUM     80.1              76.9     3.2     74.2
AVG. MINIMUM     61.3              56.8     4.5     56.0
MEAN             70.7              66.9     3.8     65.1
DAYS MAX >= 90      0                                  0
DAYS MAX <= 32      0                                  0
DAYS MIN <= 32      0                                  0
DAYS MIN <= 0       0                                  0

PRECIPITATION (INCHES)
RECORD
 MAXIMUM         7.99   1983
 MINIMUM         0.00   1949
                        1948
TOTALS           1.13              2.10   -0.97     1.16
DAILY AVG.       0.04              0.07   -0.03     0.04
DAYS >= .01         2                                  6
DAYS >= .10         2                                  3
DAYS >= .50         1                                  0
DAYS >= 1.00        1                                  0
GREATEST
 24 HR. TOTAL    1.03   02/22 TO 02/22              0.48

DEGREE_DAYS
HEATING TOTAL       3                53     -50       71
 SINCE 7/1         56               233    -177      138
COOLING TOTAL     169               105      64       82
 SINCE 1/1        323               191     132      162
.................................................................

WIND (MPH)
AVERAGE WIND SPEED              7.1
HIGHEST WIND SPEED/DIRECTION    24/150    DATE  02/22
HIGHEST GUST SPEED/DIRECTION    34/160    DATE  02/22

SKY COVER
POSSIBLE SUNSHINE (PERCENT)   MM
AVERAGE SKY COVER           0.20
NUMBER OF DAYS FAIR           21
NUMBER OF DAYS PC              7
NUMBER OF DAYS CLOUDY          0

AVERAGE RH (PERCENT)     76

WEATHER CONDITIONS. NUMBER OF DAYS WITH
THUNDERSTORM              1     MIXED PRECIP               0
HEAVY RAIN                2     RAIN                       1
LIGHT RAIN                3     FREEZING RAIN              0
LT FREEZING RAIN          0     HAIL                       0
HEAVY SNOW                0     SNOW                       0
LIGHT SNOW                0     SLEET                      0
FOG                      10     FOG W/VIS <= 1/4 MILE      3
HAZE                      1

-  INDICATES NEGATIVE NUMBERS.
R  INDICATES RECORD WAS SET OR TIED.
MM INDICATES DATA IS MISSING.
T  INDICATES TRACE AMOUNT.

$$
