000
CXUS52 KMFL 011359
CLMAPF

CLIMATE REPORT
NATIONAL WEATHER SERVICE MIAMI, FL
954 AM EDT TUE SEP 1 2015

...................................

...THE NAPLES CLIMATE SUMMARY FOR THE MONTH OF AUGUST 2015...

CLIMATE NORMAL PERIOD 1981 TO 2010
CLIMATE RECORD PERIOD 1942 TO 2015

WEATHER         OBSERVED          NORMAL  DEPART  LAST YEAR`S
                 VALUE   DATE(S)  VALUE   FROM    VALUE  DATE(S)
                                          NORMAL
................................................................
TEMPERATURE (F)
RECORD
 HIGH              98   08/29/2007
 LOW               63   08/28/1973
                        08/21/1973
HIGHEST            96   08/29                         95  08/31
                                                          08/30
LOWEST             74   08/27                         72  08/27
                        08/16
AVG. MAXIMUM     92.2              91.0     1.2     91.9
AVG. MINIMUM     77.2              75.3     1.9     76.6
MEAN             84.7              83.2     1.5     84.2
DAYS MAX >= 90     28                                 30
DAYS MAX <= 32      0                                  0
DAYS MIN <= 32      0                                  0
DAYS MIN <= 0       0                                  0

PRECIPITATION (INCHES)
RECORD
 MAXIMUM        14.60   1962
 MINIMUM         1.46   1952
TOTALS           2.78              8.58   -5.80    13.89
DAILY AVG.       0.09              0.28   -0.19     0.45
DAYS >= .01        14                                 19
DAYS >= .10         9                                 17
DAYS >= .50         1                                  6
DAYS >= 1.00        0                                  1
GREATEST
 24 HR. TOTAL    1.02   08/30 TO 08/31              6.93

DEGREE_DAYS
HEATING TOTAL       0                 0       0        0
 SINCE 7/1          0                 0       0        0
COOLING TOTAL     619               563      56      605
 SINCE 1/1       3050              2657     393     2870
.................................................................

WIND (MPH)
AVERAGE WIND SPEED              6.1
HIGHEST WIND SPEED/DIRECTION    30/130    DATE  08/29
HIGHEST GUST SPEED/DIRECTION    38/280    DATE  08/08

SKY COVER
POSSIBLE SUNSHINE (PERCENT)   MM
AVERAGE SKY COVER           0.20
NUMBER OF DAYS FAIR           30
NUMBER OF DAYS PC              1
NUMBER OF DAYS CLOUDY          0

AVERAGE RH (PERCENT)     77

WEATHER CONDITIONS. NUMBER OF DAYS WITH
THUNDERSTORM             24     MIXED PRECIP               0
HEAVY RAIN                8     RAIN                       9
LIGHT RAIN               17     FREEZING RAIN              0
LT FREEZING RAIN          0     HAIL                       0
HEAVY SNOW                0     SNOW                       0
LIGHT SNOW                0     SLEET                      0
FOG                      13     FOG W/VIS <= 1/4 MILE      0
HAZE                      7

-  INDICATES NEGATIVE NUMBERS.
R  INDICATES RECORD WAS SET OR TIED.
MM INDICATES DATA IS MISSING.
T  INDICATES TRACE AMOUNT.

$$
