000
CXUS52 KMFL 011339
CLMAPF


CLIMATE REPORT
NATIONAL WEATHER SERVICE MIAMI, FL
835 AM EST FRI DEC 1 2017

...................................

...THE NAPLES CLIMATE SUMMARY FOR THE MONTH OF NOVEMBER 2017...

CLIMATE NORMAL PERIOD 1981 TO 2010
CLIMATE RECORD PERIOD 1942 TO 2017

WEATHER         OBSERVED          NORMAL  DEPART  LAST YEAR`S
                 VALUE   DATE(S)  VALUE   FROM    VALUE  DATE(S)
                                          NORMAL
................................................................
TEMPERATURE (F)
RECORD
 HIGH              92   11/04/2015
                        11/10/1946
                        08/04/1944
 LOW               31   11/25/1970
HIGHEST            86   11/12                         89  11/02
                        11/07
                        11/06
LOWEST             59   11/01                         48  11/21
AVG. MAXIMUM     82.4              81.2     1.2     82.7
AVG. MINIMUM     65.6              62.9     2.7     62.3
MEAN             74.0              72.1     1.9     72.5
DAYS MAX >= 90      0                                  0
DAYS MAX <= 32      0                                  0
DAYS MIN <= 32      0                                  0
DAYS MIN <= 0       0                                  0

PRECIPITATION (INCHES)
RECORD
 MAXIMUM         9.69   1946
 MINIMUM            T   2016
TOTALS           0.09              2.04   -1.95        T
DAILY AVG.       0.00              0.07   -0.07        T
DAYS >= .01         2                                  0
DAYS >= .10         0                                  0
DAYS >= .50         0                                  0
DAYS >= 1.00        0                                  0
GREATEST
 24 HR. TOTAL    0.07   11/23 TO 11/23                 T

DEGREE_DAYS
HEATING TOTAL       0                13     -13        4
 SINCE 7/1          4                14     -10        4
COOLING TOTAL     276               224      52      234
 SINCE 1/1       4200              3819     381     4152
.................................................................

WIND (MPH)
AVERAGE WIND SPEED              7.8
HIGHEST WIND SPEED/DIRECTION    24/290    DATE  11/23
HIGHEST GUST SPEED/DIRECTION    31/280    DATE  11/23

SKY COVER
POSSIBLE SUNSHINE (PERCENT)   MM
AVERAGE SKY COVER           0.30
NUMBER OF DAYS FAIR           22
NUMBER OF DAYS PC              8
NUMBER OF DAYS CLOUDY          0

AVERAGE RH (PERCENT)     77

WEATHER CONDITIONS. NUMBER OF DAYS WITH
THUNDERSTORM              1     MIXED PRECIP               0
HEAVY RAIN                0     RAIN                       2
LIGHT RAIN                3     FREEZING RAIN              0
LT FREEZING RAIN          0     HAIL                       0
HEAVY SNOW                0     SNOW                       0
LIGHT SNOW                0     SLEET                      0
FOG                      11     FOG W/VIS <= 1/4 MILE      2
HAZE                      3

-  INDICATES NEGATIVE NUMBERS.
R  INDICATES RECORD WAS SET OR TIED.
MM INDICATES DATA IS MISSING.
T  INDICATES TRACE AMOUNT.

$$
