000
CXUS52 KMFL 011515
CLMAPF


CLIMATE REPORT
NATIONAL WEATHER SERVICE MIAMI, FL
1012 AM EST WED FEB 1 2017

...................................

...THE NAPLES CLIMATE SUMMARY FOR THE MONTH OF JANUARY 2017...

CLIMATE NORMAL PERIOD 1981 TO 2010
CLIMATE RECORD PERIOD 1942 TO 2017

WEATHER         OBSERVED          NORMAL  DEPART  LAST YEAR`S
                 VALUE   DATE(S)  VALUE   FROM    VALUE  DATE(S)
                                          NORMAL
................................................................
TEMPERATURE (F)
RECORD
 HIGH              88   01/21/1990
                        01/20/1990
                        01/31/1975
 LOW               26   01/12/1982
                        01/20/1977
HIGHEST            86   01/02                         84  01/01
LOWEST             42   01/08                         44  01/25
AVG. MAXIMUM     77.6              74.7     2.9     73.1
AVG. MINIMUM     58.8              54.2     4.6     57.3
MEAN             68.2              64.5     3.7     65.2
DAYS MAX >= 90      0                                  0
DAYS MAX <= 32      0                                  0
DAYS MIN <= 32      0                                  0
DAYS MIN <= 0       0                                  0

PRECIPITATION (INCHES)
RECORD
 MAXIMUM         9.40   1991
 MINIMUM         0.00   1949
TOTALS           0.79              1.85   -1.06     7.54
DAILY AVG.       0.03              0.06   -0.03     0.24
DAYS >= .01         5                                 10
DAYS >= .10         3                                  9
DAYS >= .50         0                                  5
DAYS >= 1.00        0                                  2
GREATEST
 24 HR. TOTAL    0.37   01/07 TO 01/07              2.74

DEGREE_DAYS
HEATING TOTAL      44               102     -58       67
 SINCE 7/1         53               180    -127       67
COOLING TOTAL     154                86      68       80
 SINCE 1/1        154                88      66       80
.................................................................

WIND (MPH)
AVERAGE WIND SPEED              8.1
HIGHEST WIND SPEED/DIRECTION    32/220    DATE  01/23
HIGHEST GUST SPEED/DIRECTION    43/300    DATE  01/23

SKY COVER
POSSIBLE SUNSHINE (PERCENT)   MM
AVERAGE SKY COVER           0.40
NUMBER OF DAYS FAIR            8
NUMBER OF DAYS PC              8
NUMBER OF DAYS CLOUDY          2

AVERAGE RH (PERCENT)     74

WEATHER CONDITIONS. NUMBER OF DAYS WITH
THUNDERSTORM              3     MIXED PRECIP               0
HEAVY RAIN                0     RAIN                       1
LIGHT RAIN                3     FREEZING RAIN              0
LT FREEZING RAIN          0     HAIL                       0
HEAVY SNOW                0     SNOW                       0
LIGHT SNOW                0     SLEET                      0
FOG                      14     FOG W/VIS <= 1/4 MILE      2
HAZE                      6

-  INDICATES NEGATIVE NUMBERS.
R  INDICATES RECORD WAS SET OR TIED.
MM INDICATES DATA IS MISSING.
T  INDICATES TRACE AMOUNT.

$$
