000
CXUS52 KMFL 011604 RRA
CLMAPF

CLIMATE REPORT
NATIONAL WEATHER SERVICE MIAMI, FL
1050 AM EST THU JAN 1 2015

...................................

...THE NAPLES CLIMATE SUMMARY FOR THE MONTH OF DECEMBER 2014...

CLIMATE NORMAL PERIOD 1981 TO 2010
CLIMATE RECORD PERIOD 1942 TO 2014

WEATHER         OBSERVED          NORMAL  DEPART  LAST YEAR`S
                 VALUE   DATE(S)  VALUE   FROM    VALUE  DATE(S)
                                          NORMAL
................................................................
TEMPERATURE (F)
RECORD
 HIGH              89   12/01/1982
                        12/08/1978
                        12/07/1978
 LOW               27   12/26/1983
                        12/13/1962
HIGHEST            84   12/24                         86  12/11
                        12/04                             12/09
                        12/01                             12/08
LOWEST             46   12/14                         52  12/17
AVG. MAXIMUM     76.9              76.6     0.3     81.0
AVG. MINIMUM     59.0              57.0     2.0     63.7
MEAN             68.0              66.8     1.2     72.4
DAYS MAX >= 90      0                                  0
DAYS MAX <= 32      0                                  0
DAYS MIN <= 32      0                                  0
DAYS MIN <= 0       0                                  0

PRECIPITATION (INCHES)
RECORD
 MAXIMUM         6.28   1997
 MINIMUM            T   1975
TOTALS           0.25              1.45   -1.20     0.32
DAILY AVG.       0.01              0.05   -0.04     0.01
DAYS >= .01         2                                  2
DAYS >= .10         1                                  1
DAYS >= .50         0                                  0
DAYS >= 1.00        0                                  0
GREATEST
 24 HR. TOTAL    0.21   12/24 TO 12/24              0.23

DEGREE_DAYS
HEATING TOTAL      51                64     -13        1
 SINCE 7/1         80                78       2        8
COOLING TOTAL     150               120      30      237
 SINCE 1/1       4098              3939     159     4180
.................................................................

WIND (MPH)
AVERAGE WIND SPEED              6.5
HIGHEST WIND SPEED/DIRECTION    23/160    DATE  12/24
HIGHEST GUST SPEED/DIRECTION    29/190    DATE  12/24

SKY COVER
POSSIBLE SUNSHINE (PERCENT)   MM
AVERAGE SKY COVER           0.30
NUMBER OF DAYS FAIR           17
NUMBER OF DAYS PC             14
NUMBER OF DAYS CLOUDY          0

AVERAGE RH (PERCENT)     75

WEATHER CONDITIONS. NUMBER OF DAYS WITH
THUNDERSTORM              1     MIXED PRECIP               0
HEAVY RAIN                1     RAIN                       2
LIGHT RAIN                2     FREEZING RAIN              0
LT FREEZING RAIN          0     HAIL                       0
HEAVY SNOW                0     SNOW                       0
LIGHT SNOW                0     SLEET                      0
FOG                      14     FOG W/VIS <= 1/4 MILE      3
HAZE                      2

-  INDICATES NEGATIVE NUMBERS.
R  INDICATES RECORD WAS SET OR TIED.
MM INDICATES DATA IS MISSING.
T  INDICATES TRACE AMOUNT.

$$
