000
CXUS53 KAPX 020037
CLMAPN


CLIMATE REPORT
NATIONAL WEATHER SERVICE GAYLORD MI
837 PM EDT FRI JUL 1 2016

...................................

...THE ALPENA MI CLIMATE SUMMARY FOR THE MONTH OF JUNE 2016...

CLIMATE NORMAL PERIOD 1981 TO 2010
CLIMATE RECORD PERIOD 1916 TO 2016

WEATHER         OBSERVED          NORMAL  DEPART  LAST YEAR`S
                 VALUE   DATE(S)  VALUE   FROM    VALUE  DATE(S)
                                          NORMAL
................................................................
TEMPERATURE (F)
RECORD
 HIGH             103   06/19/1995
 LOW               28   06/01/1966
                        06/03/1964
HIGHEST            91   06/25        MM      MM       82  06/29
                        06/19                             06/24
                        06/18
LOWEST             40   06/10        MM      MM       35  06/02
                                                          06/01
AVG. MAXIMUM     77.2              74.5     2.7     73.2
AVG. MINIMUM     49.4              49.7    -0.3     47.4
MEAN             63.3              62.1     1.2     60.3
DAYS MAX >= 90      4               1.2     2.8        0
DAYS MAX <= 32      0               0.0     0.0        0
DAYS MIN <= 32      0               0.1    -0.1        0
DAYS MIN <= 0       0               0.0     0.0        0

PRECIPITATION (INCHES)
RECORD
 MAXIMUM           MM   MM
 MINIMUM           MM   MM
TOTALS           1.44              2.62   -1.18     2.16
DAILY AVG.       0.05              0.09   -0.04     0.07
DAYS >= .01         8              10.8    -2.8       10
DAYS >= .10         4               6.2    -2.2        4
DAYS >= .50         1               1.8    -0.8        2
DAYS >= 1.00        0               0.3    -0.3        0
GREATEST
 24 HR. TOTAL    0.59   06/04 TO 06/05
 STORM TOTAL       MM
 (MM/DD(HH))            MM

SNOWFALL (INCHES)
RECORDS
 TOTAL             MM   MM
 SNOW DEPTH        MM   MM
TOTALS            0.0               0.0     0.0      0.0
SINCE 7/1        88.8              84.3     4.5     48.6
SNOWDEPTH AVG.      0                MM      MM        0
DAYS >= TRACE       0               0.0     0.0        0
DAYS >= 1.0         0               0.0     0.0        0
GREATEST
 SNOW DEPTH         0   MM                             0  MM
 24 HR TOTAL      0.0   06/30 TO 06/30               0.0

DEGREE_DAYS
HEATING TOTAL     108               143     -35      143
 SINCE 7/1       7061              8100   -1039     8576
COOLING TOTAL      65                56       9       11
 SINCE 1/1         97                69      28       35

FREEZE DATES
RECORD
 EARLIEST     MM
 LATEST       MM
EARLIEST                        MM
LATEST                          MM
.................................................................

WIND (MPH)
AVERAGE WIND SPEED              6.7
HIGHEST WIND SPEED/DIRECTION    26/330    DATE  06/11
HIGHEST GUST SPEED/DIRECTION    35/250    DATE  06/20

SKY COVER
POSSIBLE SUNSHINE (PERCENT)   MM
AVERAGE SKY COVER           0.30
NUMBER OF DAYS FAIR           20
NUMBER OF DAYS PC              7
NUMBER OF DAYS CLOUDY          3

AVERAGE RH (PERCENT)     62

WEATHER CONDITIONS. NUMBER OF DAYS WITH
THUNDERSTORM              0     MIXED PRECIP               0
HEAVY RAIN                3     RAIN                       4
LIGHT RAIN               13     FREEZING RAIN              0
LT FREEZING RAIN          0     HAIL                       0
HEAVY SNOW                0     SNOW                       0
LIGHT SNOW                0     SLEET                      0
FOG                       9     FOG W/VIS <= 1/4 MILE      0
HAZE                      1

-  INDICATES NEGATIVE NUMBERS.
R  INDICATES RECORD WAS SET OR TIED.
MM INDICATES DATA IS MISSING.
T  INDICATES TRACE AMOUNT.

$$
