000
CXUS53 KAPX 010642
CLMAPN


CLIMATE REPORT
NATIONAL WEATHER SERVICE GAYLORD MI
140 AM EST SUN MAR 1 2015

...................................

...THE ALPENA MI CLIMATE SUMMARY FOR THE MONTH OF FEBRUARY 2015...

CLIMATE NORMAL PERIOD 1981 TO 2010
CLIMATE RECORD PERIOD 1916 TO 2015

WEATHER         OBSERVED          NORMAL  DEPART  LAST YEAR`S
                 VALUE   DATE(S)  VALUE   FROM    VALUE  DATE(S)
                                          NORMAL
................................................................
TEMPERATURE (F)
RECORD
 HIGH              65   02/23/1984
 LOW              -37   02/17/1979
HIGHEST            29   02/06        MM      MM       44  02/19
LOWEST            -29   02/20        MM      MM      -23  02/28
AVG. MAXIMUM     16.9              29.3   -12.4     21.5
AVG. MINIMUM     -3.8              11.4   -15.2      0.2
MEAN              6.6              20.3   -13.7     10.8
DAYS MAX >= 90      0               0.0     0.0        0
DAYS MAX <= 32     28              17.8    10.2       25
DAYS MIN <= 32     28              26.7     1.3       28
DAYS MIN <= 0      17               5.4    11.6       16

PRECIPITATION (INCHES)
RECORD
 MAXIMUM           MM   MM
 MINIMUM           MM   MM
TOTALS           0.60              1.32   -0.72     1.08
DAILY AVG.       0.02              0.05   -0.03     0.04
DAYS >= .01         9              11.2    -2.2       12
DAYS >= .10         2               3.8    -1.8        5
DAYS >= .50         0               0.5    -0.5        0
DAYS >= 1.00        0               0.1    -0.1        0
GREATEST
 24 HR. TOTAL    0.21   02/07 TO 02/07
                        02/06 TO 02/07
                        02/07 TO 02/07
 STORM TOTAL       MM
 (MM/DD(HH))            MM

SNOWFALL (INCHES)
RECORDS
 TOTAL             MM   MM
 SNOW DEPTH        MM   MM
TOTALS           10.7              17.5    -6.8     13.0
SINCE 7/1        42.1              66.1   -24.0     55.5
SNOWDEPTH AVG.     10                10       0       16
DAYS >= TRACE      21              12.2     8.8       23
DAYS >= 1.0         4               5.7    -1.7        7
GREATEST
 SNOW DEPTH        13   02/15                         18  02/18
                        02/14
                        02/13
 24 HR TOTAL      3.2   MM                           2.6

DEGREE_DAYS
HEATING TOTAL    1627              1250     377     1511
 SINCE 7/1       6263              5732     531     6489
COOLING TOTAL       0                 0       0        0
 SINCE 1/1          0                 0       0        0

FREEZE DATES
RECORD
 EARLIEST     MM
 LATEST       MM
EARLIEST                        MM
LATEST                          MM
.................................................................

WIND (MPH)
AVERAGE WIND SPEED              8.7
HIGHEST WIND SPEED/DIRECTION    32/330    DATE  02/24
HIGHEST GUST SPEED/DIRECTION    48/330    DATE  02/24

SKY COVER
POSSIBLE SUNSHINE (PERCENT)   MM
AVERAGE SKY COVER           0.50
NUMBER OF DAYS FAIR           11
NUMBER OF DAYS PC              8
NUMBER OF DAYS CLOUDY          9

AVERAGE RH (PERCENT)     69

WEATHER CONDITIONS. NUMBER OF DAYS WITH
THUNDERSTORM              0     MIXED PRECIP               0
HEAVY RAIN                0     RAIN                       0
LIGHT RAIN                0     FREEZING RAIN              0
LT FREEZING RAIN          1     HAIL                       0
HEAVY SNOW                1     SNOW                       3
LIGHT SNOW               20     SLEET                      0
FOG                       5     FOG W/VIS <= 1/4 MILE      0
HAZE                      3

-  INDICATES NEGATIVE NUMBERS.
R  INDICATES RECORD WAS SET OR TIED.
MM INDICATES DATA IS MISSING.
T  INDICATES TRACE AMOUNT.

$$
