000
CXUS53 KAPX 051229
CLMAPN


CLIMATE REPORT
NATIONAL WEATHER SERVICE GAYLORD MI
829 AM EDT WED JUL 5 2017

...................................

...THE ALPENA MI CLIMATE SUMMARY FOR THE MONTH OF JUNE 2017...

CLIMATE NORMAL PERIOD 1981 TO 2010
CLIMATE RECORD PERIOD 1916 TO 2017

WEATHER         OBSERVED          NORMAL  DEPART  LAST YEAR`S
                 VALUE   DATE(S)  VALUE   FROM    VALUE  DATE(S)
                                          NORMAL
................................................................
TEMPERATURE (F)
RECORD
 HIGH             103   06/19/1995
 LOW               28   06/01/1966
                        06/03/1964
HIGHEST            92   06/10        MM      MM       91  06/25
                                                          06/19
                                                          06/18
LOWEST             38   06/02        MM      MM       40  06/10
AVG. MAXIMUM     75.6              74.5     1.1     77.2
AVG. MINIMUM     52.8              49.7     3.1     49.4
MEAN             64.2              62.1     2.1     63.3
DAYS MAX >= 90      1               1.2    -0.2        4
DAYS MAX <= 32      0               0.0     0.0        0
DAYS MIN <= 32      0               0.1    -0.1        0
DAYS MIN <= 0       0               0.0     0.0        0

PRECIPITATION (INCHES)
RECORD
 MAXIMUM           MM   MM
 MINIMUM           MM   MM
TOTALS           6.40              2.62    3.78     1.44
DAILY AVG.       0.21              0.09    0.12     0.05
DAYS >= .01        18              10.8     7.2        8
DAYS >= .10        13               6.2     6.8        4
DAYS >= .50         6               1.8     4.2        1
DAYS >= 1.00        0               0.3    -0.3        0
GREATEST
 24 HR. TOTAL    0.92   06/25 TO 06/25
 STORM TOTAL       MM
 (MM/DD(HH))            MM

SNOWFALL (INCHES)
RECORDS
 TOTAL             MM   MM
 SNOW DEPTH        MM   MM
TOTALS            0.0               0.0     0.0      0.0
SINCE 7/1        66.4              84.3   -17.9     88.8
SNOWDEPTH AVG.      0                MM      MM        0
DAYS >= TRACE       0               0.0     0.0        0
DAYS >= 1.0         0               0.0     0.0        0
GREATEST
 SNOW DEPTH         0   MM                             0  MM
 24 HR TOTAL      0.0   06/30 TO 06/30               0.0

DEGREE_DAYS
HEATING TOTAL      83               143     -60      108
 SINCE 7/1       6829              8100   -1271     7061
COOLING TOTAL      69                56      13       65
 SINCE 1/1         75                69       6       97

FREEZE DATES
RECORD
 EARLIEST     MM
 LATEST       MM
EARLIEST      10/09             MM
LATEST        04/24             MM
.................................................................

WIND (MPH)
AVERAGE WIND SPEED              6.5
HIGHEST WIND SPEED/DIRECTION    28/020    DATE  06/05
HIGHEST GUST SPEED/DIRECTION    39/230    DATE  06/10

SKY COVER
POSSIBLE SUNSHINE (PERCENT)   MM
AVERAGE SKY COVER           0.40
NUMBER OF DAYS FAIR           13
NUMBER OF DAYS PC             15
NUMBER OF DAYS CLOUDY          2

AVERAGE RH (PERCENT)     74

WEATHER CONDITIONS. NUMBER OF DAYS WITH
THUNDERSTORM              0     MIXED PRECIP               0
HEAVY RAIN               12     RAIN                      12
LIGHT RAIN               22     FREEZING RAIN              0
LT FREEZING RAIN          0     HAIL                       0
HEAVY SNOW                0     SNOW                       0
LIGHT SNOW                0     SLEET                      0
FOG                      20     FOG W/VIS <= 1/4 MILE      1
HAZE                      1

-  INDICATES NEGATIVE NUMBERS.
R  INDICATES RECORD WAS SET OR TIED.
MM INDICATES DATA IS MISSING.
T  INDICATES TRACE AMOUNT.

$$
