000
CXUS54 KLCH 011615
CLMARA


CLIMATE REPORT
NATIONAL WEATHER SERVICE LAKE CHARLES, LA
1015 AM CST SUN MAR 1 2015

...................................

...THE NEW IBERIA CLIMATE SUMMARY FOR THE MONTH OF FEBRUARY 2015...

CLIMATE NORMAL PERIOD 1981 TO 2010
CLIMATE RECORD PERIOD 1948 TO 2015

WEATHER         OBSERVED          NORMAL  DEPART  LAST YEAR`S
                 VALUE   DATE(S)  VALUE   FROM    VALUE  DATE(S)
                                          NORMAL
................................................................
TEMPERATURE (F)
RECORD
 HIGH              85   02/28/2011
 LOW               15   02/02/1951
HIGHEST            80   02/22        MM      MM       79  02/19
LOWEST             31   02/18        MM      MM       30  02/07
AVG. MAXIMUM     62.0              65.8    -3.8     63.9
AVG. MINIMUM     40.9              45.6    -4.7     44.3
MEAN             51.4              55.7    -4.3     54.1
DAYS MAX >= 90      0               0.0     0.0        0
DAYS MAX <= 32      0               0.0     0.0        0
DAYS MIN <= 32      2               1.3     0.7        3
DAYS MIN <= 0       0               0.0     0.0        0

PRECIPITATION (INCHES)
RECORD
 MAXIMUM        12.35   1966
 MINIMUM         0.22   2000
TOTALS           2.09              4.19   -2.10     5.99
DAILY AVG.       0.07              0.15   -0.08     0.21
DAYS >= .01         8                MM      MM       12
DAYS >= .10         4                MM      MM        6
DAYS >= .50         2                MM      MM        4
DAYS >= 1.00        0                MM      MM        3
GREATEST
 24 HR. TOTAL    0.78   02/03 TO 02/04

SNOWFALL (INCHES)
RECORDS
 TOTAL             MM   5
TOTALS            0.0                MM      MM        T
SINCE 7/1         0.0                MM      MM      0.1
SNOWDEPTH AVG.      0                MM      MM        0
DAYS >= 1.0         0                MM      MM        0
GREATEST
 SNOW DEPTH         0   MM                             0  MM
 24 HR TOTAL      0.0   02/28 TO 02/28

DEGREE_DAYS
HEATING TOTAL     371               279      92      318
 SINCE 7/1       1343              1216     127     1524
COOLING TOTAL       2                19     -17       18
 SINCE 1/1          4                31     -27       18
.................................................................

WIND (MPH)
AVERAGE WIND SPEED              9.7
HIGHEST WIND SPEED/DIRECTION    28/130    DATE  02/20
HIGHEST GUST SPEED/DIRECTION    37/020    DATE  02/17

SKY COVER
POSSIBLE SUNSHINE (PERCENT)   MM
AVERAGE SKY COVER           0.40
NUMBER OF DAYS FAIR           11
NUMBER OF DAYS PC             10
NUMBER OF DAYS CLOUDY          7

AVERAGE RH (PERCENT)     70

WEATHER CONDITIONS. NUMBER OF DAYS WITH
THUNDERSTORM              0     MIXED PRECIP               0
HEAVY RAIN                3     RAIN                       6
LIGHT RAIN               12     FREEZING RAIN              0
LT FREEZING RAIN          0     HAIL                       0
HEAVY SNOW                0     SNOW                       0
LIGHT SNOW                0     SLEET                      0
FOG                      14     FOG W/VIS <= 1/4 MILE      4
HAZE                      6

-  INDICATES NEGATIVE NUMBERS.
R  INDICATES RECORD WAS SET OR TIED.
MM INDICATES DATA IS MISSING.
T  INDICATES TRACE AMOUNT.

$$
