282
CXUS43 KLOT 011249
CLMARR


CLIMATE REPORT
NATIONAL WEATHER SERVICE CHICAGO IL
630 AM CST THU DEC 1 2016

...................................

...THE AURORA MUNICIPAL AIRPORT CLIMATE SUMMARY FOR THE MONTH OF NOVEMBER 2016...

CLIMATE NORMAL PERIOD 1981 TO 2010
CLIMATE RECORD PERIOD 1998 TO 2016

WEATHER         OBSERVED          NORMAL  DEPART  LAST YEAR`S
                 VALUE   DATE(S)  VALUE   FROM    VALUE
                                          NORMAL
.............................................................
TEMPERATURE (F)
RECORD
 HIGH              77   11/01/2016
 LOW                0   11/22/2015
HIGHEST            77R  11/01                         73
LOWEST             16   11/21                          0
AVG. MAXIMUM     56.0              47.8     8.2     53.8
AVG. MINIMUM     34.8              28.4     6.4     32.8
MEAN             45.4              38.1     7.3     43.3

PRECIPITATION (INCHES)
RECORD
 MAXIMUM         5.67   2003
 MINIMUM         0.52   2002
                        1999
TOTALS           2.26              3.14   -0.88     3.41

DEGREE_DAYS
HEATING TOTAL     584               807    -223      644
 SINCE 7/1        898              1414    -516     1080
COOLING TOTAL       3                 0       3        0
 SINCE 1/1       1039               655     384      750
..............................................................

WIND (MPH)
AVERAGE WIND SPEED              8.6
HIGHEST WIND SPEED/DIRECTION    36/290    DATE  11/19
HIGHEST GUST SPEED/DIRECTION    46/290    DATE  11/19

AVERAGE RH (PERCENT)     74


-  INDICATES NEGATIVE NUMBERS.
R  INDICATES RECORD WAS SET OR TIED.
MM INDICATES DATA IS MISSING.
T  INDICATES TRACE AMOUNT.

$$
