000
CXUS43 KLOT 011328
CLMARR


CLIMATE REPORT
NATIONAL WEATHER SERVICE CHICAGO IL
810 AM CDT SAT JUL 1 2017

...................................

...THE AURORA MUNICIPAL AIRPORT CLIMATE SUMMARY FOR THE MONTH OF JUNE 2017...

CLIMATE NORMAL PERIOD 1981 TO 2010
CLIMATE RECORD PERIOD 1998 TO 2017

WEATHER         OBSERVED          NORMAL  DEPART  LAST YEAR`S
                 VALUE   DATE(S)  VALUE   FROM    VALUE
                                          NORMAL
.............................................................
TEMPERATURE (F)
RECORD
 HIGH              98   06/28/2012
 LOW               15   06/09/2007
HIGHEST            95   06/14        MM      MM       92
                        06/12
                        06/11
LOWEST             44   06/01        MM      MM       49
AVG. MAXIMUM     84.2              80.1     4.1     82.8
AVG. MINIMUM     58.6              57.5     1.1     59.4
MEAN             71.4              68.8     2.6     71.1

PRECIPITATION (INCHES)
RECORD
 MAXIMUM         8.96   2014
 MINIMUM         1.09   2012
TOTALS           2.45              4.01   -1.56     3.50

DEGREE_DAYS
HEATING TOTAL      15                41     -26        8
 SINCE 7/1       5431              6775   -1344     5461
COOLING TOTAL     213               155      58      200
 SINCE 1/1        247               196      51      282
..............................................................

WIND (MPH)
AVERAGE WIND SPEED              9.8
HIGHEST WIND SPEED/DIRECTION    36/250    DATE  06/14
HIGHEST GUST SPEED/DIRECTION    49/340    DATE  06/14

AVERAGE RH (PERCENT)     64


-  INDICATES NEGATIVE NUMBERS.
R  INDICATES RECORD WAS SET OR TIED.
MM INDICATES DATA IS MISSING.
T  INDICATES TRACE AMOUNT.

$$
