000
CXUS43 KLOT 011328
CLMARR


CLIMATE REPORT
NATIONAL WEATHER SERVICE CHICAGO IL
817 AM CDT SAT AUG 1 2015

...................................

...THE AURORA MUNICIPAL AIRPORT CLIMATE SUMMARY FOR THE MONTH OF JULY 2015...

CLIMATE NORMAL PERIOD 1981 TO 2010
CLIMATE RECORD PERIOD 1998 TO 2015

WEATHER         OBSERVED          NORMAL  DEPART  LAST YEAR`S
                 VALUE   DATE(S)  VALUE   FROM    VALUE
                                          NORMAL
.............................................................
TEMPERATURE (F)
RECORD
 HIGH             102   07/07/2012
 LOW               44   07/02/2005
                        07/02/2001
HIGHEST            92   07/17        MM      MM       90
LOWEST             51   07/02        MM      MM       48
AVG. MAXIMUM     82.1              83.5    -1.4     79.2
AVG. MINIMUM     60.7              59.8     0.9     57.3
MEAN             71.4              71.7    -0.3     68.2

PRECIPITATION (INCHES)
RECORD
 MAXIMUM         6.88   2007
 MINIMUM            T   2002
TOTALS           5.04              4.19    0.85     2.12

DEGREE_DAYS
HEATING TOTAL      12                 9       3       15
 SINCE 7/1         12                 9       3       15
COOLING TOTAL     214               215      -1      121
 SINCE 1/1        434               411      23      403
..............................................................

WIND (MPH)
AVERAGE WIND SPEED              6.2
HIGHEST WIND SPEED/DIRECTION    32/360    DATE  07/13
HIGHEST GUST SPEED/DIRECTION    45/360    DATE  07/13

AVERAGE RH (PERCENT)     70


-  INDICATES NEGATIVE NUMBERS.
R  INDICATES RECORD WAS SET OR TIED.
MM INDICATES DATA IS MISSING.
T  INDICATES TRACE AMOUNT.

$$
