000
CXUS51 KBUF 021223
CLMART


CLIMATE REPORT
NATIONAL WEATHER SERVICE BUFFALO NY
822 AM EDT TUE MAY 2 2017

...................................

...THE WATERTOWN NY CLIMATE SUMMARY FOR THE MONTH OF APRIL 2017...

CLIMATE NORMAL PERIOD 1981 TO 2010
CLIMATE RECORD PERIOD 1949 TO 2017

WEATHER         OBSERVED          NORMAL  DEPART  LAST YEAR`S
                 VALUE   DATE(S)  VALUE   FROM    VALUE  DATE(S)
                                          NORMAL
................................................................
TEMPERATURE (F)
RECORD
 HIGH              89   04/28/1990
 LOW                6   04/01/1965
HIGHEST            86   04/27                         74  04/21
LOWEST             24   04/14                         12  04/10
                                                          04/05
AVG. MAXIMUM     57.9              54.5     3.4     52.0
AVG. MINIMUM     37.3              33.2     4.1     27.1
MEAN             47.6              43.9     3.7     39.5
DAYS MAX >= 90      0               0.0     0.0        0
DAYS MAX <= 32      0               0.3    -0.3        3
DAYS MIN <= 32     10              13.9    -3.9       24
DAYS MIN <= 0       0               0.0     0.0        0

PRECIPITATION (INCHES)
RECORD
 MAXIMUM         5.42   2011
 MINIMUM         0.61   2001
TOTALS           4.07              2.90    1.17     1.14
DAYS >= .01        14              12.8     1.2       10
DAYS >= .10        10               7.2     2.8        3
DAYS >= .50         2               1.6     0.4        0
DAYS >= 1.00        2               0.5     1.5        0
GREATEST
 24 HR. TOTAL    1.30   04/04 TO 04/05

DEGREE_DAYS
HEATING TOTAL     521               636    -115      757
 SINCE 7/1       6306              7143    -837     6316
COOLING TOTAL       7                 1       6        0
 SINCE 1/1          7                 1       6        0
..................................................

WIND (MPH)
AVERAGE WIND SPEED              8.9
HIGHEST WIND SPEED/DIRECTION    25/180
HIGHEST GUST SPEED/DIRECTION    41/170    DATE  04/19

SKY COVER
POSSIBLE SUNSHINE (PERCENT)   MM
AVERAGE SKY COVER           0.50
NUMBER OF DAYS FAIR           11
NUMBER OF DAYS PC              8
NUMBER OF DAYS CLOUDY         11

AVERAGE RH (PERCENT)     75

WEATHER CONDITIONS. NUMBER OF DAYS WITH
THUNDERSTORM              1     MIXED PRECIP               0
HEAVY RAIN                4     RAIN                      11
LIGHT RAIN               17     FREEZING RAIN              0
LT FREEZING RAIN          0     HAIL                       0
HEAVY SNOW                0     SNOW                       0
LIGHT SNOW                2     SLEET                      0
FOG                      18     FOG W/VIS <= 1/4 MILE      0
HAZE                      5

-  INDICATES NEGATIVE NUMBERS.
R  INDICATES RECORD WAS SET OR TIED.
MM INDICATES DATA IS MISSING.
T  INDICATES TRACE AMOUNT.

$$
