000
CXUS51 KBUF 011232
CLMART


CLIMATE REPORT
NATIONAL WEATHER SERVICE BUFFALO NY
828 AM EDT TUE APR 1 2014

...................................

...THE WATERTOWN NY CLIMATE SUMMARY FOR THE MONTH OF MARCH 2014...

CLIMATE NORMAL PERIOD 1981 TO 2010
CLIMATE RECORD PERIOD 1949 TO 2014

WEATHER         OBSERVED          NORMAL  DEPART  LAST YEAR`S
                 VALUE   DATE(S)  VALUE   FROM    VALUE  DATE(S)
                                          NORMAL
................................................................
TEMPERATURE (F)
RECORD
 HIGH              84   03/30/1977
 LOW              -24   03/12/1984
HIGHEST            48   03/28                         58  03/31
                        03/14                             03/10
LOWEST            -21   03/06                         12  03/18
AVG. MAXIMUM     34.0              40.7    -6.7     39.9
AVG. MINIMUM     11.3              20.5    -9.2     24.6
MEAN             22.6              30.6    -8.0     32.3
DAYS MAX >= 90      0               0.0     0.0        0
DAYS MAX <= 32     12               6.8     5.2        7
DAYS MIN <= 32     30              25.7     4.3       27
DAYS MIN <= 0       8               2.1     5.9        0

PRECIPITATION (INCHES)
RECORD
 MAXIMUM           MM   MM
 MINIMUM           MM   MM
TOTALS           2.11              2.30   -0.19     0.99
DAYS >= .01        15              12.3     2.7       11
DAYS >= .10         6               6.2    -0.2        3
DAYS >= .50         1               1.2    -0.2        0
DAYS >= 1.00        0               0.3    -0.3        0
GREATEST
 24 HR. TOTAL    0.59   03/12 TO 03/12

DEGREE_DAYS
HEATING TOTAL    1305              1066     239     1008
 SINCE 7/1       6976              6507     469     5858
COOLING TOTAL       0                 0       0        0
 SINCE 1/1          0                 0       0        0
...................................................

WIND (MPH)
AVERAGE WIND SPEED              9.7
HIGHEST WIND SPEED/DIRECTION    35/020
HIGHEST GUST SPEED/DIRECTION    45/030    DATE  03/12

SKY COVER
POSSIBLE SUNSHINE (PERCENT)   MM
NUMBER OF DAYS FAIR            8
NUMBER OF DAYS PC             12
NUMBER OF DAYS CLOUDY         11

AVERAGE RH (PERCENT)     60

WEATHER CONDITIONS. NUMBER OF DAYS WITH
THUNDERSTORM              0     MIXED PRECIP               0
HEAVY RAIN                0     RAIN                       3
LIGHT RAIN                8     FREEZING RAIN              2
LT FREEZING RAIN          2     HAIL                       0
HEAVY SNOW                3     SNOW                       7
LIGHT SNOW               19     SLEET                      0
FOG                       5     FOG W/VIS <= 1/4 MILE      2
HAZE                     18

-  INDICATES NEGATIVE NUMBERS.
R  INDICATES RECORD WAS SET OR TIED.
MM INDICATES DATA IS MISSING.
T  INDICATES TRACE AMOUNT.

$$
