000
CXUS51 KBUF 011812
CLMART


CLIMATE REPORT
NATIONAL WEATHER SERVICE BUFFALO NY
209 PM EDT WED OCT 1 2014

...................................

...THE WATERTOWN NY CLIMATE SUMMARY FOR THE MONTH OF SEPTEMBER 2014...

CLIMATE NORMAL PERIOD 1981 TO 2010
CLIMATE RECORD PERIOD 1949 TO 2014

WEATHER         OBSERVED          NORMAL  DEPART  LAST YEAR`S
                 VALUE   DATE(S)  VALUE   FROM    VALUE  DATE(S)
                                          NORMAL
................................................................
TEMPERATURE (F)
RECORD
 HIGH              96   09/04/1953
 LOW               22   09/30/1991
HIGHEST            88   09/05                         89  09/11
LOWEST             32   09/19                         31  09/24
                                                          09/17
AVG. MAXIMUM     71.7              70.4     1.3     70.8
AVG. MINIMUM     49.7              48.5     1.2     46.5
MEAN             60.7              59.5     1.2     58.7
DAYS MAX >= 90      0               0.1    -0.1        0
DAYS MAX <= 32      0               0.0     0.0        0
DAYS MIN <= 32      1               1.2    -0.2        3
DAYS MIN <= 0       0               0.0     0.0        0

PRECIPITATION (INCHES)
RECORD
 MAXIMUM           MM   MM
 MINIMUM           MM   MM
TOTALS           1.58              3.72   -2.14     2.82
DAYS >= .01         8              11.3    -3.3       12
DAYS >= .10         6               7.3    -1.3        6
DAYS >= .50         0               2.4    -2.4        2
DAYS >= 1.00        0               0.7    -0.7        1
GREATEST
 24 HR. TOTAL    0.30   09/13 TO 09/13

DEGREE_DAYS
HEATING TOTAL     176               202     -26      231
 SINCE 7/1        226               274     -48      274
COOLING TOTAL      56                35      21       48
 SINCE 1/1        416               359      57      481
...................................................

WIND (MPH)
AVERAGE WIND SPEED              6.5
HIGHEST WIND SPEED/DIRECTION    28/250
HIGHEST GUST SPEED/DIRECTION    44/200    DATE  09/11

SKY COVER
POSSIBLE SUNSHINE (PERCENT)   MM
AVERAGE SKY COVER           0.40
NUMBER OF DAYS FAIR           15
NUMBER OF DAYS PC             10
NUMBER OF DAYS CLOUDY          5

AVERAGE RH (PERCENT)     67

WEATHER CONDITIONS. NUMBER OF DAYS WITH
THUNDERSTORM              1     MIXED PRECIP               0
HEAVY RAIN                5     RAIN                       5
LIGHT RAIN               11     FREEZING RAIN              0
LT FREEZING RAIN          0     HAIL                       0
HEAVY SNOW                0     SNOW                       0
LIGHT SNOW                0     SLEET                      0
FOG                      12     FOG W/VIS <= 1/4 MILE      2
HAZE                     16

-  INDICATES NEGATIVE NUMBERS.
R  INDICATES RECORD WAS SET OR TIED.
MM INDICATES DATA IS MISSING.
T  INDICATES TRACE AMOUNT.

$$
