000
CXUS51 KBUF 011755
CLMART


CLIMATE REPORT
NATIONAL WEATHER SERVICE BUFFALO NY
142 PM EDT THU JUN 1 2017

...................................

...THE WATERTOWN NY CLIMATE SUMMARY FOR THE MONTH OF MAY 2017...

CLIMATE NORMAL PERIOD 1981 TO 2010
CLIMATE RECORD PERIOD 1949 TO 2017

WEATHER         OBSERVED          NORMAL  DEPART  LAST YEAR`S
                 VALUE   DATE(S)  VALUE   FROM    VALUE  DATE(S)
                                          NORMAL
................................................................
TEMPERATURE (F)
RECORD
 HIGH              88   05/31/2013
                        05/31/2010
                        07/09/1936
 LOW               18   05/07/1966
HIGHEST            84   05/18                         87  05/28
LOWEST             29   05/10                         26  05/10
AVG. MAXIMUM     64.0              65.8    -1.8     67.5
AVG. MINIMUM     44.0              43.4     0.6     42.8
MEAN             54.0              54.6    -0.6     55.2
DAYS MAX >= 90      0               0.0     0.0        0
DAYS MAX <= 32      0               0.0     0.0        0
DAYS MIN <= 32      3               2.4     0.6        4
DAYS MIN <= 0       0               0.0     0.0        0

PRECIPITATION (INCHES)
RECORD
 MAXIMUM         5.63   2003
 MINIMUM         0.70   1965
TOTALS           5.62              3.07    2.55     1.40
DAYS >= .01        18              12.4     5.6       10
DAYS >= .10        11               7.7     3.3        4
DAYS >= .50         3               1.8     1.2        0
DAYS >= 1.00        2               0.3     1.7        0
GREATEST
 24 HR. TOTAL    1.53   05/01 TO 05/01

DEGREE_DAYS
HEATING TOTAL     343               333      10      324
 SINCE 7/1       6649              7476    -827     6640
COOLING TOTAL      12                10       2       30
 SINCE 1/1         19                11       8       30
...................................................

WIND (MPH)
AVERAGE WIND SPEED              7.3
HIGHEST WIND SPEED/DIRECTION    36/270    DATE  05/01
HIGHEST GUST SPEED/DIRECTION    44/270    DATE  05/01

SKY COVER
POSSIBLE SUNSHINE (PERCENT)   MM
AVERAGE SKY COVER           0.60
NUMBER OF DAYS FAIR            8
NUMBER OF DAYS PC             12
NUMBER OF DAYS CLOUDY         11

AVERAGE RH (PERCENT)     78

WEATHER CONDITIONS. NUMBER OF DAYS WITH
THUNDERSTORM              3     MIXED PRECIP               0
HEAVY RAIN                4     RAIN                      10
LIGHT RAIN               22     FREEZING RAIN              0
LT FREEZING RAIN          0     HAIL                       0
HEAVY SNOW                0     SNOW                       0
LIGHT SNOW                3     SLEET                      0
FOG                      25     FOG W/VIS <= 1/4 MILE      1
HAZE                      3

-  INDICATES NEGATIVE NUMBERS.
R  INDICATES RECORD WAS SET OR TIED.
MM INDICATES DATA IS MISSING.
T  INDICATES TRACE AMOUNT.

$$
