000
CXUS51 KBUF 012154
CLMART


CLIMATE REPORT
NATIONAL WEATHER SERVICE BUFFALO NY
547 PM EDT FRI MAY 1 2015

...................................

...THE WATERTOWN NY CLIMATE SUMMARY FOR THE MONTH OF APRIL 2015...

CLIMATE NORMAL PERIOD 1981 TO 2010
CLIMATE RECORD PERIOD 1949 TO 2015

WEATHER         OBSERVED          NORMAL  DEPART  LAST YEAR`S
                 VALUE   DATE(S)  VALUE   FROM    VALUE  DATE(S)
                                          NORMAL
................................................................
TEMPERATURE (F)
RECORD
 HIGH              89   04/28/1990
 LOW                6   04/01/1965
HIGHEST            81   04/13                         80  04/14
LOWEST             14   04/01                         18  04/01
AVG. MAXIMUM     54.7              54.5     0.2     55.7
AVG. MINIMUM     33.0              33.2    -0.2     32.7
MEAN             43.8              43.9    -0.1     44.2
DAYS MAX >= 90      0               0.0     0.0        0
DAYS MAX <= 32      0               0.3    -0.3        0
DAYS MIN <= 32     14              13.9     0.1       18
DAYS MIN <= 0       0               0.0     0.0        0

PRECIPITATION (INCHES)
RECORD
 MAXIMUM           MM   MM
 MINIMUM           MM   MM
TOTALS           1.69              2.90   -1.21     5.93
DAYS >= .01        13              12.8     0.2       16
DAYS >= .10         7               7.2    -0.2       11
DAYS >= .50         0               1.6    -1.6        5
DAYS >= 1.00        0               0.5    -0.5        1
GREATEST
 24 HR. TOTAL    0.42   04/20 TO 04/20

DEGREE_DAYS
HEATING TOTAL     627               636      -9      619
 SINCE 7/1       7328              7143     185     7595
COOLING TOTAL       0                 1      -1        0
 SINCE 1/1          0                 1      -1        0
.................................................

WIND (MPH)
AVERAGE WIND SPEED              9.4
HIGHEST WIND SPEED/DIRECTION    35/250
HIGHEST GUST SPEED/DIRECTION    54/260    DATE  04/13

SKY COVER
POSSIBLE SUNSHINE (PERCENT)   MM
AVERAGE SKY COVER           0.50
NUMBER OF DAYS FAIR           10
NUMBER OF DAYS PC             14
NUMBER OF DAYS CLOUDY          6

AVERAGE RH (PERCENT)     66

WEATHER CONDITIONS. NUMBER OF DAYS WITH
THUNDERSTORM              1     MIXED PRECIP               0
HEAVY RAIN                0     RAIN                       8
LIGHT RAIN               14     FREEZING RAIN              0
LT FREEZING RAIN          0     HAIL                       0
HEAVY SNOW                0     SNOW                       1
LIGHT SNOW                4     SLEET                      0
FOG                      13     FOG W/VIS <= 1/4 MILE      3
HAZE                      4

-  INDICATES NEGATIVE NUMBERS.
R  INDICATES RECORD WAS SET OR TIED.
MM INDICATES DATA IS MISSING.
T  INDICATES TRACE AMOUNT.

$$
