000
CXUS55 KGJT 011225
CLMASE


CLIMATE REPORT
NATIONAL WEATHER SERVICE GRAND JUNCTION CO
513 AM MST MON DEC 1 2014

...................................

...THE ASPEN CO CLIMATE SUMMARY FOR THE MONTH OF NOVEMBER 2014...

CLIMATE NORMAL PERIOD 1981 TO 2010
CLIMATE RECORD PERIOD 9999 TO 9999

WEATHER         OBSERVED          NORMAL  DEPART  LAST YEAR`S
                 VALUE   DATE(S)  VALUE   FROM    VALUE  DATE(S)
                                          NORMAL
................................................................
TEMPERATURE (F)
HIGHEST            65   11/01        MM      MM       56  11/12
LOWEST             -1   11/16        MM      MM        6  11/06
AVG. MAXIMUM     42.9              41.4     1.5     43.8
AVG. MINIMUM     17.3              17.2     0.1     18.3
MEAN             30.1              29.3     0.8     31.1
DAYS MAX >= 90      0               0.0     0.0        0
DAYS MAX <= 32      6               6.9    -0.9        3
DAYS MIN <= 32     29              29.3    -0.3       30
DAYS MIN <= 0       3               1.6     1.4        0

PRECIPITATION (INCHES)
TOTALS           1.32              1.37   -0.05     1.11
DAILY AVG.       0.04              0.05   -0.01     0.04
DAYS >= .01        12                MM      MM        9
DAYS >= .10         6                MM      MM        5
DAYS >= .50         0                MM      MM        0
DAYS >= 1.00        0                MM      MM        0
GREATEST
 24 HR. TOTAL    0.42   11/02 TO 11/03              0.47

SNOWFALL (INCHES)
TOTALS             MM                MM      MM       MM
SINCE 7/1          MM                MM      MM       MM
SNOWDEPTH AVG.     MM                MM      MM       MM
DAYS >= 1.0        MM                MM      MM       MM
GREATEST
 SNOW DEPTH        MM                                 MM  MM
 24 HR TOTAL       MM                                 MM

DEGREE_DAYS
HEATING TOTAL    1040              1071     -31     1013
 SINCE 7/1       1986              2326    -340     2218
COOLING TOTAL       0                 0       0        0
 SINCE 1/1         56                39      17       69
.................................................................

WIND (MPH)
AVERAGE WIND SPEED              5.2
HIGHEST WIND SPEED/DIRECTION    29/340    DATE  11/10
HIGHEST GUST SPEED/DIRECTION    40/340    DATE  11/10

SKY COVER
POSSIBLE SUNSHINE (PERCENT)   MM
AVERAGE SKY COVER           0.40
NUMBER OF DAYS FAIR           17
NUMBER OF DAYS PC              6
NUMBER OF DAYS CLOUDY          7

AVERAGE RH (PERCENT)     63

WEATHER CONDITIONS. NUMBER OF DAYS WITH
THUNDERSTORM              0     MIXED PRECIP               0
HEAVY RAIN                0     RAIN                       0
LIGHT RAIN                2     FREEZING RAIN              0
LT FREEZING RAIN          0     HAIL                       0
HEAVY SNOW                4     SNOW                       6
LIGHT SNOW               14     SLEET                      0
FOG                      12     FOG W/VIS <= 1/4 MILE      4
HAZE                     11

-  INDICATES NEGATIVE NUMBERS.
R  INDICATES RECORD WAS SET OR TIED.
MM INDICATES DATA IS MISSING.
T  INDICATES TRACE AMOUNT.

$$
