000
CXUS56 KPQR 011650
CLMAST


CLIMATE REPORT
NATIONAL WEATHER SERVICE PORTLAND OREGON
950 AM PDT FRI AUG 1 2014

...................................

...THE ASTORIA OR CLIMATE SUMMARY FOR THE MONTH OF JULY 2014...

CLIMATE NORMAL PERIOD 1981 TO 2010
CLIMATE RECORD PERIOD 1892 TO 2014

WEATHER         OBSERVED          NORMAL  DEPART  LAST YEAR`S
                 VALUE   DATE(S)  VALUE   FROM    VALUE  DATE(S)
                                          NORMAL
................................................................
TEMPERATURE (F)
HIGHEST            89                                 74  07/15
LOWEST             48                                 46  07/13
AVG. MAXIMUM     68.8              67.4     1.4     65.8
AVG. MINIMUM     54.2              53.1     1.1     54.5
MEAN             61.6              60.3     1.3     60.2
DAYS MAX >= 90      0               0.0     0.0        0
DAYS MAX <= 32      0               0.0     0.0        0
DAYS MIN <= 32      0               0.0     0.0        0
DAYS MIN <= 0       0               0.0     0.0        0

PRECIPITATION (INCHES)
RECORD
 MAXIMUM         7.58   1916
 MINIMUM         0.01   1960
                        1896
TOTALS           1.08              1.03    0.05     0.03
DAYS >= .01         4               8.3    -4.3        2
DAYS >= .10         2               2.7    -0.7        0
DAYS >= .50         1               0.4     0.6        0
DAYS >= 1.00        0               0.1    -0.1        0
GREATEST
 24 HR. TOTAL    0.96   07/23 TO 07/24

DEGREE_DAYS
HEATING TOTAL     105               150     -45      142
 SINCE 7/1        105               150     -45      142
COOLING TOTAL       8                 3       5        0
 SINCE 1/1         19                 3      16        4
.................................................................

WIND (MPH)
AVERAGE WIND SPEED              8.2
RESULTANT WIND SPEED/DIRECTION   6/298
HIGHEST WIND SPEED/DIRECTION    25/310    DATE  07/27
HIGHEST GUST SPEED/DIRECTION    30/310    DATE  07/30

SKY COVER
POSSIBLE SUNSHINE (PERCENT)   MM
AVERAGE SKY COVER           0.60
NUMBER OF DAYS FAIR           10
NUMBER OF DAYS PC              8
NUMBER OF DAYS CLOUDY         13

AVERAGE RH (PERCENT)     79

WEATHER CONDITIONS. NUMBER OF DAYS WITH
THUNDERSTORM              0     MIXED PRECIP               0
HEAVY RAIN                1     RAIN                       3
LIGHT RAIN                6     FREEZING RAIN              0
LT FREEZING RAIN          0     HAIL                       0
HEAVY SNOW                0     SNOW                       0
LIGHT SNOW                0     SLEET                      0
FOG                      19     FOG W/VIS <= 1/4 MILE      0
HAZE                      6

-  INDICATES NEGATIVE NUMBERS.
R  INDICATES RECORD WAS SET OR TIED.
MM INDICATES DATA IS MISSING.
T  INDICATES TRACE AMOUNT.

$$
