000
CXUS56 KPQR 011825
CLMAST


CLIMATE REPORT
NATIONAL WEATHER SERVICE PORTLAND OREGON
1025 AM PST WED MAR 1 2017

...................................

...THE ASTORIA OR CLIMATE SUMMARY FOR THE MONTH OF FEBRUARY 2017...

CLIMATE NORMAL PERIOD 1981 TO 2010
CLIMATE RECORD PERIOD 1892 TO 2017

WEATHER         OBSERVED          NORMAL  DEPART  LAST YEAR`S
                 VALUE   DATE(S)  VALUE   FROM    VALUE  DATE(S)
                                          NORMAL
................................................................
TEMPERATURE (F)
HIGHEST            64                                 67  02/09
LOWEST             29                                 34  02/02
AVG. MAXIMUM     49.4              51.6    -2.2     55.2
AVG. MINIMUM     36.1              37.2    -1.1     42.7
MEAN             42.8              44.4    -1.6     49.0
DAYS MAX >= 90      0               0.0     0.0        0
DAYS MAX <= 32      0               0.1    -0.1        0
DAYS MIN <= 32      6               6.0     0.0        0
DAYS MIN <= 0       0               0.0     0.0        0

PRECIPITATION (INCHES)
RECORD
 MAXIMUM        21.89   1961
 MINIMUM         0.65   1920
TOTALS          12.07              7.19    4.88     8.53
DAYS >= .01        24              17.7     6.3       23
DAYS >= .10        17              13.2     3.8       19
DAYS >= .50         9               5.0     4.0        8
DAYS >= 1.00        6               1.5     4.5        0
GREATEST
 24 HR. TOTAL    3.00   02/08 TO 02/09

DEGREE_DAYS
HEATING TOTAL     615               577      38      455
 SINCE 7/1       2983              3342    -359     2619
COOLING TOTAL       0                 0       0        0
 SINCE 1/1          0                 0       0        0
.................................................................

WIND (MPH)
AVERAGE WIND SPEED              8.4
RESULTANT WIND SPEED/DIRECTION   3/133
HIGHEST WIND SPEED/DIRECTION    39/190    DATE  02/15
HIGHEST GUST SPEED/DIRECTION    64/190    DATE  02/15

SKY COVER
POSSIBLE SUNSHINE (PERCENT)   MM
AVERAGE SKY COVER           0.60
NUMBER OF DAYS FAIR            5
NUMBER OF DAYS PC             12
NUMBER OF DAYS CLOUDY         11

AVERAGE RH (PERCENT)     77

WEATHER CONDITIONS. NUMBER OF DAYS WITH
THUNDERSTORM              0     MIXED PRECIP               0
HEAVY RAIN                4     RAIN                      10
LIGHT RAIN               25     FREEZING RAIN              0
LT FREEZING RAIN          1     HAIL                       0
HEAVY SNOW                0     SNOW                       1
LIGHT SNOW                2     SLEET                      0
FOG                      22     FOG W/VIS <= 1/4 MILE      1
HAZE                      4

-  INDICATES NEGATIVE NUMBERS.
R  INDICATES RECORD WAS SET OR TIED.
MM INDICATES DATA IS MISSING.
T  INDICATES TRACE AMOUNT.

$$
