000
CXUS56 KPQR 011456
CLMAST


CLIMATE REPORT
NATIONAL WEATHER SERVICE PORTLAND OREGON
756 AM PDT MON JUN 1 2015

...................................

...THE ASTORIA OR CLIMATE SUMMARY FOR THE MONTH OF MAY 2015...

CLIMATE NORMAL PERIOD 1981 TO 2010
CLIMATE RECORD PERIOD 1892 TO 2015

WEATHER         OBSERVED          NORMAL  DEPART  LAST YEAR`S
                 VALUE   DATE(S)  VALUE   FROM    VALUE  DATE(S)
                                          NORMAL
................................................................
TEMPERATURE (F)
HIGHEST            75                                 87  05/14
LOWEST             40                                 39  05/11
AVG. MAXIMUM     61.4              60.4     1.0     64.2
AVG. MINIMUM     48.5              45.6     2.9     48.7
MEAN             55.0              53.0     2.0     56.5
DAYS MAX >= 90      0               0.0     0.0        0
DAYS MAX <= 32      0               0.0     0.0        0
DAYS MIN <= 32      0               0.0     0.0        0
DAYS MIN <= 0       0               0.0     0.0        0

PRECIPITATION (INCHES)
RECORD
 MAXIMUM         8.52   1895
 MINIMUM         0.37   1982
TOTALS           1.29              3.32   -2.03     5.98
DAYS >= .01         9              16.4    -7.4       15
DAYS >= .10         3               9.1    -6.1       12
DAYS >= .50         1               1.8    -0.8        6
DAYS >= 1.00        0               0.3    -0.3        2
GREATEST
 24 HR. TOTAL    0.84   05/11 TO 05/12

DEGREE_DAYS
HEATING TOTAL     304               372     -68      265
 SINCE 7/1       3774              4781   -1007     4647
COOLING TOTAL       0                 0       0        8
 SINCE 1/1          2                 0       2       11
.................................................................

WIND (MPH)
AVERAGE WIND SPEED              6.8
RESULTANT WIND SPEED/DIRECTION   5/291
HIGHEST WIND SPEED/DIRECTION    22/320    DATE  05/06
HIGHEST GUST SPEED/DIRECTION    28/220    DATE  05/04

SKY COVER
POSSIBLE SUNSHINE (PERCENT)   MM
AVERAGE SKY COVER           0.80
NUMBER OF DAYS FAIR            4
NUMBER OF DAYS PC              8
NUMBER OF DAYS CLOUDY         19

AVERAGE RH (PERCENT)     81

WEATHER CONDITIONS. NUMBER OF DAYS WITH
THUNDERSTORM              0     MIXED PRECIP               0
HEAVY RAIN                0     RAIN                       2
LIGHT RAIN               15     FREEZING RAIN              0
LT FREEZING RAIN          0     HAIL                       0
HEAVY SNOW                0     SNOW                       0
LIGHT SNOW                0     SLEET                      0
FOG                      24     FOG W/VIS <= 1/4 MILE      3
HAZE                      5

-  INDICATES NEGATIVE NUMBERS.
R  INDICATES RECORD WAS SET OR TIED.
MM INDICATES DATA IS MISSING.
T  INDICATES TRACE AMOUNT.

$$
