000
CXUS56 KPQR 011631
CLMAST


CLIMATE REPORT
NATIONAL WEATHER SERVICE PORTLAND OREGON
831 AM PST SUN MAR 1 2015

...................................

...THE ASTORIA OR CLIMATE SUMMARY FOR THE MONTH OF FEBRUARY 2015...

CLIMATE NORMAL PERIOD 1981 TO 2010
CLIMATE RECORD PERIOD 1892 TO 2015

WEATHER         OBSERVED          NORMAL  DEPART  LAST YEAR`S
                 VALUE   DATE(S)  VALUE   FROM    VALUE  DATE(S)
                                          NORMAL
................................................................
TEMPERATURE (F)
HIGHEST            65                                 64  02/28
LOWEST             30                                 20  02/07
                                                          02/06
AVG. MAXIMUM     56.5              51.6     4.9     48.2
AVG. MINIMUM     42.5              37.2     5.3     36.5
MEAN             49.5              44.4     5.1     42.3
DAYS MAX >= 90      0               0.0     0.0        0
DAYS MAX <= 32      0               0.1    -0.1        1
DAYS MIN <= 32      3               6.0    -3.0       10
DAYS MIN <= 0       0               0.0     0.0        0

PRECIPITATION (INCHES)
RECORD
 MAXIMUM        21.89   1961
 MINIMUM         0.65   1920
TOTALS           6.29              7.19   -0.90     7.40
DAYS >= .01        16              17.7    -1.7       20
DAYS >= .10        12              13.2    -1.2       14
DAYS >= .50         4               5.0    -1.0        5
DAYS >= 1.00        2               1.5     0.5        3
GREATEST
 24 HR. TOTAL    1.73   02/06 TO 02/07

DEGREE_DAYS
HEATING TOTAL     431               577    -146      627
 SINCE 7/1       2540              3342    -802     3429
COOLING TOTAL       0                 0       0        0
 SINCE 1/1          0                 0       0        0
.................................................................

WIND (MPH)
AVERAGE WIND SPEED              7.3
RESULTANT WIND SPEED/DIRECTION   1/106
HIGHEST WIND SPEED/DIRECTION    36/200    DATE  02/05
HIGHEST GUST SPEED/DIRECTION    55/180    DATE  02/05

SKY COVER
POSSIBLE SUNSHINE (PERCENT)   MM
AVERAGE SKY COVER           0.60
NUMBER OF DAYS FAIR            8
NUMBER OF DAYS PC              8
NUMBER OF DAYS CLOUDY         12

AVERAGE RH (PERCENT)     80

WEATHER CONDITIONS. NUMBER OF DAYS WITH
THUNDERSTORM              0     MIXED PRECIP               0
HEAVY RAIN                5     RAIN                      11
LIGHT RAIN               19     FREEZING RAIN              0
LT FREEZING RAIN          0     HAIL                       0
HEAVY SNOW                0     SNOW                       0
LIGHT SNOW                0     SLEET                      0
FOG                      25     FOG W/VIS <= 1/4 MILE      5
HAZE                     13

-  INDICATES NEGATIVE NUMBERS.
R  INDICATES RECORD WAS SET OR TIED.
MM INDICATES DATA IS MISSING.
T  INDICATES TRACE AMOUNT.

$$
