000
CXUS42 KFFC 011812
CLMATL


CLIMATE REPORT
NATIONAL WEATHER SERVICE PEACHTREE CITY GA
111 PM EST FRI DEC 1 2017

...................................

...THE ATLANTA CLIMATE SUMMARY FOR THE MONTH OF NOVEMBER 2017...

CLIMATE NORMAL PERIOD 1981 TO 2010
CLIMATE RECORD PERIOD 1878 TO 2017

WEATHER         OBSERVED          NORMAL  DEPART  LAST YEAR`S
                 VALUE   DATE(S)  VALUE   FROM    VALUE  DATE(S)
                                          NORMAL
................................................................
TEMPERATURE (F)
RECORD
 HIGH              84   11/03/2016
                        11/02/1961
                        18/01/2445
 LOW                3   11/25/1950
HIGHEST            80   11/04        83      -3       84  11/03
                        11/03
LOWEST             32   11/20        17      15       35  11/27
AVG. MAXIMUM     65.9              63.6     2.3     70.1
AVG. MINIMUM     46.5              44.5     2.0     47.6
MEAN             56.2              54.0     2.2     58.9
DAYS MAX >= 90      0               0.0     0.0        0
DAYS MAX <= 32      0               0.0     0.0        0
DAYS MIN <= 32      1               2.5    -1.5        0
DAYS MIN <= 0       0               0.0     0.0        0

PRECIPITATION (INCHES)
RECORD
 MAXIMUM        15.72   1948
 MINIMUM         0.18   1890
TOTALS           1.04              4.10   -3.06     2.98
DAILY AVG.       0.03              0.14   -0.11     0.10
DAYS >= .01         4               8.8    -4.8        2
DAYS >= .10         3               6.1    -3.1        2
DAYS >= .50         0               2.7    -2.7        2
DAYS >= 1.00        0               1.4    -1.4        1
GREATEST
 24 HR. TOTAL    0.39   11/09 TO 11/09           11/29 TO 11/29
                                                          11/30 TO 11/30
                                                          11/30 TO 11/30

SNOWFALL (INCHES)
RECORDS
 TOTAL              T   2011
                        2005
 24 HR TOTAL        T   11/29/2011 TO 11/29/2011
                        11/21/2005 TO 11/21/2005
TOTALS            0.0               0.0     0.0      0.0
SINCE 7/1         0.0               0.0     0.0      0.0
SNOWDEPTH AVG.      0                MM      MM        0
DAYS >= TRACE       0               0.0     0.0        0
DAYS >= 1.0         0               0.0     0.0        0
GREATEST
 24 HR TOTAL      0.0   11/30 TO 11/30           11/30 TO 11/30
                                                          11/30 TO 11/30
                                                          11/30 TO 11/30

DEGREE_DAYS
HEATING TOTAL     286               339     -53      202
 SINCE 7/1        397               468     -71      222
COOLING TOTAL      29                10      19       25
 SINCE 1/1       2165              1882     283     2561
.................................................

WIND (MPH)
AVERAGE WIND SPEED              6.7
HIGHEST WIND SPEED/DIRECTION    33/310    DATE  11/18
HIGHEST GUST SPEED/DIRECTION    48/310    DATE  11/18

SKY COVER
POSSIBLE SUNSHINE (PERCENT)   MM
AVERAGE SKY COVER           0.50
NUMBER OF DAYS FAIR            7
NUMBER OF DAYS PC             16
NUMBER OF DAYS CLOUDY          7

AVERAGE RH (PERCENT)     73

WEATHER CONDITIONS. NUMBER OF DAYS WITH
THUNDERSTORM              0     MIXED PRECIP               0
HEAVY RAIN                2     RAIN                       3
LIGHT RAIN               10     FREEZING RAIN              0
LT FREEZING RAIN          0     HAIL                       0
HEAVY SNOW                0     SNOW                       0
LIGHT SNOW                0     SLEET                      0
FOG                      12     FOG W/VIS <= 1/4 MILE      5
HAZE                      2

-  INDICATES NEGATIVE NUMBERS.
R  INDICATES RECORD WAS SET OR TIED.
MM INDICATES DATA IS MISSING.
T  INDICATES TRACE AMOUNT.

$$
