511
CXUS42 KFFC 011918
CLMATL


CLIMATE REPORT
NATIONAL WEATHER SERVICE PEACHTREE CITY GA
316 PM EDT TUE AUG 1 2017

...................................

...THE ATLANTA CLIMATE SUMMARY FOR THE MONTH OF JULY 2017...

CLIMATE NORMAL PERIOD 1981 TO 2010
CLIMATE RECORD PERIOD 1878 TO 2017

WEATHER         OBSERVED          NORMAL  DEPART  LAST YEAR`S
                 VALUE   DATE(S)  VALUE   FROM    VALUE  DATE(S)
                                          NORMAL
................................................................
TEMPERATURE (F)
RECORD
 HIGH             105   07/01/2012
                        07/17/1980
                        07/13/1980
 LOW               53   07/15/1967
                        07/12/1898
HIGHEST            94   07/26        MM      MM       98  07/25
                        07/21                             07/19
                                                          07/03
LOWEST             67   07/31        MM      MM       70  07/22
                                                          07/12
                                                          07/06
AVG. MAXIMUM     90.1              89.1     1.0     93.5
AVG. MINIMUM     72.3              71.3     1.0     73.2
MEAN             81.2              80.2     1.0     83.4
DAYS MAX >= 90     21              13.0     8.0       28
DAYS MAX <= 32      0               0.0     0.0        0
DAYS MIN <= 32      0               0.0     0.0        0
DAYS MIN <= 0       0               0.0     0.0        0

PRECIPITATION (INCHES)
RECORD
 MAXIMUM        17.71   1994
 MINIMUM         0.56   1881
TOTALS           2.68              5.27   -2.59     3.66
DAILY AVG.       0.09              0.17   -0.08     0.12
DAYS >= .01        12              11.7     0.3        9
DAYS >= .10         8               7.9     0.1        6
DAYS >= .50         2               3.3    -1.3        4
DAYS >= 1.00        0               1.6    -1.6        0
GREATEST
 24 HR. TOTAL    0.63   07/04 TO 07/04           07/05 TO 07/06
                        06/30 TO 07/01                    07/31 TO 07/31
                        07/01 TO 07/01                    07/31 TO 07/31

DEGREE_DAYS
HEATING TOTAL       0                 0       0        0
 SINCE 7/1          0                 0       0        0
COOLING TOTAL     510               471      39      577
 SINCE 1/1       1274              1092     182     1395
..................................................

WIND (MPH)
AVERAGE WIND SPEED              6.2
HIGHEST WIND SPEED/DIRECTION    36/040    DATE  07/17
HIGHEST GUST SPEED/DIRECTION    45/030    DATE  07/17

SKY COVER
POSSIBLE SUNSHINE (PERCENT)   MM
AVERAGE SKY COVER           0.50
NUMBER OF DAYS FAIR            6
NUMBER OF DAYS PC             22
NUMBER OF DAYS CLOUDY          3

AVERAGE RH (PERCENT)     72

WEATHER CONDITIONS. NUMBER OF DAYS WITH
THUNDERSTORM              0     MIXED PRECIP               0
HEAVY RAIN                5     RAIN                       7
LIGHT RAIN               13     FREEZING RAIN              0
LT FREEZING RAIN          0     HAIL                       0
HEAVY SNOW                0     SNOW                       0
LIGHT SNOW                0     SLEET                      0
FOG                       9     FOG W/VIS <= 1/4 MILE      0
HAZE                      1

-  INDICATES NEGATIVE NUMBERS.
R  INDICATES RECORD WAS SET OR TIED.
MM INDICATES DATA IS MISSING.
T  INDICATES TRACE AMOUNT.

$$
