000
CXUS42 KFFC 031620
CLMATL


CLIMATE REPORT
NATIONAL WEATHER SERVICE PEACHTREE CITY GA
1119 AM EST WED FEB 3 2016

...................................

...THE ATLANTA CLIMATE SUMMARY FOR THE MONTH OF JANUARY 2016...

CLIMATE NORMAL PERIOD 1981 TO 2010
CLIMATE RECORD PERIOD 1878 TO 2016

WEATHER         OBSERVED          NORMAL  DEPART  LAST YEAR`S
                 VALUE   DATE(S)  VALUE   FROM    VALUE  DATE(S)
                                          NORMAL
................................................................
TEMPERATURE (F)
RECORD
 HIGH              79   01/11/1949
 LOW               -8   01/21/1985
HIGHEST            68   01/31        77      -9       MM  MM
LOWEST             20   01/19        -8      28       MM  MM
AVG. MAXIMUM     51.1              52.3    -1.2       MM
AVG. MINIMUM     33.7              34.3    -0.6       MM
MEAN             42.4              43.3    -0.9       MM
DAYS MAX >= 90      0               0.0     0.0       MM
DAYS MAX <= 32      0               0.8    -0.8       MM
DAYS MIN <= 32     15              12.8     2.2       MM
DAYS MIN <= 0       0               0.1    -0.1       MM

PRECIPITATION (INCHES)
RECORD
 MAXIMUM        15.82   1883
 MINIMUM         0.84   1981
TOTALS           5.14              4.20    0.94       MM
DAILY AVG.       0.17              0.14    0.03       MM
DAYS >= .01        10              10.9    -0.9       MM
DAYS >= .10         8               7.3     0.7       MM
DAYS >= .50         3               2.8     0.2       MM
DAYS >= 1.00        2               1.1     0.9       MM
GREATEST
 24 HR. TOTAL    2.56   01/21 TO 01/22                MM

SNOWFALL (INCHES)
RECORDS
 TOTAL            4.6   2002
 24 HR TOTAL      3.7   MM
TOTALS            0.3               1.3    -1.0       MM
SINCE 7/1         0.3               1.7    -1.4       MM
SNOWDEPTH AVG.      0                MM      MM       MM
DAYS >= TRACE       3               0.8     2.2       MM
DAYS >= 1.0         0               0.5    -0.5       MM
GREATEST
 24 HR TOTAL      0.2   MM                            MM

DEGREE_DAYS
HEATING TOTAL     691               673      18       MM
 SINCE 7/1       1242              1754    -512       MM
COOLING TOTAL       0                 0       0       MM
 SINCE 1/1          0                 0       0       MM
.................................................................

WIND (MPH)
AVERAGE WIND SPEED              9.4
HIGHEST WIND SPEED/DIRECTION    33/320    DATE  01/23
HIGHEST GUST SPEED/DIRECTION    46/330    DATE  01/23

SKY COVER
POSSIBLE SUNSHINE (PERCENT)   MM
AVERAGE SKY COVER           0.60
NUMBER OF DAYS FAIR           10
NUMBER OF DAYS PC              7
NUMBER OF DAYS CLOUDY         14

AVERAGE RH (PERCENT)     61

WEATHER CONDITIONS. NUMBER OF DAYS WITH
THUNDERSTORM              0     MIXED PRECIP               0
HEAVY RAIN                2     RAIN                       6
LIGHT RAIN               10     FREEZING RAIN              0
LT FREEZING RAIN          0     HAIL                       0
HEAVY SNOW                0     SNOW                       1
LIGHT SNOW                2     SLEET                      1
FOG                      11     FOG W/VIS <= 1/4 MILE      1
HAZE                      4

-  INDICATES NEGATIVE NUMBERS.
R  INDICATES RECORD WAS SET OR TIED.
MM INDICATES DATA IS MISSING.
T  INDICATES TRACE AMOUNT.

$$
