000
CXUS54 KEWX 060645
CLMATT

CLIMATE REPORT...CORRECTED DATE FOR MINIMUM SLP
NATIONAL WEATHER SERVICE AUSTIN/SAN ANTONIO, TX
145 AM CDT THU JUL 6 2017

...................................

...THE AUSTIN CAMP MABRY CLIMATE SUMMARY FOR THE MONTH OF JUNE 2017...

CLIMATE NORMAL PERIOD 1981 TO 2010
CLIMATE RECORD PERIOD 1897 TO 2017

WEATHER         OBSERVED          NORMAL  DEPART  LAST YEAR`S
                 VALUE   DATE(S)  VALUE   FROM    VALUE  DATE(S)
                                          NORMAL
................................................................
TEMPERATURE (F)
HIGHEST           104   06/23                        101  06/28
LOWEST             66   06/05                         65  06/03
AVG. MAXIMUM     94.4              92.1     2.3     92.9
AVG. MINIMUM     73.6              72.3     1.3     73.2
MEAN             84.0              82.2     1.8     83.1
DAYS MAX >= 90     28                                 24
DAYS MAX <= 32      0                                  0
DAYS MIN <= 32      0                                  0
DAYS MIN <= 0       0                                  0

PRECIPITATION (INCHES)
TOTALS           3.05              4.33   -1.28     2.61
DAILY AVG.       0.10              0.14   -0.04     0.09
DAYS >= .01         8                                  6
DAYS >= .10         5                                  5
DAYS >= .50         2                                  1
DAYS >= 1.00        2                                  1
GREATEST
 24 HR. TOTAL    1.39   06/05 TO 06/05

SNOWFALL (INCHES)
TOTALS            0.0               0.0     0.0      0.0
SINCE 7/1           T

DEGREE_DAYS
HEATING TOTAL       0                 0       0        0
 SINCE 7/1        834              1539    -705     1081
COOLING TOTAL     577               516      61      549
 SINCE 1/1       1439              1129     310     1164
.................................................................

WIND (MPH)
AVERAGE WIND SPEED              5.3
HIGHEST WIND SPEED/DIRECTION    25/290    DATE  06/05
HIGHEST GUST SPEED/DIRECTION    41/300    DATE  06/05

SKY COVER
POSSIBLE SUNSHINE (PERCENT)   MM
AVERAGE SKY COVER           0.40
NUMBER OF DAYS FAIR           14
NUMBER OF DAYS PC             16
NUMBER OF DAYS CLOUDY          0

AVERAGE RH (PERCENT)     65

WEATHER CONDITIONS. NUMBER OF DAYS WITH
THUNDERSTORM              0     MIXED PRECIP               0
HEAVY RAIN                4     RAIN                       2
LIGHT RAIN                9     FREEZING RAIN              0
LT FREEZING RAIN          0     HAIL                       0
HEAVY SNOW                0     SNOW                       0
LIGHT SNOW                0     SLEET                      0
FOG                       6     FOG W/VIS <= 1/4 MILE      0
HAZE                      2

-  INDICATES NEGATIVE NUMBERS.
R  INDICATES RECORD WAS SET OR TIED.
MM INDICATES DATA IS MISSING.
T  INDICATES TRACE AMOUNT.

&&

MONTHLY CLIMATE SUMMARY:
JUNE WAS THE 21ST WARMEST AND 50TH WETTEST JUNE SINCE
RECORD KEEPING BEGAN.

SEA LEVEL PRESSURE DATA:
HIGHEST SLP 30.15 INCHES ON THE 25TH
LOWEST  SLP 29.60 INCHES ON THE 22ND

PRELIMINARY LOCAL CLIMATOLOGICAL DATA (WS FORM: F-6)

                                          STATION:   AUSTIN CAMP MABRY
                                          MONTH:     JUNE
                                          YEAR:      2017
                                          LATITUDE:   30 17 N
                                          LONGITUDE:  97 42 W

  TEMPERATURE IN F:       :PCPN:    SNOW:  WIND      :SUNSHINE: SKY     :PK WND
================================================================================
1   2   3   4   5  6A  6B    7    8   9   10  11  12  13   14  15   16   17  18
                                     12Z  AVG MX 2MIN
DY MAX MIN AVG DEP HDD CDD  WTR  SNW DPTH SPD SPD DIR MIN PSBL S-S WX    SPD DR
================================================================================

 1  89  67  78  -2   0  13 0.00  0.0    0  3.5 10 140   M    M   4        16 150
 2  92  74  83   3   0  18    T  0.0    0  5.1 12 130   M    M   6        16 120
 3  92  71  82   2   0  17 0.24  0.0    0  3.7 12 350   M    M   7 13     20 290
 4  91  68  80  -1   0  15 0.17  0.0    0  1.2 12 360   M    M   2 13     24 230
 5  90  66  78  -3   0  13 1.39  0.0    0  2.9 25 290   M    M   1 13     41 300
 6  92  70  81   0   0  16 0.00  0.0    0  5.3 14  20   M    M   2        25  20
 7  95  70  83   2   0  18 0.00  0.0    0  3.3  9  30   M    M   1        17  40
 8  93  73  83   2   0  18 0.00  0.0    0  3.7  9 110   M    M   1        14 110
 9  90  74  82   1   0  17 0.00  0.0    0  6.1 13 120   M    M   5        20 140
10  93  70  82   0   0  17 0.00  0.0    0  6.2 14 150   M    M   3        21 150
11  93  73  83   1   0  18 0.00  0.0    0  6.9 13 150   M    M   3        21 170
12  94  75  85   3   0  20    T  0.0    0  6.9 15 150   M    M   5 8      22 130
13  98  76  87   5   0  22 0.00  0.0    0  7.3 18 140   M    M   5        27 150
14  96  78  87   5   0  22 0.00  0.0    0  8.0 14 160   M    M   7        23 160
15  99  76  88   6   0  23 0.00  0.0    0  6.8 13 150   M    M   4        20 130
16  98  77  88   6   0  23 0.00  0.0    0  7.4 16 160   M    M   2        29 150
17 101  77  89   7   0  24 0.00  0.0    0  7.9 15 160   M    M   3        28 150
18 100  78  89   6   0  24 0.00  0.0    0  7.2 13 150   M    M   4        23 160
19  92  76  84   1   0  19 0.01  0.0    0  3.7 13 210   M    M   4 38     19 210
20  98  76  87   4   0  22 0.00  0.0    0  5.1 10  20   M    M   1        17  60
21  97  75  86   3   0  21 0.00  0.0    0  5.8 14  30   M    M   0        22  30
22  99  76  88   5   0  23 0.00  0.0    0  4.8 10 120   M    M   1        17 150
23 104  78  91   8   0  26 0.00  0.0    0  7.0 14 150   M    M   1        22 140
24  85  72  79  -4   0  14 0.14  0.0    0  4.6 13 120   M    M   4 1      23  50
25  90  75  83   0   0  18 0.02  0.0    0  4.9 13 120   M    M   5        19 110
26  91  72  82  -2   0  17 1.07  0.0    0  2.4 15 140   M    M   7 13     22 180
27  91  71  81  -3   0  16 0.01  0.0    0  3.0 20 140   M    M   4 1      30 110
28  92  71  82  -2   0  17 0.00  0.0    0  4.3 10 150   M    M   5        18 160
29  99  75  87   3   0  22 0.00  0.0    0  5.8 13 160   M    M   3        23 150
30  98  79  89   5   0  24 0.00  0.0    0  8.2 16 150   M    M   6        27 140
================================================================================
SM 2832 2209         0 577  3.05     0.0 159.0          M      106
================================================================================
AV 94.4 73.6                               5.3 FASTST   M    M   4    MAX(MPH)
                                 MISC ---->  # 25 290               # 41  300
================================================================================
NOTES:
# LAST OF SEVERAL OCCURRENCES

COLUMN 17 PEAK WIND IN M.P.H.

SYMBOLS USED IN COLUMN 16
1 = FOG OR MIST
2 = FOG REDUCING VISIBILITY
3 = THUNDER
4 = ICE PELLETS
5 = HAIL
6 = FREEZING RAIN OR DRIZZLE
7 = DUSTSTORM OR SANDSTORM:
8 = SMOKE OR HAZE
9 = BLOWING SNOW
X = TORNADO

$$
