000
CXUS54 KEWX 011836
CLMATT

CLIMATE REPORT
NATIONAL WEATHER SERVICE AUSTIN/SAN ANTONIO, TX
136 PM CDT WED JUN 1 2016

...................................

...THE AUSTIN CAMP MABRY CLIMATE SUMMARY FOR THE MONTH OF MAY 2016...

CLIMATE NORMAL PERIOD 1981 TO 2010
CLIMATE RECORD PERIOD 1897 TO 2016

WEATHER         OBSERVED          NORMAL  DEPART  LAST YEAR`S
                 VALUE   DATE(S)  VALUE   FROM    VALUE  DATE(S)
                                          NORMAL
................................................................
TEMPERATURE (F)
HIGHEST            91   05/28                         89  05/29
                        05/10                             05/26
                                                          05/20
LOWEST             54   05/04                         55  05/01
AVG. MAXIMUM     83.2              86.5    -3.3     83.4
AVG. MINIMUM     65.2              66.7    -1.5     66.9
MEAN             74.2              76.6    -2.4     75.2
DAYS MAX >= 90      3                                  0
DAYS MAX <= 32      0                                  0
DAYS MIN <= 32      0                                  0
DAYS MIN <= 0       0                                  0

PRECIPITATION (INCHES)
TOTALS           7.15              4.44    2.71    17.59
DAILY AVG.       0.23              0.14    0.09     0.57
DAYS >= .01        17                                 19
DAYS >= .10        15                                 13
DAYS >= .50         4                                  7
DAYS >= 1.00        2                                  5
GREATEST
 24 HR. TOTAL    2.25   05/19 TO 05/19
                        05/18 TO 05/19
                        05/19 TO 05/19

SNOWFALL (INCHES)
TOTALS            0.0               0.0     0.0      0.0
SINCE 7/1           T

DEGREE_DAYS
HEATING TOTAL       1                 2      -1        0
 SINCE 7/1       1081              1539    -458     1698
COOLING TOTAL     293               361     -68      323
 SINCE 1/1        615               613       2      601
.................................................................

WIND (MPH)
AVERAGE WIND SPEED              5.3
HIGHEST WIND SPEED/DIRECTION    20/020    DATE  05/17
HIGHEST GUST SPEED/DIRECTION    31/030    DATE  05/17

SKY COVER
POSSIBLE SUNSHINE (PERCENT)   MM
AVERAGE SKY COVER           0.60
NUMBER OF DAYS FAIR           11
NUMBER OF DAYS PC              8
NUMBER OF DAYS CLOUDY         12

AVERAGE RH (PERCENT)     75

WEATHER CONDITIONS. NUMBER OF DAYS WITH
THUNDERSTORM              0     MIXED PRECIP               0
HEAVY RAIN               10     RAIN                      13
LIGHT RAIN               19     FREEZING RAIN              0
LT FREEZING RAIN          0     HAIL                       0
HEAVY SNOW                0     SNOW                       0
LIGHT SNOW                0     SLEET                      0
FOG                      20     FOG W/VIS <= 1/4 MILE      2
HAZE                      6

-  INDICATES NEGATIVE NUMBERS.
R  INDICATES RECORD WAS SET OR TIED.
MM INDICATES DATA IS MISSING.
T  INDICATES TRACE AMOUNT.

&&

MONTHLY CLIMATE SUMMARY:
MAY 2016 WAS THE 40TH COOLEST AND THE 25TH WETTEST SINCE RECORDS BEGAN.

SEA LEVEL PRESSURE DATA:
HIGHEST SLP 30.18 INCHES ON THE 12TH
LOWEST  SLP 29.67 INCHES ON THE 27TH

PRELIMINARY LOCAL CLIMATOLOGICAL DATA (WS FORM: F-6)

                                          STATION:   AUSTIN CAMP MABRY
                                          MONTH:     MAY
                                          YEAR:      2016
                                          LATITUDE:   30 17 N
                                          LONGITUDE:  97 42 W

  TEMPERATURE IN F:       :PCPN:    SNOW:  WIND      :SUNSHINE: SKY     :PK WND
================================================================================
1   2   3   4   5  6A  6B    7    8   9   10  11  12  13   14  15   16   17  18
                                     12Z  AVG MX 2MIN
DY MAX MIN AVG DEP HDD CDD  WTR  SNW DPTH SPD SPD DIR MIN PSBL S-S WX    SPD DR
================================================================================

 1  78  66  72  -1   0   7    T  0.0    0  6.8 13  20   M    M   6 3      22 360
 2  70  57  64  -9   1   0    T  0.0    0  6.8 15 360   M    M   9 3      25  10
 3  78  55  67  -7   0   2 0.00  0.0    0  3.5 12  10   M    M   3        19  10
 4  87  54  71  -3   0   6 0.00  0.0    0  5.0 13 280   M    M   0        19 290
 5  89  59  74   0   0   9 0.00  0.0    0  3.6  8  30   M    M   0        15 330
 6  86  56  71  -3   0   6 0.00  0.0    0  2.9 10 140   M    M   0        19 110
 7  85  60  73  -1   0   8 0.00  0.0    0  6.4 17 160   M    M   0        29 150
 8  73  67  70  -5   0   5 0.11  0.0    0  7.9 17 140   M    M   8 1      27 160
 9  87  67  77   2   0  12 0.00  0.0    0  7.3 16 200   M    M   4 18     30 210
10  91  66  79   4   0  14 0.27  0.0    0  8.0 17  20   M    M   7 138    29  20
11  87  65  76   0   0  11 0.33  0.0    0  6.2 18 140   M    M   3 13     26 140
12  84  68  76   0   0  11 0.11  0.0    0  3.8 17 360   M    M   7 138    29 360
13  87  71  79   3   0  14    T  0.0    0  3.8  8 160   M    M   4        13  40
14  81  63  72  -4   0   7 0.77  0.0    0  1.6  9 360   M    M   3 13     16  40
15  72  62  67  -9   0   2 0.23  0.0    0  3.7  9  30   M    M   8 1      15  20
16  80  67  74  -3   0   9 0.26  0.0    0  4.5 12 140   M    M   8 1      17 120
17  82  65  74  -3   0   9 0.20  0.0    0  4.9 20  20   M    M   6 13     31  30
18  78  64  71  -6   0   6 0.16  0.0    0  6.7 15  20   M    M   8 13     23  30
19  76  61  69  -8   0   4 2.25  0.0    0  5.1 15 360   M    M   9 13     29 360
20  83  62  73  -5   0   8 0.00  0.0    0  3.2  8 100   M    M   3 1      13  10
21  83  70  77  -1   0  12 0.00  0.0    0  4.0  9 140   M    M   8        16  80
22  87  72  80   2   0  15    T  0.0    0  5.4 14 140   M    M   8 1      22 130
23  85  71  78   0   0  13 0.01  0.0    0  7.1 14 140   M    M  10 1      22 140
24  87  74  81   3   0  16 0.00  0.0    0  7.7 13 140   M    M   8        22 140
25  86  77  82   3   0  17 0.00  0.0    0  6.2 13 140   M    M  10 8      22 160
26  90  68  79   0   0  14 0.52  0.0    0  6.8 16 300   M    M   9 138    28 110
27  77  65  71  -8   0   6 0.35  0.0    0  5.6 12 100   M    M   7 123    21  40
28  91  65  78  -1   0  13 0.02  0.0    0  5.3 13 150   M    M   5 1238   19 160
29  88  70  79  -1   0  14 0.18  0.0    0  5.5 14 140   M    M   2 13     21 150
30  89  66  78  -2   0  13 0.31  0.0    0  4.8 13 150   M    M   3 13     19 140
31  82  67  75  -5   0  10 1.07  0.0    0  3.4 14 230   M    M   7 13     22 230
================================================================================
SM 2579 2020         1 293  7.15     0.0 163.5          M      173
================================================================================
AV 83.2 65.2                               5.3 FASTST   M    M   6    MAX(MPH)
                                 MISC ---->  # 20  20               # 31   30
================================================================================
NOTES:
# LAST OF SEVERAL OCCURRENCES

COLUMN 17 PEAK WIND IN M.P.H.

SYMBOLS USED IN COLUMN 16
1 = FOG OR MIST
2 = FOG REDUCING VISIBILITY
3 = THUNDER
4 = ICE PELLETS
5 = HAIL
6 = FREEZING RAIN OR DRIZZLE
7 = DUSTSTORM OR SANDSTORM:
8 = SMOKE OR HAZE
9 = BLOWING SNOW
X = TORNADO

$$
