000
CXUS54 KEWX 011840
CLMATT

SATCLMATT 000
TTAA00 KEWX 011827


CLIMATE REPORT
NATIONAL WEATHER SERVICE AUSTIN/SAN ANTONIO, TX
141 PM CDT SAT APR 1 2017

...................................

...THE AUSTIN CAMP MABRY CLIMATE SUMMARY FOR THE MONTH OF MARCH 2017...

CLIMATE NORMAL PERIOD 1981 TO 2010
CLIMATE RECORD PERIOD 1897 TO 2017

WEATHER         OBSERVED          NORMAL  DEPART  LAST YEAR`S
                 VALUE   DATE(S)  VALUE   FROM    VALUE  DATE(S)
                                          NORMAL
................................................................
TEMPERATURE (F)
HIGHEST            86   03/31                         92  03/15
                        03/28                             03/14
                        03/27
LOWEST             40   03/14                         35  03/21
                        03/03
AVG. MAXIMUM     78.6              72.2     6.4     76.5
AVG. MINIMUM     58.5              51.3     7.2     55.6
MEAN             68.6              61.7     6.9     66.1
DAYS MAX >= 90      0                                  2
DAYS MAX <= 32      0                                  0
DAYS MIN <= 32      0                                  0
DAYS MIN <= 0       0                                  0

PRECIPITATION (INCHES)
TOTALS           2.48              2.76   -0.28     3.51
DAILY AVG.       0.08              0.09   -0.01     0.11
DAYS >= .01         8                                 11
DAYS >= .10         4                                  5
DAYS >= .50         3                                  1
DAYS >= 1.00        0                                  1
GREATEST
 24 HR. TOTAL    0.73   03/29 TO 03/29
                        03/11 TO 03/11

SNOWFALL (INCHES)
TOTALS            0.0               0.0     0.0      0.0
SINCE 7/1         0.0

DEGREE_DAYS
HEATING TOTAL      53               162    -109       69
 SINCE 7/1        831              1499    -668     1066
COOLING TOTAL     172                61     111      110
 SINCE 1/1        289                88     201      149
.................................................................

WIND (MPH)
AVERAGE WIND SPEED              5.7
HIGHEST WIND SPEED/DIRECTION    24/160    DATE  03/23
HIGHEST GUST SPEED/DIRECTION    38/160    DATE  03/23

SKY COVER
POSSIBLE SUNSHINE (PERCENT)   MM
AVERAGE SKY COVER           0.50
NUMBER OF DAYS FAIR           11
NUMBER OF DAYS PC             10
NUMBER OF DAYS CLOUDY         10

AVERAGE RH (PERCENT)     65

WEATHER CONDITIONS. NUMBER OF DAYS WITH
THUNDERSTORM              0     MIXED PRECIP               0
HEAVY RAIN                2     RAIN                       4
LIGHT RAIN               12     FREEZING RAIN              0
LT FREEZING RAIN          0     HAIL                       0
HEAVY SNOW                0     SNOW                       0
LIGHT SNOW                0     SLEET                      0
FOG                      14     FOG W/VIS <= 1/4 MILE      0
HAZE                      3

-  INDICATES NEGATIVE NUMBERS.
R  INDICATES RECORD WAS SET OR TIED.
MM INDICATES DATA IS MISSING.
T  INDICATES TRACE AMOUNT.

&&

MONTHLY CLIMATE SUMMARY:
MARCH 2017 WAS THE #1 WARMEST AND THE 47TH WETTEST SINCE RECORD
KEEPING BEGAN.

SEA LEVEL PRESSURE DATA:
HIGHEST SLP 30.56 INCHES ON THE 3RD
LOWEST  SLP 29.61 INCHES ON THE 28TH


PRELIMINARY LOCAL CLIMATOLOGICAL DATA (WS FORM: F-6)

                                          STATION:   AUSTIN CAMP MABRY
                                          MONTH:     MARCH
                                          YEAR:      2017
                                          LATITUDE:   30 17 N
                                          LONGITUDE:  97 42 W

  TEMPERATURE IN F:       :PCPN:    SNOW:  WIND      :SUNSHINE: SKY     :PK WND
================================================================================
1   2   3   4   5  6A  6B    7    8   9   10  11  12  13   14  15   16   17  18
                                     12Z  AVG MX 2MIN
DY MAX MIN AVG DEP HDD CDD  WTR  SNW DPTH SPD SPD DIR MIN PSBL S-S WX    SPD DR
================================================================================

 1  73  54  64   6   1   0 0.00  0.0    0  7.5 21 360   M    M   3        29 360
 2  66  49  58   0   7   0 0.00  0.0    0  5.4 13 360   M    M   0        23  70
 3  71  40  56  -2   9   0 0.00  0.0    0  5.5 14 120   M    M   3        23 130
 4  59  54  57  -2   8   0 0.66  0.0    0  4.4 13 120   M    M  10 1      18 130
 5  75  57  66   7   0   1 0.27  0.0    0  3.5 12 210   M    M   8 1      19 190
 6  84  68  76  17   0  11    T  0.0    0  8.5 16 170   M    M   9        29 200
 7  77  61  69   9   0   4    T  0.0    0  5.6 17  10   M    M   8 1      25  10
 8  76  60  68   8   0   3    T  0.0    0  4.2 12 140   M    M  10        17 130
 9  80  67  74  14   0   9    T  0.0    0  5.4 14 150   M    M   7 13     23 140
10  83  62  73  13   0   8    T  0.0    0  2.3 12 160   M    M   2        18 200
11  66  61  64   4   1   0 0.73  0.0    0  3.5  9 130   M    M   8 1      15 110
12  62  47  55  -6  10   0 0.01  0.0    0  6.6 18  10   M    M  10 1      31  20
13  70  48  59  -2   6   0 0.01  0.0    0  3.3 13 360   M    M   6 1      22  40
14  73  40  57  -4   8   0 0.00  0.0    0  3.4 12 200   M    M   0        18 150
15  75  49  62   0   3   0 0.00  0.0    0  5.9 14 140   M    M   3 8      21 170
16  79  58  69   7   0   4 0.02  0.0    0  6.0 14 160   M    M   9 1      24 150
17  83  65  74  12   0   9 0.00  0.0    0  7.6 15 150   M    M   9        24 220
18  84  65  75  13   0  10 0.00  0.0    0  4.4 10 160   M    M   7 1      16 190
19  85  65  75  13   0  10 0.00  0.0    0  6.0 12 200   M    M   4        21 190
20  85  64  75  12   0  10 0.00  0.0    0  6.9 13 210   M    M   3        21 200
21  85  63  74  11   0   9 0.00  0.0    0  7.5 13 160   M    M   3        23 170
22  83  68  76  13   0  11 0.00  0.0    0  7.1 14 130   M    M   6        23 150
23  85  65  75  11   0  10 0.00  0.0    0 10.3 24 160   M    M   4        38 160
24  83  60  72   8   0   7 0.05  0.0    0  5.5 17 150   M    M   6 1      28 150
25  84  53  69   5   0   4 0.00  0.0    0  3.5 12 290   M    M   0        17 310
26  86  63  75  11   0  10 0.00  0.0    0  7.8 18 140   M    M   5 18     27 150
27  86  70  78  14   0  13 0.00  0.0    0  5.2 13 140   M    M   7 1      20 130
28  86  70  78  13   0  13    T  0.0    0  9.9 22 150   M    M   9 18     35 150
29  84  60  72   7   0   7 0.73  0.0    0  4.6 15 140   M    M   4 13     27 130
30  82  54  68   3   0   3 0.00  0.0    0  3.9 15 320   M    M   0        26 310
31  86  55  71   6   0   6 0.00  0.0    0  6.2 18 140   M    M   0        27 140
================================================================================
SM 2436 1815        53 172  2.48     0.0 177.4          M      163
================================================================================
AV 78.6 58.6                               5.7 FASTST   M    M   5    MAX(MPH)
                                 MISC ---->  # 24 160               # 38  160
================================================================================

NOTES:
# LAST OF SEVERAL OCCURRENCES

COLUMN 17 PEAK WIND IN M.P.H.

SYMBOLS USED IN COLUMN 16
1 = FOG OR MIST
2 = FOG REDUCING VISIBILITY
3 = THUNDER
4 = ICE PELLETS
5 = HAIL
6 = FREEZING RAIN OR DRIZZLE
7 = DUSTSTORM OR SANDSTORM:
8 = SMOKE OR HAZE
9 = BLOWING SNOW
X = TORNADO


$$
