000
CXUS54 KEWX 011519
CLMATT

CLIMATE REPORT
NATIONAL WEATHER SERVICE AUSTIN/SAN ANTONIO, TX
1019 AM CDT TUE JUL 1 2014

...................................

...THE AUSTIN CAMP MABRY CLIMATE SUMMARY FOR THE MONTH OF JUNE 2014...

CLIMATE NORMAL PERIOD 1981 TO 2010
CLIMATE RECORD PERIOD 1898 TO 2014

WEATHER         OBSERVED          NORMAL  DEPART  LAST YEAR`S
                 VALUE   DATE(S)  VALUE   FROM    VALUE  DATE(S)
                                          NORMAL
................................................................
TEMPERATURE (F)
HIGHEST            96   06/30                        108  06/29
LOWEST             64   06/10                         63  06/08
AVG. MAXIMUM     91.0              92.1    -1.1     96.8
AVG. MINIMUM     73.1              72.3     0.8     73.6
MEAN             82.0              82.2    -0.2     85.2
DAYS MAX >= 90     23                                 29
DAYS MAX <= 32      0                                  0
DAYS MIN <= 32      0                                  0
DAYS MIN <= 0       0                                  0

PRECIPITATION (INCHES)
TOTALS           3.08              4.33   -1.25     0.92
DAILY AVG.       0.10              0.14   -0.04     0.03
DAYS >= .01         8                                  5
DAYS >= .10         5                                  3
DAYS >= .50         2                                  0
DAYS >= 1.00        1                                  0
GREATEST
 24 HR. TOTAL    1.49   06/12 TO 06/12

SNOWFALL (INCHES)
TOTALS            0.0               0.0     0.0      0.0
SINCE 7/1         0.2

DEGREE_DAYS
HEATING TOTAL       0                 0       0        0
 SINCE 7/1       1776              1539     237     1251
COOLING TOTAL     519               516       3      612
 SINCE 1/1       1093              1129     -36     1236
.................................................................

WIND (MPH)
AVERAGE WIND SPEED              6.5
HIGHEST WIND SPEED/DIRECTION    24/310    DATE  06/12
HIGHEST GUST SPEED/DIRECTION    47/330    DATE  06/12

SKY COVER
POSSIBLE SUNSHINE (PERCENT)   MM
AVERAGE SKY COVER           0.50
NUMBER OF DAYS FAIR            8
NUMBER OF DAYS PC             19
NUMBER OF DAYS CLOUDY          3

AVERAGE RH (PERCENT)     70

WEATHER CONDITIONS. NUMBER OF DAYS WITH
THUNDERSTORM              0     MIXED PRECIP               0
HEAVY RAIN                5     RAIN                       4
LIGHT RAIN               12     FREEZING RAIN              0
LT FREEZING RAIN          0     HAIL                       0
HEAVY SNOW                0     SNOW                       0
LIGHT SNOW                0     SLEET                      0
FOG                       8     FOG W/VIS <= 1/4 MILE      0
HAZE                      1

-  INDICATES NEGATIVE NUMBERS.
R  INDICATES RECORD WAS SET OR TIED.
MM INDICATES DATA IS MISSING.
T  INDICATES TRACE AMOUNT.

[REMARKS]
NO REMARKS

[SEA LEVEL PRESSURE DATA]
HIGHEST SLP 30.07 INCHES ON THE 20TH
LOWEST SLP 29.68 ON THE 12TH

PRELIMINARY LOCAL CLIMATOLOGICAL DATA (WS FORM: F-6)

                                          STATION:   AUSTIN CAMP MABRY
                                          MONTH:     JUNE
                                          YEAR:      2014
                                          LATITUDE:   30 17 N
                                          LONGITUDE:  97 42 W

  TEMPERATURE IN F:       :PCPN:    SNOW:  WIND      :SUNSHINE: SKY     :PK WND
================================================================================
1   2   3   4   5  6A  6B    7    8   9   10  11  12  13   14  15   16   17  18
                                     12Z  AVG MX 2MIN
DY MAX MIN AVG DEP HDD CDD  WTR  SNW DPTH SPD SPD DIR MIN PSBL S-S WX    SPD DR
================================================================================

 1  88  71  80   0   0  15 0.00  0.0    0  4.3 14 160   M    M   3 18     20 160
 2  91  74  83   3   0  18 0.00  0.0    0  6.5 13 140   M    M   5        22 150
 3  90  75  83   3   0  18    T  0.0    0  5.6 10 160   M    M   6        17 170
 4  91  74  83   2   0  18 0.00  0.0    0  6.7 12 160   M    M   5        21 160
 5  91  74  83   2   0  18 0.00  0.0    0  7.1 14 190   M    M   6        22 150
 6  92  73  83   2   0  18 0.00  0.0    0  7.3 14 160   M    M   5        25 150
 7  92  74  83   2   0  18 0.00  0.0    0  7.4 14 150   M    M   4        26 140
 8  90  76  83   2   0  18    T  0.0    0  6.5 16 160   M    M   6        27 160
 9  86  68  77  -4   0  12 0.55  0.0    0  3.8 14 220   M    M   8 13     22 200
10  92  64  78  -4   0  13 0.00  0.0    0  3.2 13 300   M    M   0        20 320
11  94  66  80  -2   0  15 0.00  0.0    0  4.7 14 140   M    M   0        21 160
12  92  68  80  -2   0  15 1.49  0.0    0  7.7 24 310   M    M   2 13     47 330
13  89  68  79  -3   0  14 0.00  0.0    0  3.5 15 330   M    M   3        22 330
14  87  73  80  -2   0  15 0.00  0.0    0  6.1 15 140   M    M   2        22 180
15  91  74  83   1   0  18 0.00  0.0    0  8.8 14 140   M    M   5        23 170
16  92  75  84   2   0  19    T    M    0  8.1 12 160   M    M   5        24 170
17  92  75  84   2   0  19 0.00  0.0    0  9.1 12 140   M    M   5        22 190
18  92  77  85   2   0  20 0.02  0.0    0  8.5 16 150   M    M   6 1      26 130
19  91  76  84   1   0  19 0.01  0.0    0  6.4 13 120   M    M   5        22 140
20  91  75  83   0   0  18 0.00  0.0    0  5.1 13 110   M    M   3        19 110
21  92  75  84   1   0  19    T  0.0    0  5.5 15 140   M    M   4        21 120
22  90  76  83   0   0  18    T  0.0    0  7.5 13 160   M    M   6        22 180
23  88  68  78  -5   0  13 0.27  0.0    0  4.2 16  10   M    M   5 13     26  20
24  93  74  84   1   0  19 0.24  0.0    0  4.4 22 130   M    M   3 13     35 140
25  89  71  80  -3   0  15 0.49  0.0    0  5.4 16 140   M    M   6 13     24 130
26  88  71  80  -4   0  15 0.01  0.0    0  6.7 15 160   M    M   7 1      24 160
27  91  75  83  -1   0  18    T  0.0    0  8.3 17 160   M    M   8        32 160
28  93  78  86   2   0  21    T  0.0    0  9.4 16 150   M    M   9        27 200
29  95  77  86   2   0  21 0.00  0.0    0  9.0 17 150   M    M   6        27 160
30  96  77  87   3   0  22 0.00  0.0    0  8.1 17 150   M    M   5        27 200
================================================================================
SM 2729 2192         0 519  3.08     0.0 194.9          M      143
================================================================================
AV 91.0 73.1                               6.5 FASTST   M    M   5    MAX(MPH)
                                 MISC ---->  # 24 310               # 47  330
================================================================================
NOTES:
# LAST OF SEVERAL OCCURRENCES

COLUMN 17 PEAK WIND IN M.P.H.

SYMBOLS USED IN COLUMN 16

1 = FOG OR MIST
2 = FOG REDUCING VISIBILITY
    TO 1/4 MILE OR LESS
3 = THUNDER
4 = ICE PELLETS
5 = HAIL
6 = FREEZING RAIN OR DRIZZLE
7 = DUSTSTORM OR SANDSTORM:
    VSBY 1/2 MILE OR LESS
8 = SMOKE OR HAZE
9 = BLOWING SNOW
X = TORNADO

$$
