000
CXUS54 KEWX 011528 CCB
CLMATT

CLIMATE REPORT
NATIONAL WEATHER SERVICE AUSTIN/SAN ANTONIO, TX
1027 AM CDT SAT AUG 1 2015

...................................

...THE AUSTIN CAMP MABRY CLIMATE SUMMARY FOR THE MONTH OF JULY 2015...

CLIMATE NORMAL PERIOD 1981 TO 2010
CLIMATE RECORD PERIOD 1897 TO 2015

WEATHER         OBSERVED          NORMAL  DEPART  LAST YEAR`S
                 VALUE   DATE(S)  VALUE   FROM    VALUE  DATE(S)
                                          NORMAL
................................................................
TEMPERATURE (F)
HIGHEST           102   07/31                        101  07/14
LOWEST             70   07/02                         69  07/05
AVG. MAXIMUM     95.7              95.6     0.1     95.2
AVG. MINIMUM     75.5              74.4     1.1     73.6
MEAN             85.6              85.0     0.6     84.4
DAYS MAX >= 90     31                                 28
DAYS MAX <= 32      0                                  0
DAYS MIN <= 32      0                                  0
DAYS MIN <= 0       0                                  0

PRECIPITATION (INCHES)
TOTALS              T              1.88   -1.88     5.58
DAILY AVG.          T              0.06   -0.06     0.18
DAYS >= .01         0                                  6
DAYS >= .10         0                                  3
DAYS >= .50         0                                  2
DAYS >= 1.00        0                                  2
GREATEST
 24 HR. TOTAL    0.75   06/30 TO 07/01

SNOWFALL (INCHES)
TOTALS            0.0               0.0     0.0      0.0
SINCE 7/1         0.0

DEGREE_DAYS
HEATING TOTAL       0                 0       0        0
 SINCE 7/1          0                 0       0        0
COOLING TOTAL     646               620      26      607
 SINCE 1/1       1737              1749     -12     1700
.................................................................

WIND (MPH)
AVERAGE WIND SPEED              6.0
HIGHEST WIND SPEED/DIRECTION    18/150    DATE  07/08
HIGHEST GUST SPEED/DIRECTION    31/210    DATE  07/01

SKY COVER
POSSIBLE SUNSHINE (PERCENT)   MM
AVERAGE SKY COVER           0.30
NUMBER OF DAYS FAIR           19
NUMBER OF DAYS PC             12
NUMBER OF DAYS CLOUDY          0

AVERAGE RH (PERCENT)     66

WEATHER CONDITIONS. NUMBER OF DAYS WITH
THUNDERSTORM              0     MIXED PRECIP               0
HEAVY RAIN                0     RAIN                       0
LIGHT RAIN                3     FREEZING RAIN              0
LT FREEZING RAIN          0     HAIL                       0
HEAVY SNOW                0     SNOW                       0
LIGHT SNOW                0     SLEET                      0
FOG                       6     FOG W/VIS <= 1/4 MILE      0
HAZE                      3

-  INDICATES NEGATIVE NUMBERS.
R  INDICATES RECORD WAS SET OR TIED.
MM INDICATES DATA IS MISSING.
T  INDICATES TRACE AMOUNT.

&&

[MONTHLY CLIMATE SUMMARY]
JULY 2015 WAS THE 31ST WARMEST JULY AT AUSTIN MABRY WITH AN
AVERAGE TEMPERATURE OF 85.6 DEGREES F.

JULY 2015 WAS THE 3RD DRIEST JULY ON RECORD AT AUSTIN MABRY
WITH ONLY A TRACE OF PRECIPITATION. TWO OTHER YEARS HAD TRACE
AMOUNTS 1993 AND 1894. THE TWO DRIEST YEARS HAD NO PRECIPITATION
IN JULY AND THOSE WERE 1895 AND 1962.

[SEA LEVEL PRESSURE DATA]
HIGHEST SLP WAS 30.13 INCHES ON THE 11TH.
LOWEST SLP WAS 29.79 INCHES ON THE 21ST.

PRELIMINARY LOCAL CLIMATOLOGICAL DATA (WS FORM: F-6)

                                          STATION:   AUSTIN CAMP MABRY
                                          MONTH:     JULY
                                          YEAR:      2015
                                          LATITUDE:   30 17 N
                                          LONGITUDE:  97 42 W

  TEMPERATURE IN F:       :PCPN:    SNOW:  WIND      :SUNSHINE: SKY     :PK WND
================================================================================
1   2   3   4   5  6A  6B    7    8   9   10  11  12  13   14  15   16   17  18
                                     12Z  AVG MX 2MIN
DY MAX MIN AVG DEP HDD CDD  WTR  SNW DPTH SPD SPD DIR MIN PSBL S-S WX    SPD DR
================================================================================

 1  91  71  81  -3   0  16    T  0.0    0  4.1 17 200   M    M   2        31 210
 2  91  70  81  -3   0  16    T  0.0    0  5.9 16 160   M    M   5 1      29 170
 3  91  76  84   0   0  19    T  0.0    0  6.0 12 160   M    M   5        19 160
 4  92  76  84   0   0  19 0.00  0.0    0  6.5 14 150   M    M   5        22 160
 5  91  76  84   0   0  19 0.00  0.0    0  7.2 14 160   M    M   7        26 140
 6  91  77  84   0   0  19 0.00  0.0    0  8.3 16 150   M    M   6        28 170
 7  91  78  85   1   0  20    T  0.0    0  7.8 16 150   M    M   6        28 130
 8  91  78  85   1   0  20 0.00  0.0    0  8.1 18 150   M    M   6 8      29 150
 9  93  76  85   1   0  20 0.00  0.0    0  7.5 16 140   M    M   4 1      24 130
10  94  74  84  -1   0  19 0.00  0.0    0  6.4 13 160   M    M   3 1      21 150
11  93  73  83  -2   0  18 0.00  0.0    0  4.9 14 150   M    M   3        19 160
12  94  74  84  -1   0  19 0.00  0.0    0  5.3 12 150   M    M   1        19 200
13  96  75  86   1   0  21 0.00  0.0    0  5.2 13 160   M    M   1        19 160
14  97  74  86   1   0  21 0.00  0.0    0  6.1 10 190   M    M   1        18 130
15  95  75  85   0   0  20 0.00  0.0    0  5.9 13 140   M    M   2        19 150
16  95  74  85   0   0  20 0.00  0.0    0  5.8 12 160   M    M   2 8      19 160
17  96  76  86   1   0  21 0.00  0.0    0  6.9 13 160   M    M   3        21 150
18  98  77  88   3   0  23 0.00  0.0    0  7.2 14 160   M    M   4        23 150
19  97  76  87   2   0  22 0.00  0.0    0  5.5 13 160   M    M   4        22 150
20  97  74  86   1   0  21 0.00  0.0    0  4.7 12 150   M    M   1        19 150
21  97  75  86   1   0  21 0.00  0.0    0  6.1 13 140   M    M   1        19 170
22  97  77  87   2   0  22 0.00  0.0    0  6.8 13 160   M    M   3        23 170
23  99  77  88   2   0  23 0.00  0.0    0  6.5 14 150   M    M   2        24 150
24  99  77  88   2   0  23 0.00  0.0    0  6.1 13 140   M    M   4        20 140
25  98  75  87   1   0  22 0.00  0.0    0  5.0 12 140   M    M   2        19 130
26  98  76  87   1   0  22 0.00  0.0    0  5.6 12 120   M    M   2 1      17 150
27 100  77  89   3   0  24 0.00  0.0    0  5.8 13 140   M    M   3 18     20 150
28 100  77  89   3   0  24 0.00  0.0    0  7.5 14 150   M    M   4 1      25 150
29 101  76  89   3   0  24 0.00  0.0    0  5.5 12 160   M    M   3        18 150
30 101  75  88   2   0  23 0.00  0.0    0  1.8 10 120   M    M   0        16 120
31 102  78  90   4   0  25 0.00  0.0    0  3.9 13 110   M    M   1        21 120
================================================================================
SM 2966 2340         0 646    T      0.0 185.9          M       96
================================================================================
AV 95.7 75.5                               6.0 FASTST   M    M   3    MAX(MPH)
                                 MISC ---->  # 18 150               # 31  210
================================================================================
NOTES:
# LAST OF SEVERAL OCCURRENCES

COLUMN 17 PEAK WIND IN M.P.H.

SYMBOLS USED IN COLUMN 16
1 = FOG OR MIST
2 = FOG REDUCING VISIBILITY
3 = THUNDER
4 = ICE PELLETS
5 = HAIL
6 = FREEZING RAIN OR DRIZZLE
7 = DUSTSTORM OR SANDSTORM:
8 = SMOKE OR HAZE
9 = BLOWING SNOW
X = TORNADO

$$
