000
CXUS54 KEWX 021705 CCA
CLMATT

SATCLMATT 000
TTAA00 KEWX 011603


CLIMATE REPORT...CORRECTED
NATIONAL WEATHER SERVICE AUSTIN/SAN ANTONIO, TX
1205 PM CDT TUE SEP 2 2014

...CORRECTED DRIEST MONTH RANKING...

...................................

...THE AUSTIN CAMP MABRY CLIMATE SUMMARY FOR THE MONTH OF AUGUST 2014...

CLIMATE NORMAL PERIOD 1981 TO 2010
CLIMATE RECORD PERIOD 1897 TO 2014

WEATHER         OBSERVED          NORMAL  DEPART  LAST YEAR`S
                 VALUE   DATE(S)  VALUE   FROM    VALUE  DATE(S)
                                          NORMAL
................................................................
TEMPERATURE (F)
HIGHEST           104   08/16                        107  08/14
LOWEST             68   08/02                         69  08/18
AVG. MAXIMUM     99.0              97.0     2.0    100.7
AVG. MINIMUM     75.3              74.6     0.7     75.5
MEAN             87.1              85.8     1.3     88.1
DAYS MAX >= 90     31                                 30
DAYS MAX <= 32      0                                  0
DAYS MIN <= 32      0                                  0
DAYS MIN <= 0       0                                  0

PRECIPITATION (INCHES)
TOTALS           0.12              2.35   -2.23     0.27
DAILY AVG.       0.00              0.08   -0.08     0.01
DAYS >= .01         2                                  2
DAYS >= .10         0                                  1
DAYS >= .50         0                                  0
DAYS >= 1.00        0                                  0
GREATEST
 24 HR. TOTAL    0.07   08/29 TO 08/29
                        08/28 TO 08/29
                        08/29 TO 08/29

SNOWFALL (INCHES)
TOTALS            0.0               0.0     0.0      0.0
SINCE 7/1         0.0

DEGREE_DAYS
HEATING TOTAL       0                 0       0        0
 SINCE 7/1          0                 0       0        0
COOLING TOTAL     693               645      48      725
 SINCE 1/1       2393              2394      -1     2610
.................................................................

WIND (MPH)
AVERAGE WIND SPEED              5.1
HIGHEST WIND SPEED/DIRECTION    17/120    DATE  08/28
HIGHEST GUST SPEED/DIRECTION    29/150    DATE  08/20

SKY COVER
POSSIBLE SUNSHINE (PERCENT)   MM
AVERAGE SKY COVER           0.20
NUMBER OF DAYS FAIR           27
NUMBER OF DAYS PC              4
NUMBER OF DAYS CLOUDY          0

AVERAGE RH (PERCENT)     59

WEATHER CONDITIONS. NUMBER OF DAYS WITH
THUNDERSTORM              0     MIXED PRECIP               0
HEAVY RAIN                1     RAIN                       0
LIGHT RAIN                2     FREEZING RAIN              0
LT FREEZING RAIN          0     HAIL                       0
HEAVY SNOW                0     SNOW                       0
LIGHT SNOW                0     SLEET                      0
FOG                       4     FOG W/VIS <= 1/4 MILE      0
HAZE                      3

-  INDICATES NEGATIVE NUMBERS.
R  INDICATES RECORD WAS SET OR TIED.
MM INDICATES DATA IS MISSING.
T  INDICATES TRACE AMOUNT.

&&

MONTHLY CLIMATOLOGICAL SUMMARY:
AUGUST 2014 WAS THE 12TH WARMEST AND 13TH DRIEST AUGUST SINCE RECORD KEEPING
BEGAN FOR THE AUSTIN AREA.

SEA LEVEL PRESSURE DATA:
HIGHEST SLP OF 30.07 ON THE 2ND.
LOWEST SLP OF 29.76 ON THE 29TH.


PRELIMINARY LOCAL CLIMATOLOGICAL DATA (WS FORM: F-6)

                                          STATION:   AUSTIN CAMP MABRY
                                          MONTH:     AUGUST
                                          YEAR:      2014
                                          LATITUDE:   30 17 N
                                          LONGITUDE:  97 42 W

  TEMPERATURE IN F:       :PCPN:    SNOW:  WIND      :SUNSHINE: SKY     :PK WND
================================================================================
1   2   3   4   5  6A  6B    7    8   9   10  11  12  13   14  15   16   17  18
                                     12Z  AVG MX 2MIN
DY MAX MIN AVG DEP HDD CDD  WTR  SNW DPTH SPD SPD DIR MIN PSBL S-S WX    SPD DR
================================================================================

 1  91  73  82  -4   0  17 0.00  0.0    0  5.4 12 360   M    M   6        18 360
 2  90  68  79  -7   0  14 0.00  0.0    0  3.3 10  80   M    M   4        18  40
 3  94  71  83  -3   0  18 0.00  0.0    0  4.4 13 360   M    M   2        19  10
 4  94  72  83  -3   0  18 0.00  0.0    0  3.2 13  90   M    M   2 18     20 110
 5  97  73  85  -1   0  20 0.00  0.0    0  3.2 13 140   M    M   0        22 130
 6  99  76  88   2   0  23 0.00  0.0    0  4.6 13 150   M    M   2        20 150
 7 102  77  90   4   0  25 0.00  0.0    0  6.3 13 180   M    M   2 18     25 180
 8 102  76  89   3   0  24 0.00  0.0    0  6.0 13 160   M    M   1        22 180
 9 100  77  89   3   0  24 0.00  0.0    0  5.2 13 150   M    M   1        18 200
10 101  77  89   3   0  24 0.00  0.0    0  4.2 13 140   M    M   0        19 140
11 102  76  89   3   0  24 0.05  0.0    0  3.3 13 340   M    M   2 138    23 360
12 100  73  87   1   0  22 0.00  0.0    0  3.5 12  20   M    M   2        17  20
13  97  69  83  -3   0  18 0.00  0.0    0  4.1 12  10   M    M   0        20  80
14  98  70  84  -2   0  19 0.00  0.0    0  3.5  9 120   M    M   0        16  90
15 101  75  88   2   0  23 0.00  0.0    0  4.5 13 150   M    M   2        19 120
16 104  77  91   5   0  26 0.00  0.0    0  6.8 14 170   M    M   1        24 180
17 101  79  90   4   0  25 0.00  0.0    0  5.7 16 150   M    M   3        24 160
18 102  78  90   4   0  25 0.00  0.0    0  6.5 15 140   M    M   2        24 140
19  96  77  87   1   0  22 0.00  0.0    0  7.3 16 150   M    M   0 3      25 190
20 102  78  90   4   0  25 0.00  0.0    0  8.1 17 150   M    M   4        29 150
21 103  80  92   6   0  27 0.00  0.0    0  8.6 17 150   M    M   2        27 150
22 103  79  91   5   0  26 0.00  0.0    0  7.6 15 160   M    M   2        23 140
23 101  75  88   2   0  23 0.00  0.0    0  5.6 14 140   M    M   2        21 160
24 101  77  89   4   0  24 0.00  0.0    0  4.8 13 150   M    M   2        18 140
25 101  76  89   4   0  24 0.00  0.0    0  4.7 10 160   M    M   0        15 160
26 101  77  89   4   0  24    T  0.0    0  3.5 14  80   M    M   2 3      23  80
27  98  76  87   2   0  22 0.00  0.0    0  3.8 10 110   M    M   2        17 130
28  99  76  88   3   0  23 0.00  0.0    0  4.8 17 120   M    M   1        26 100
29  96  77  87   2   0  22 0.07  0.0    0  4.6 15 140   M    M   4 13     23 130
30  95  74  85   1   0  20 0.00  0.0    0  4.0 13 160   M    M   3        24 150
31  99  74  87   3   0  22 0.00  0.0    0  6.7 15 160   M    M   4        26 150
================================================================================
SM 3070 2333         0 693  0.12     0.0 157.8          M       60
================================================================================
AV 99.0 75.3                               5.1 FASTST   M    M   2    MAX(MPH)
                                 MISC ---->  # 17 150               # 29  150
===============================================================================

NOTES:
# LAST OF SEVERAL OCCURRENCES

COLUMN 17 PEAK WIND IN M.P.H.

SYMBOLS USED IN COLUMN 16

1 = FOG OR MIST
2 = FOG REDUCING VISIBILITY
    TO 1/4 MILE OR LESS
3 = THUNDER
4 = ICE PELLETS
5 = HAIL
6 = FREEZING RAIN OR DRIZZLE
7 = DUSTSTORM OR SANDSTORM:
    VSBY 1/2 MILE OR LESS
8 = SMOKE OR HAZE
9 = BLOWING SNOW
X = TORNADO


$$
