000
CXUS54 KEWX 011833
CLMATT

CLIMATE REPORT
NATIONAL WEATHER SERVICE AUSTIN/SAN ANTONIO, TX
1235 PM CST MON DEC 1 2014

...................................

...THE AUSTIN CAMP MABRY CLIMATE SUMMARY FOR THE MONTH OF NOVEMBER 2014...

CLIMATE NORMAL PERIOD 1981 TO 2010
CLIMATE RECORD PERIOD 1897 TO 2014

WEATHER         OBSERVED          NORMAL  DEPART  LAST YEAR`S
                 VALUE   DATE(S)  VALUE   FROM    VALUE  DATE(S)
                                          NORMAL
................................................................
TEMPERATURE (F)
HIGHEST            81   11/23                         90  11/17
LOWEST             30   11/18                         32  11/28
                        11/17
                        11/14
AVG. MAXIMUM     66.0              71.4    -5.4     67.4
AVG. MINIMUM     45.4              50.6    -5.2     48.3
MEAN             55.7              61.0    -5.3     57.9
DAYS MAX >= 90      0                                  1
DAYS MAX <= 32      0                                  0
DAYS MIN <= 32      4                                  1
DAYS MIN <= 0       0                                  0

PRECIPITATION (INCHES)
TOTALS           5.78              2.96    2.82     3.43
DAILY AVG.       0.19              0.10    0.09     0.11
DAYS >= .01         8                                  9
DAYS >= .10         4                                  5
DAYS >= .50         3                                  2
DAYS >= 1.00        2                                  1
GREATEST
 24 HR. TOTAL    3.30   11/22 TO 11/22
                        11/21 TO 11/22
                        11/22 TO 11/22

SNOWFALL (INCHES)
TOTALS            0.0               0.0     0.0      0.0
SINCE 7/1         0.0

DEGREE_DAYS
HEATING TOTAL     288               181     107      254
 SINCE 7/1        290               212      78      274
COOLING TOTAL      17                61     -44       48
 SINCE 1/1       3188              3126      62     3449
.................................................................

WIND (MPH)
AVERAGE WIND SPEED              4.9
HIGHEST WIND SPEED/DIRECTION    20/020    DATE  11/22
HIGHEST GUST SPEED/DIRECTION    32/350    DATE  11/11

SKY COVER
POSSIBLE SUNSHINE (PERCENT)   MM
AVERAGE SKY COVER           0.40
NUMBER OF DAYS FAIR           18
NUMBER OF DAYS PC              2
NUMBER OF DAYS CLOUDY         10

AVERAGE RH (PERCENT)     65

WEATHER CONDITIONS. NUMBER OF DAYS WITH
THUNDERSTORM              0     MIXED PRECIP               0
HEAVY RAIN                3     RAIN                       4
LIGHT RAIN                9     FREEZING RAIN              0
LT FREEZING RAIN          0     HAIL                       0
HEAVY SNOW                0     SNOW                       0
LIGHT SNOW                0     SLEET                      0
FOG                       8     FOG W/VIS <= 1/4 MILE      0
HAZE                      1

-  INDICATES NEGATIVE NUMBERS.
R  INDICATES RECORD WAS SET OR TIED.
MM INDICATES DATA IS MISSING.
T  INDICATES TRACE AMOUNT.

&&
MONTHLY CLIMATOLOGICAL SUMMARY:
NOVEMBER 2014 WAS THE 11TH COLDEST AND 9TH WETTEST NOVEMBER SINCE
RECORD KEEPING BEGAN FOR THE AUSTIN AREA.

SEA LEVEL PRESSURE DATA:
HIGHEST SLP OF 30.59 ON THE 13TH
LOWEST SLP OF 29.50 ON THE 23RD


PRELIMINARY LOCAL CLIMATOLOGICAL DATA (WS FORM: F-6)

                                          STATION:   AUSTIN CAMP MABRY
                                          MONTH:     NOVEMBER
                                          YEAR:      2014
                                          LATITUDE:   30 17 N
                                          LONGITUDE:  97 42 W

  TEMPERATURE IN F:       :PCPN:    SNOW:  WIND      :SUNSHINE: SKY     :PK WND
================================================================================
1   2   3   4   5  6A  6B    7    8   9   10  11  12  13   14  15   16   17  18
                                     12Z  AVG MX 2MIN
DY MAX MIN AVG DEP HDD CDD  WTR  SNW DPTH SPD SPD DIR MIN PSBL S-S WX    SPD DR
================================================================================

 1  68  47  58  -8   7   0 0.00  0.0    0  4.5  9 110   M    M   0        14 150
 2  75  48  62  -4   3   0 0.00  0.0    0  6.1 15 150   M    M   2        25 160
 3  76  59  68   2   0   3    T  0.0    0  5.7 14 160   M    M   8        23 150
 4  75  58  67   2   0   2 0.56  0.0    0  5.1 17  30   M    M  10 1      28  20
 5  59  55  57  -8   8   0 1.51  0.0    0  5.8 13  10   M    M  10 1      20  20
 6  63  55  59  -6   6   0 0.04  0.0    0  4.3 10 360   M    M   8 1      17 360
 7  71  48  60  -4   5   0 0.00  0.0    0  1.6  7  80   M    M   2        11  80
 8  75  48  62  -2   3   0 0.00  0.0    0  3.7 15  10   M    M   2        25  20
 9  74  47  61  -3   4   0 0.00  0.0    0  2.5  8 150   M    M   0        13 180
10  76  49  63   0   2   0 0.00  0.0    0  6.0 17 200   M    M   0        31 190
11  65  42  54  -9  11   0 0.00  0.0    0  7.4 17 340   M    M   3        32 350
12  51  36  44 -18  21   0 0.00  0.0    0  9.1 16 360   M    M   3        27 350
13  41  31  36 -26  29   0 0.00  0.0    0  7.9 17 360   M    M   9        28 350
14  45  30  38 -24  27   0 0.00  0.0    0  2.6  8 140   M    M   9        11  90
15  48  40  44 -17  21   0 0.02  0.0    0  4.0 10 130   M    M  10 18     15 130
16  50  34  42 -19  23   0 0.01  0.0    0  5.8 17 340   M    M  10 1      28 350
17  53  30  42 -18  23   0 0.00  0.0    0  6.4 16 360   M    M   1        26 360
18  56  30  43 -17  22   0 0.00  0.0    0  1.7 10 170   M    M   0        15 160
19  69  33  51  -9  14   0 0.00  0.0    0  3.0 13 220   M    M   0        22 210
20  70  44  57  -2   8   0 0.01  0.0    0  3.4 12 150   M    M   6 1      16 140
21  74  62  68   9   0   3 0.33  0.0    0  5.0 13 140   M    M   8 1      20 140
22  67  58  63   5   2   0 3.30  0.0    0  6.9 20  20   M    M  10 13     28  30
23  81  53  67   9   0   2 0.00  0.0    0  4.8 16 320   M    M   0        27 310
24  66  40  53  -5  12   0 0.00  0.0    0  4.8 15 330   M    M   0        28 320
25  67  38  53  -4  12   0 0.00  0.0    0  3.3  9 260   M    M   0        16 300
26  77  42  60   3   5   0 0.00  0.0    0  3.3 10 230   M    M   0        17 230
27  64  42  53  -4  12   0 0.00  0.0    0  3.9 10  30   M    M   0        16  50
28  72  42  57   1   8   0 0.00  0.0    0  3.6 14 190   M    M   2        24 200
29  73  56  65   9   0   0 0.00  0.0    0  7.2 16 200   M    M   3        31 190
30  79  64  72  16   0   7 0.00  0.0    0  7.3 15 190   M    M   7        28 200
================================================================================
SM 1980 1361       288  17  5.78     0.0 146.7          M      123
================================================================================
AV 66.0 45.4                               4.9 FASTST   M    M   4    MAX(MPH)
                                 MISC ---->  # 20  20               # 32  350
================================================================================
NOTES:
# LAST OF SEVERAL OCCURRENCES

COLUMN 17 PEAK WIND IN M.P.H.

SYMBOLS USED IN COLUMN 16

1 = FOG OR MIST
2 = FOG REDUCING VISIBILITY
    TO 1/4 MILE OR LESS
3 = THUNDER
4 = ICE PELLETS
5 = HAIL
6 = FREEZING RAIN OR DRIZZLE
7 = DUSTSTORM OR SANDSTORM:
    VSBY 1/2 MILE OR LESS
8 = SMOKE OR HAZE
9 = BLOWING SNOW
X = TORNADO

$$
