000
CXUS51 KGYX 030842
CLMAUG

PWMCLMAUG 000
TTAA00 KGYX 020306


CLIMATE REPORT
NATIONAL WEATHER SERVICE GRAY ME
442 AM EDT WED SEP 3 2014

...................................

...THE AUGUSTA CLIMATE SUMMARY FOR THE MONTH OF AUGUST 2014...

CLIMATE NORMAL PERIOD 1981 TO 2010
CLIMATE RECORD PERIOD 1948 TO 2014

WEATHER         OBSERVED          NORMAL  DEPART  LAST YEAR`S
                 VALUE   DATE(S)  VALUE   FROM    VALUE  DATE(S)
                                          NORMAL
................................................................
TEMPERATURE (F)
RECORD
 HIGH             100   08/05/1955
 LOW               39   08/27/1954
HIGHEST            87   08/27        90      -3       86  08/22
                        08/25                             08/21
LOWEST             50   08/19        48       2       52  08/25
                                                          08/18
                                                          08/07
AVG. MAXIMUM     76.7              78.0    -1.3     77.4
AVG. MINIMUM     57.5              58.5    -1.0     57.4
MEAN             67.1              68.3    -1.2     67.4
DAYS MAX >= 90      0               1.0    -1.0        0
DAYS MAX <= 32      0               0.0     0.0        0
DAYS MIN <= 32      0               0.0     0.0        0
DAYS MIN <= 0       0               0.0     0.0        0

PRECIPITATION (INCHES)
RECORD
 MAXIMUM         9.08   1991
 MINIMUM         0.19   2001
TOTALS           5.23              3.31    1.92     5.75
DAILY AVG.       0.17              0.11    0.06     0.19
DAYS >= .01        11              10.2     0.8       11
DAYS >= .10         6               5.8     0.2        5
DAYS >= .50         3               2.2     0.8        4
DAYS >= 1.00        1               0.7     0.3        1
GREATEST
 24 HR. TOTAL    3.53   08/13 TO 08/14

DEGREE_DAYS
HEATING TOTAL      17                26      -9        7
 SINCE 7/1         19                42     -23       13
COOLING TOTAL      90               127     -37       89
 SINCE 1/1        314               357     -43      391
.................................................................

WIND (MPH)
AVERAGE WIND SPEED              5.0
HIGHEST WIND SPEED/DIRECTION    22/320    DATE  08/28
HIGHEST GUST SPEED/DIRECTION    29/100    DATE  08/13

SKY COVER
AVERAGE SKY COVER           0.40

AVERAGE RH (PERCENT)     75

WEATHER CONDITIONS. NUMBER OF DAYS WITH
THUNDERSTORM              0     HEAVY RAIN                 5
RAIN                      5     LIGHT RAIN                14
FREEZING RAIN             0     LT FREEZING RAIN           0
HEAVY SNOW                0     SNOW                       0
LIGHT SNOW                0     FOG                       20
FOG W/VIS <= 1/4 MILE     6     HAZE                       0

-  INDICATES NEGATIVE NUMBERS.
R  INDICATES RECORD WAS SET OR TIED.
MM INDICATES DATA IS MISSING.
T  INDICATES TRACE AMOUNT.

$$

KIMBLE
