000
CXUS54 KEWX 091420 CCA
CLMAUS

CLIMATE REPORT...CORRECTED FOR SEA LEVEL PRESSURE
NATIONAL WEATHER SERVICE AUSTIN/SAN ANTONIO, TX
920 AM CDT WED JUL 9 2014

...................................

...THE AUSTIN BERGSTROM CLIMATE SUMMARY FOR THE MONTH OF JUNE 2014...

CLIMATE NORMAL PERIOD 1981 TO 2010
CLIMATE RECORD PERIOD 1943 TO 2014

WEATHER         OBSERVED          NORMAL  DEPART  LAST YEAR`S
                 VALUE   DATE(S)  VALUE   FROM    VALUE  DATE(S)
                                          NORMAL
................................................................
TEMPERATURE (F)
HIGHEST            96   06/29                        107  06/29
LOWEST             61   06/11                         58  06/08
AVG. MAXIMUM     91.5              92.2    -0.7     96.1
AVG. MINIMUM     72.1              69.9     2.2     71.3
MEAN             81.8              81.0     0.8     83.7
DAYS MAX >= 90     24                                 28
DAYS MAX <= 32      0                                  0
DAYS MIN <= 32      0                                  0
DAYS MIN <= 0       0                                  0

PRECIPITATION (INCHES)
TOTALS           1.68              4.38   -2.70     0.75
DAILY AVG.       0.06              0.15   -0.09     0.03
DAYS >= .01         4                                  4
DAYS >= .10         2                                  1
DAYS >= .50         1                                  1
DAYS >= 1.00        1                                  0
GREATEST
 24 HR. TOTAL    1.27   06/12 TO 06/12
                        06/12 TO 06/13

SNOWFALL (INCHES)
TOTALS            0.0                MM      MM      0.0
SINCE 7/1           T                MM      MM        T

DEGREE_DAYS
HEATING TOTAL       0                 0       0        0
 SINCE 7/1       2187              1903     284     1655
COOLING TOTAL     507               481      26      569
 SINCE 1/1        962               988     -26     1083
.................................................................

WIND (MPH)
AVERAGE WIND SPEED              9.9
HIGHEST WIND SPEED/DIRECTION    33/340    DATE  06/12
HIGHEST GUST SPEED/DIRECTION    45/300    DATE  06/12

SKY COVER
POSSIBLE SUNSHINE (PERCENT)   MM
AVERAGE SKY COVER           0.60
NUMBER OF DAYS FAIR            2
NUMBER OF DAYS PC             19
NUMBER OF DAYS CLOUDY          9

AVERAGE RH (PERCENT)     72

WEATHER CONDITIONS. NUMBER OF DAYS WITH
THUNDERSTORM              0     MIXED PRECIP               0
HEAVY RAIN                1     RAIN                       1
LIGHT RAIN               13     FREEZING RAIN              0
LT FREEZING RAIN          0     HAIL                       0
HEAVY SNOW                0     SNOW                       0
LIGHT SNOW                0     SLEET                      0
FOG                      16     FOG W/VIS <= 1/4 MILE      1
HAZE                      3

-  INDICATES NEGATIVE NUMBERS.
R  INDICATES RECORD WAS SET OR TIED.
MM INDICATES DATA IS MISSING.
T  INDICATES TRACE AMOUNT.

[REMARKS]
NO REMARKS

[SEA LEVEL PRESSURE DATA]
HIGHEST SLP OF 30.06 ON THE 20TH
LOWEST SLP OF 29.68 ON THE 12TH

PRELIMINARY LOCAL CLIMATOLOGICAL DATA (WS FORM: F-6)

                                          STATION:   AUSTIN BERGSTROM
                                          MONTH:     JUNE
                                          YEAR:      2014
                                          LATITUDE:   30 13 N
                                          LONGITUDE:  97 40 W

  TEMPERATURE IN F:       :PCPN:    SNOW:  WIND      :SUNSHINE: SKY     :PK WND
================================================================================
1   2   3   4   5  6A  6B    7    8   9   10  11  12  13   14  15   16   17  18
                                     12Z  AVG MX 2MIN
DY MAX MIN AVG DEP HDD CDD  WTR  SNW DPTH SPD SPD DIR MIN PSBL S-S WX    SPD DR
================================================================================

 1  89  68  79   0   0  14 0.00  0.0    0  4.4 14 160   M    M   4 1      18 150
 2  91  73  82   3   0  17 0.00  0.0    0  8.9 16 140   M    M   6 1      20 140
 3  90  74  82   3   0  17    T  0.0    0  6.1 13 120   M    M   6        17 140
 4  90  72  81   1   0  16 0.00  0.0    0  9.5 17 180   M    M   5        23 200
 5  91  73  82   2   0  17 0.00  0.0    0 12.4 21 200   M    M   6        27 200
 6  92  73  83   3   0  18    T  0.0    0 11.3 23 150   M    M   5        29 150
 7  92  74  83   3   0  18 0.00  0.0    0 11.7 18 150   M    M   4        27 180
 8  91  75  83   3   0  18 0.00  0.0    0 10.4 22 170   M    M   7        27 160
 9  86  70  78  -2   0  13 0.09  0.0    0  8.3 21 210   M    M   7 13     27 200
10  91  62  77  -3   0  12 0.00  0.0    0  5.8 16 330   M    M   1        23 320
11  95  61  78  -3   0  13 0.00  0.0    0  7.0 16 150   M    M   2        21 150
12  94  66  80  -1   0  15 1.27  0.0    0 12.6 33 340   M    M   8 138    45 300
13  90  66  78  -3   0  13    T  0.0    0  4.6 20 330   M    M   4        25 330
14  89  73  81   0   0  16 0.00  0.0    0  8.8 21 160   M    M   7 1      25 150
15  93  75  84   3   0  19 0.00  0.0    0 12.1 22 180   M    M   5        28 170
16  93  75  84   3   0  19 0.00  0.0    0 12.8 23 150   M    M   5 1      29 150
17  94  77  86   5   0  21 0.00  0.0    0 13.8 23 180   M    M   6        31 140
18  93  77  85   3   0  20    T  0.0    0 12.9 22 140   M    M   8 1      28 150
19  92  74  83   1   0  18    T  0.0    0  9.6 17 180   M    M   8        24 200
20  92  70  81  -1   0  16 0.00  0.0    0  6.8 20 140   M    M   7        23 150
21  92  73  83   1   0  18 0.00  0.0    0  8.3 21 110   M    M   8 18     26 110
22  91  75  83   1   0  18    T  0.0    0  9.9 20 170   M    M   8 1      25 180
23  89  71  80  -2   0  15    T  0.0    0  7.3 31  10   M    M   8 1      39  10
24  93  71  82   0   0  17    T  0.0    0  7.0 26 150   M    M   7 1      34 150
25  89  70  80  -2   0  15 0.30  0.0    0  7.6 23 150   M    M   9 13     27 150
26  87  70  79  -3   0  14 0.02  0.0    0  9.0 21 150   M    M   8 12     27 150
27  91  73  82   0   0  17    T  0.0    0 13.1 25 180   M    M   7 1      33 180
28  94  78  86   4   0  21    T  0.0    0 16.4 25 180   M    M   8        33 150
29  96  76  86   4   0  21 0.00  0.0    0 14.8 24 160   M    M   5 1      32 180
30  95  77  86   4   0  21 0.00  0.0    0 15.1 24 180   M    M   4 18     29 180
================================================================================
SM 2745 2162         0 507  1.68     0.0 298.3          M      183
================================================================================
AV 91.5 72.1                               9.9 FASTST   M    M   6    MAX(MPH)
                                 MISC ---->  # 33 340               # 45  300
================================================================================
NOTES:
# LAST OF SEVERAL OCCURRENCES

COLUMN 17 PEAK WIND IN M.P.H.

SYMBOLS USED IN COLUMN 16

1 = FOG OR MIST
2 = FOG REDUCING VISIBILITY
    TO 1/4 MILE OR LESS
3 = THUNDER
4 = ICE PELLETS
5 = HAIL
6 = FREEZING RAIN OR DRIZZLE
7 = DUSTSTORM OR SANDSTORM:
    VSBY 1/2 MILE OR LESS
8 = SMOKE OR HAZE
9 = BLOWING SNOW
X = TORNADO

$$
