000
CXUS54 KEWX 011757
CLMAUS

CLIMATE REPORT
NATIONAL WEATHER SERVICE AUSTIN/SAN ANTONIO, TX
1157 AM CST WED FEB 1 2017

...................................

...THE AUSTIN BERGSTROM CLIMATE SUMMARY FOR THE MONTH OF JANUARY 2017...

CLIMATE NORMAL PERIOD 1981 TO 2010
CLIMATE RECORD PERIOD 1943 TO 2017

WEATHER         OBSERVED          NORMAL  DEPART  LAST YEAR`S
                 VALUE   DATE(S)  VALUE   FROM    VALUE  DATE(S)
                                          NORMAL
................................................................
TEMPERATURE (F)
HIGHEST            85   01/24                         80  01/31
LOWEST             16   01/08                         25  01/23
AVG. MAXIMUM     68.7              62.1     6.6     62.9
AVG. MINIMUM     42.1              36.3     5.8     35.7
MEAN             55.4              49.2     6.2     49.3
DAYS MAX >= 90      0                                  0
DAYS MAX <= 32      0                                  0
DAYS MIN <= 32      6                                 14
DAYS MIN <= 0       0                                  0

PRECIPITATION (INCHES)
TOTALS           4.65              2.20    2.45     1.04
DAILY AVG.       0.15              0.07    0.08     0.03
DAYS >= .01         7                                  5
DAYS >= .10         7                                  3
DAYS >= .50         3                                  1
DAYS >= 1.00        2                                  0
GREATEST
 24 HR. TOTAL    2.50   01/17 TO 01/18

SNOWFALL (INCHES)
TOTALS            0.0                MM      MM      0.0
SINCE 7/1         0.0                MM      MM        T

DEGREE_DAYS
HEATING TOTAL     312               495    -183      477
 SINCE 7/1        758              1242    -484      972
COOLING TOTAL      22                 5      17        0
 SINCE 1/1         22                 0      22        0
.................................................................

WIND (MPH)
AVERAGE WIND SPEED              9.7
HIGHEST WIND SPEED/DIRECTION    32/310    DATE  01/22
HIGHEST GUST SPEED/DIRECTION    50/280    DATE  01/22

SKY COVER
POSSIBLE SUNSHINE (PERCENT)   MM
AVERAGE SKY COVER           0.50
NUMBER OF DAYS FAIR            8
NUMBER OF DAYS PC             14
NUMBER OF DAYS CLOUDY          9

AVERAGE RH (PERCENT)     64

WEATHER CONDITIONS. NUMBER OF DAYS WITH
THUNDERSTORM              0     MIXED PRECIP               0
HEAVY RAIN                4     RAIN                       5
LIGHT RAIN               11     FREEZING RAIN              0
LT FREEZING RAIN          0     HAIL                       0
HEAVY SNOW                0     SNOW                       0
LIGHT SNOW                0     SLEET                      0
FOG                      13     FOG W/VIS <= 1/4 MILE      5
HAZE                      1

-  INDICATES NEGATIVE NUMBERS.
R  INDICATES RECORD WAS SET OR TIED.
MM INDICATES DATA IS MISSING.
T  INDICATES TRACE AMOUNT.

&&

JANUARY 2017 WAS THE 8TH WARMEST AND THE 8TH WETTEST SINCE RECORD
KEEPING BEGAN AT AUSTIN BERGSTROM.

SEA LEVEL PRESSURE DATA
HIGHEST SLP 30.82 INCHES ON THE 7TH
LOWEST  SLP 29.39 INCHES ON TH 21ST

PRELIMINARY LOCAL CLIMATOLOGICAL DATA (WS FORM: F-6)

                                          STATION:   AUSTIN BERGSTROM
                                          MONTH:     JANUARY
                                          YEAR:      2017
                                          LATITUDE:   30 13 N
                                          LONGITUDE:  97 40 W

  TEMPERATURE IN F:       :PCPN:    SNOW:  WIND      :SUNSHINE: SKY     :PK WND
================================================================================
1   2   3   4   5  6A  6B    7    8   9   10  11  12  13   14  15   16   17  18
                                     12Z  AVG MX 2MIN
DY MAX MIN AVG DEP HDD CDD  WTR  SNW DPTH SPD SPD DIR MIN PSBL S-S WX    SPD DR
================================================================================

 1  76  49  63  14   2   0 0.00  0.0    0  4.4 16 150   M    M   4 12     21 180
 2  77  53  65  16   0   0 0.46  0.0    0  5.6 21 320   M    M   5 13     29 310
 3  77  38  58   9   7   0 0.00  0.0    0  8.4 21  30   M    M   5        25  10
 4  48  33  41  -8  24   0 0.00  0.0    0  9.9 20 350   M    M   6        25 350
 5  64  36  50   1  15   0    T  0.0    0 12.9 30  20   M    M   9 8      35  10
 6  36  24  30 -19  35   0 0.00  0.0    0 21.3 29  10   M    M   8        35  10
 7  43  19  31 -18  34   0 0.00  0.0    0  9.1 18  10   M    M   0        24  10
 8  53  16  35 -14  30   0 0.00  0.0    0  6.0 17 180   M    M   2        23 190
 9  73  37  55   6  10   0 0.00  0.0    0 11.0 26 190   M    M   6        34 200
10  81  59  70  21   0   5 0.00  0.0    0 12.1 26 200   M    M   5        32 210
11  81  56  69  20   0   4 0.00  0.0    0 15.7 32 180   M    M   5 1      41 180
12  83  65  74  25   0   9 0.00  0.0    0 12.7 26 180   M    M   7 1      33 180
13  81  56  69  20   0   4 0.28  0.0    0 10.5 23 150   M    M   9 1      27 150
14  56  49  53   4  12   0 0.13  0.0    0  9.6 14  20   M    M  10 12     19  30
15  76  50  63  14   2   0 0.48  0.0    0 10.3 28 150   M    M   9 123    37 160
16  70  59  65  16   0   0 0.78  0.0    0  5.6 18 270   M    M  10 13     24 210
17  59  49  54   5  11   0 1.02  0.0    0 13.5 22  30   M    M  10 13     28  20
18  57  48  53   4  12   0 1.50  0.0    0  7.6 16 360   M    M  10 13     21 350
19  69  51  60  11   5   0    T  0.0    0  7.9 20 180   M    M   6 1      24 190
20  78  47  63  14   2   0 0.00  0.0    0  5.0 12 120   M    M   6 12     15 140
21  84  43  64  15   1   0    T  0.0    0  9.2 24 280   M    M   7 12     36 290
22  70  50  60  11   5   0 0.00  0.0    0 16.7 32 310   M    M   2        50 280
23  76  40  58   9   7   0 0.00  0.0    0  7.1 17 200   M    M   0        22 190
24  85  40  63  14   2   0 0.00  0.0    0 11.2 25 200   M    M   4        31 200
25  69  42  56   6   9   0 0.00  0.0    0 12.6 22 350   M    M   8        28 350
26  59  33  46  -4  19   0 0.00  0.0    0  6.5 15  20   M    M   3        20  30
27  58  32  45  -5  20   0 0.00  0.0    0  9.8 18 350   M    M   7        24  50
28  61  35  48  -2  17   0    T  0.0    0  9.1 17 320   M    M   5        26 340
29  71  30  51   1  14   0 0.00  0.0    0  6.2 17 360   M    M   1        23 320
30  81  32  57   7   8   0 0.00  0.0    0  5.1 15 170   M    M   0        21 280
31  78  33  56   6   9   0 0.00  0.0    0  8.9 23 190   M    M   0        31 180
================================================================================
SM 2130 1304       312  22  4.65     0.0 301.5          M      169
================================================================================
AV 68.7 42.1                               9.7 FASTST   M    M   5    MAX(MPH)
                                 MISC ---->  # 32 180               # 50  280
================================================================================
NOTES:
# LAST OF SEVERAL OCCURRENCES

COLUMN 17 PEAK WIND IN M.P.H.

SYMBOLS USED IN COLUMN 16
1 = FOG OR MIST
2 = FOG REDUCING VISIBILITY
3 = THUNDER
4 = ICE PELLETS
5 = HAIL
6 = FREEZING RAIN OR DRIZZLE
7 = DUSTSTORM OR SANDSTORM:
8 = SMOKE OR HAZE
9 = BLOWING SNOW
X = TORNADO

$$
