000
CXUS54 KEWX 040424 CCA
CLMAUS

CLIMATE REPORT
NATIONAL WEATHER SERVICE AUSTIN/SAN ANTONIO, TX
1024 PM CST SUN DEC 3 2017

...................................

...THE AUSTIN BERGSTROM CLIMATE SUMMARY FOR THE MONTH OF NOVEMBER 2017...

CLIMATE NORMAL PERIOD 1981 TO 2010
CLIMATE RECORD PERIOD 1943 TO 2017

WEATHER         OBSERVED          NORMAL  DEPART  LAST YEAR`S
                 VALUE   DATE(S)  VALUE   FROM    VALUE  DATE(S)
                                          NORMAL
................................................................
TEMPERATURE (F)
HIGHEST            89   11/05                         91  11/01
LOWEST             31   11/23                         33  11/20
AVG. MAXIMUM     76.1              71.4     4.7     76.7
AVG. MINIMUM     51.6              45.5     6.1     52.4
MEAN             63.8              58.4     5.4     64.6
DAYS MAX >= 90      0                                  1
DAYS MAX <= 32      0                                  0
DAYS MIN <= 32      1                                  0
DAYS MIN <= 0       0                                  0

PRECIPITATION (INCHES)
TOTALS           0.42              2.94   -2.52     2.43
DAILY AVG.       0.01              0.10   -0.09     0.08
DAYS >= .01         4                                  9
DAYS >= .10         2                                  4
DAYS >= .50         0                                  3
DAYS >= 1.00        0                                  0
GREATEST
 24 HR. TOTAL    0.08   11/08 TO 11/08

SNOWFALL (INCHES)
TOTALS            0.0                MM      MM      0.0
SINCE 7/1         0.0                MM      MM      0.0

DEGREE_DAYS
HEATING TOTAL     133               234    -101       88
 SINCE 7/1        207               285     -78       94
COOLING TOTAL     109                38      71       82
 SINCE 1/1       3350              2741     609     3082
.................................................................

WIND (MPH)
AVERAGE WIND SPEED              7.4
HIGHEST WIND SPEED/DIRECTION    31/360    DATE  11/18
HIGHEST GUST SPEED/DIRECTION    39/350    DATE  11/18

SKY COVER
POSSIBLE SUNSHINE (PERCENT)   MM
AVERAGE SKY COVER           0.60
NUMBER OF DAYS FAIR           10
NUMBER OF DAYS PC              9
NUMBER OF DAYS CLOUDY         11

AVERAGE RH (PERCENT)     73

WEATHER CONDITIONS. NUMBER OF DAYS WITH
THUNDERSTORM              0     MIXED PRECIP               0
HEAVY RAIN                1     RAIN                       3
LIGHT RAIN                6     FREEZING RAIN              0
LT FREEZING RAIN          0     HAIL                       0
HEAVY SNOW                0     SNOW                       0
LIGHT SNOW                0     SLEET                      0
FOG                      12     FOG W/VIS <= 1/4 MILE      2
HAZE                      1

-  INDICATES NEGATIVE NUMBERS.
R  INDICATES RECORD WAS SET OR TIED.
MM INDICATES DATA IS MISSING.
T  INDICATES TRACE AMOUNT.

&&

MONTHLY CLIMATE SUMMARY:
NOVEMBER 2017 WAS THE 9TH WARMEST AND 9TH DRIEST SINCE
RECORD KEEPING BEGAN.


SEA LEVEL PRESSURE DATA:
HIGHEST SLP 30.39 INCHES ON THE 19TH
LOWEST  SLP 29.77 INCHES ON THE 18TH

PRELIMINARY LOCAL CLIMATOLOGICAL DATA (WS FORM: F-6)

                                          STATION:   AUSTIN BERGSTROM
                                          MONTH:     NOVEMBER
                                          YEAR:      2017
                                          LATITUDE:   30 13 N
                                          LONGITUDE:  97 40 W

  TEMPERATURE IN F:       :PCPN:    SNOW:  WIND      :SUNSHINE: SKY     :PK WND
================================================================================
1   2   3   4   5  6A  6B    7    8   9   10  11  12  13   14  15   16   17  18
                                     12Z  AVG MX 2MIN
DY MAX MIN AVG DEP HDD CDD  WTR  SNW DPTH SPD SPD DIR MIN PSBL S-S WX    SPD DR
================================================================================

 1  78  53  66   2   0   1 0.12  0.0    0  6.7 16 180   M    M   6 1      19 180
 2  84  66  75  11   0  10 0.00  0.0    0 10.5 18 190   M    M   7 18     24 190
 3  87  71  79  16   0  14 0.00  0.0    0  7.3 15 190   M    M   6 1      19 150
 4  81  69  75  12   0  10 0.01  0.0    0  7.5 15 200   M    M   9 1      21 180
 5  89  68  79  17   0  14 0.00  0.0    0  9.7 18 200   M    M   8 1      25 190
 6  87  68  78  16   0  13 0.00  0.0    0  8.7 18 200   M    M   6        22 210
 7  83  60  72  10   0   7 0.00  0.0    0 11.8 22  20   M    M   9        26  20
 8  60  45  53  -8  12   0 0.21  0.0    0 15.0 22 360   M    M  10 1      26  20
 9  57  46  52  -9  13   0    T  0.0    0  9.5 16  20   M    M   9 1      20  20
10  63  52  58  -2   7   0 0.00  0.0    0  4.5 13  40   M    M  10        17  30
11  75  56  66   6   0   1    T  0.0    0  6.3 16 130   M    M  10        20 160
12  77  60  69   9   0   4 0.00  0.0    0  4.3 10 170   M    M   9        14  60
13  79  60  70  11   0   5 0.00  0.0    0  5.2 12  40   M    M   8        15  30
14  80  55  68   9   0   3 0.00  0.0    0  7.9 17 190   M    M   6 1      23 190
15  73  65  69  11   0   4 0.00  0.0    0  6.1 16 180   M    M  10        23 190
16  83  60  72  14   0   7 0.08  0.0    0  4.3 14 180   M    M   6 1      17 180
17  84  69  77  19   0  12 0.00  0.0    0 14.1 23 190   M    M   8        33 180
18  84  53  69  12   0   4 0.00  0.0    0 17.5 31 360   M    M   5        39 350
19  65  39  52  -5  13   0 0.00  0.0    0  6.8 21 360   M    M   3        26  10
20  69  36  53  -4  12   0 0.00  0.0    0  5.4 16 170   M    M   4        23 190
21  75  45  60   4   5   0 0.00    M    0  8.8 26  10   M    M   6        32  10
22  65  36  51  -5  14   0 0.00  0.0    0 12.2 30  10   M    M   3        34 360
23  71  31  51  -5  14   0 0.00  0.0    0  2.2  7 190   M    M   1         9 170
24  76  35  56   1   9   0 0.00  0.0    0  5.9 20 200   M    M   2        25 180
25  81  38  60   5   5   0 0.00  0.0    0  3.6 12 170   M    M   2 1      17 120
26  76  48  62   7   3   0 0.00  0.0    0  2.5 10 360   M    M   3        13  10
27  75  42  59   5   6   0 0.00  0.0    0  5.7 16 190   M    M   2 12     21 180
28  79  41  60   6   5   0 0.00  0.0    0  5.7 22 180   M    M   2 12     26 210
29  72  41  57   3   8   0 0.00  0.0    0  4.6 17 340   M    M   3        21 320
30  75  40  58   5   7   0 0.00  0.0    0  2.8  9 360   M    M   2        13  60
================================================================================
SM 2283 1548       133 109  0.42     0.0 223.1          M      175
================================================================================
AV 76.1 51.6                               7.4 FASTST   M    M   6    MAX(MPH)
                                 MISC ---->  # 31 360               # 39  350
================================================================================
NOTES:
# LAST OF SEVERAL OCCURRENCES

COLUMN 17 PEAK WIND IN M.P.H.

SYMBOLS USED IN COLUMN 16
1 = FOG OR MIST
2 = FOG REDUCING VISIBILITY
3 = THUNDER
4 = ICE PELLETS
5 = HAIL
6 = FREEZING RAIN OR DRIZZLE
7 = DUSTSTORM OR SANDSTORM:
8 = SMOKE OR HAZE
9 = BLOWING SNOW
X = TORNADO
