000
CXUS54 KEWX 011829 AAA
CLMAUS

CLIMATE REPORT...CORRECTION FOR PRELIMINARY F-6 TABLE
NATIONAL WEATHER SERVICE AUSTIN/SAN ANTONIO, TX
1229 PM CST SUN MAR 1 2015

...................................

...THE AUSTIN BERGSTROM CLIMATE SUMMARY FOR THE MONTH OF FEBRUARY 2015...

CLIMATE NORMAL PERIOD 1981 TO 2010
CLIMATE RECORD PERIOD 1943 TO 2015

WEATHER         OBSERVED          NORMAL  DEPART  LAST YEAR`S
                 VALUE   DATE(S)  VALUE   FROM    VALUE  DATE(S)
                                          NORMAL
................................................................
TEMPERATURE (F)
HIGHEST            81   02/09                         84  02/23
                                                          02/14
LOWEST             25   02/18                         24  02/13
AVG. MAXIMUM     60.9              64.8    -3.9     64.4
AVG. MINIMUM     37.6              39.4    -1.8     39.6
MEAN             49.2              52.1    -2.9     52.0
DAYS MAX >= 90      0                                  0
DAYS MAX <= 32      0                                  1
DAYS MIN <= 32      8                                  8
DAYS MIN <= 0       0                                  0

PRECIPITATION (INCHES)
TOTALS           0.46              2.31   -1.85     0.52
DAILY AVG.       0.02              0.08   -0.06     0.02
DAYS >= .01         6                                  5
DAYS >= .10         2                                  2
DAYS >= .50         0                                  0
DAYS >= 1.00        0                                  0
GREATEST
 24 HR. TOTAL    0.28   02/03 TO 02/04

SNOWFALL (INCHES)
TOTALS              T                MM      MM        T
SINCE 7/1           T                MM      MM        T

DEGREE_DAYS
HEATING TOTAL     435               373      62      374
 SINCE 7/1       1714              1615      99     1817
COOLING TOTAL       2                11      -9       16
 SINCE 1/1          2                16     -14       17
.................................................................

WIND (MPH)
AVERAGE WIND SPEED              9.9
HIGHEST WIND SPEED/DIRECTION    32/010    DATE  02/22
HIGHEST GUST SPEED/DIRECTION    38/010    DATE  02/22

SKY COVER
POSSIBLE SUNSHINE (PERCENT)   MM
AVERAGE SKY COVER           0.60
NUMBER OF DAYS FAIR            6
NUMBER OF DAYS PC             10
NUMBER OF DAYS CLOUDY         12

AVERAGE RH (PERCENT)     73

WEATHER CONDITIONS. NUMBER OF DAYS WITH
THUNDERSTORM              0     MIXED PRECIP               0
HEAVY RAIN                0     RAIN                       0
LIGHT RAIN               13     FREEZING RAIN              0
LT FREEZING RAIN          4     HAIL                       0
HEAVY SNOW                0     SNOW                       0
LIGHT SNOW                0     SLEET                      1
FOG                      16     FOG W/VIS <= 1/4 MILE      1
HAZE                      1

-  INDICATES NEGATIVE NUMBERS.
R  INDICATES RECORD WAS SET OR TIED.
MM INDICATES DATA IS MISSING.
T  INDICATES TRACE AMOUNT.

&&

MONTHLY CLIMATE SUMMARY
FEBRUARY 2015 WAS 10TH COOLEST AND THE 9TH DRIEST FEBRUARY SINCE
RECORD KEEPING BEGAN.

SEA LEVEL PRESSURE DATA
HIGHEST SLP 30.52 ON 23RD
LOWEST  SLP 29.76 ON 20TH

PRELIMINARY LOCAL CLIMATOLOGICAL DATA (WS FORM: F-6)

                                          STATION:   AUSTIN BERGSTROM
                                          MONTH:     FEBRUARY
                                          YEAR:      2015
                                          LATITUDE:   30 13 N
                                          LONGITUDE:  97 40 W

  TEMPERATURE IN F:       :PCPN:    SNOW:  WIND      :SUNSHINE: SKY     :PK WND
================================================================================
1   2   3   4   5  6A  6B    7    8   9   10  11  12  13   14  15   16   17  18
                                     12Z  AVG MX 2MIN
DY MAX MIN AVG DEP HDD CDD  WTR  SNW DPTH SPD SPD DIR MIN PSBL S-S WX    SPD DR
================================================================================

 1  73  44  59   9   6   0    T  0.0    0 13.7 24 360   M    M   7        29 360
 2  47  33  40 -10  25   0 0.00  0.0    0 10.7 24 350   M    M   7        31 350
 3  43  38  41  -9  24   0 0.23  0.0    0  3.9 10 160   M    M  10 1      14 150
 4  57  42  50   0  15   0 0.05  0.0    0  4.6 15 180   M    M  10 1      18 170
 5  52  39  46  -4  19   0    T  0.0    0 11.8 26  10   M    M  10 1      32  10
 6  58  37  48  -3  17   0 0.00  0.0    0  5.3 15 190   M    M   6 1      20 210
 7  68  38  53   2  12   0 0.00  0.0    0 12.4 25 190   M    M   2 1      32 190
 8  75  50  63  12   2   0    T  0.0    0 10.9 22 210   M    M   6 1      28 200
 9  81  45  63  12   2   0 0.00  0.0    0  4.5 15  30   M    M   0        17  30
10  80  38  59   8   6   0 0.00  0.0    0  6.6 17 180   M    M   0        21 180
11  76  37  57   6   8   0 0.00  0.0    0  6.7 24  20   M    M   5 128    29  20
12  60  40  50  -2  15   0 0.00  0.0    0 14.4 26 360   M    M   4        32 360
13  67  35  51  -1  14   0 0.00  0.0    0  4.7 15 150   M    M   3        17 180
14  77  40  59   7   6   0 0.00  0.0    0  3.7 12 190   M    M   4 1      15 210
15  67  50  59   7   6   0    T  0.0    0  8.0 18 180   M    M   8 1      24 170
16  66  37  52   0  13   0 0.05    T    0 16.2 26 340   M    M   9 14     34 340
17  54  30  42 -10  23   0 0.00  0.0    0 10.5 23  20   M    M   6        27  10
18  64  25  45  -8  20   0 0.00  0.0    0  4.8 18 180   M    M   0        22 190
19  70  29  50  -3  15   0 0.00  0.0    0  8.7 25 170   M    M   3        32 170
20  73  52  63  10   2   0 0.00  0.0    0 16.5 29 190   M    M   9        36 190
21  78  55  67  14   0   2 0.00  0.0    0 13.7 29 190   M    M   9        36 180
22  56  37  47  -6  18   0 0.01  0.0    0 15.1 32  10   M    M  10 1      38  10
23  37  30  34 -20  31   0    T  0.0    0 18.0 30  10   M    M  10 16     37  10
24  37  30  34 -20  31   0    T  0.0    0  8.0 15 360   M    M  10 16     17 360
25  62  33  48  -6  17   0 0.01  0.0    0  5.0 17 340   M    M   6 13     23 330
26  52  26  39 -15  26   0 0.00  0.0    0 13.2 25  30   M    M   5        32  20
27  37  31  34 -21  31   0    T  0.0    0 14.9 23  10   M    M  10 16     26  10
28  37  31  34 -21  31   0 0.11  0.0    0 11.8 17  30   M    M  10 16     21  20
================================================================================
SM 1704 1052       435   2  0.46    T    278.3          M      179
================================================================================
AV 60.9 37.6                               9.9 FASTST   M    M   6    MAX(MPH)
                                 MISC ---->  # 32  10               # 38   10
================================================================================
NOTES:
# LAST OF SEVERAL OCCURRENCES

COLUMN 17 PEAK WIND IN M.P.H.

SYMBOLS USED IN COLUMN 16

1 = FOG OR MIST
2 = FOG REDUCING VISIBILITY
    TO 1/4 MILE OR LESS
3 = THUNDER
4 = ICE PELLETS
5 = HAIL
6 = FREEZING RAIN OR DRIZZLE
7 = DUSTSTORM OR SANDSTORM:
    VSBY 1/2 MILE OR LESS
8 = SMOKE OR HAZE
9 = BLOWING SNOW
X = TORNADO

$$
