000
CXUS53 KGRB 010655
CLMAUW


CLIMATE REPORT
NATIONAL WEATHER SERVICE GREEN BAY
154 AM CDT WED JUL 1 2015

...................................

...THE WAUSAU WI CLIMATE SUMMARY FOR THE MONTH OF JUNE 2015...

CLIMATE NORMAL PERIOD 1981 TO 2010
CLIMATE RECORD PERIOD 1896 TO 2015

WEATHER         OBSERVED          NORMAL  DEPART  LAST YEAR`S
                 VALUE   DATE(S)  VALUE   FROM    VALUE  DATE(S)
                                          NORMAL
................................................................
TEMPERATURE (F)
RECORD
 HIGH             100   06/27/1933
                        06/30/1931
                        06/29/1931
 LOW               30   06/07/1924
HIGHEST            82   06/09        90      -8       86  06/28
LOWEST             40   06/02        41      -1       45  06/14
                        06/01
AVG. MAXIMUM     75.1              75.8    -0.7     77.9
AVG. MINIMUM     53.5              53.9    -0.4     57.5
MEAN             64.3              64.9    -0.6     67.7
DAYS MAX >= 90      0               1.1    -1.1        0
DAYS MAX <= 32      0               0.0     0.0        0
DAYS MIN <= 32      0               0.0     0.0        0
DAYS MIN <= 0       0               0.0     0.0        0

PRECIPITATION (INCHES)
RECORD
 MAXIMUM         9.61   1930
 MINIMUM         0.52   1976
TOTALS           4.56              4.31    0.25     5.51
DAILY AVG.       0.15              0.14    0.01     0.18
DAYS >= .01        14              12.2     1.8       18
DAYS >= .10         9               7.5     1.5       13
DAYS >= .50         4               2.8     1.2
DAYS >= 1.00        1               1.0     0.0        1
GREATEST
 STORM TOTAL       MM
 (MM/DD(HH))            MM

SNOWFALL (INCHES)
RECORDS
 TOTAL            0.0   MM
 24 HR TOTAL        T   MM
TOTALS            0.0               0.0     0.0      0.0
SINCE 7/1        53.7              59.6    -5.9     84.3
DAYS >= TRACE       0               0.0     0.0
DAYS >= 1.0         0               0.0     0.0        0
GREATEST
 SNOW DEPTH         0   MM                             0  MM
 24 HR TOTAL      0.0   06/30 TO 06/30

DEGREE_DAYS
HEATING TOTAL      61                89     -28       22
 SINCE 7/1       8485              8249     236     9340
COOLING TOTAL      47                85     -38      110
 SINCE 1/1         65               104     -39      135
.................................................................

WIND (MPH)
AVERAGE WIND SPEED              6.4
HIGHEST WIND SPEED/DIRECTION    32/070    DATE  06/22
HIGHEST GUST SPEED/DIRECTION    40/300    DATE  06/22

SKY COVER
POSSIBLE SUNSHINE (PERCENT)   MM
AVERAGE SKY COVER           0.30
NUMBER OF DAYS FAIR           18
NUMBER OF DAYS PC             10
NUMBER OF DAYS CLOUDY          2

AVERAGE RH (PERCENT)     70

WEATHER CONDITIONS. NUMBER OF DAYS WITH
THUNDERSTORM              6     MIXED PRECIP               0
HEAVY RAIN                5     RAIN                      10
LIGHT RAIN               15     FREEZING RAIN              0
LT FREEZING RAIN          0     HAIL                       0
HEAVY SNOW                0     SNOW                       0
LIGHT SNOW                0     SLEET                      0
FOG                      17     FOG W/VIS <= 1/4 MILE      2
HAZE                      4

-  INDICATES NEGATIVE NUMBERS.
R  INDICATES RECORD WAS SET OR TIED.
MM INDICATES DATA IS MISSING.
T  INDICATES TRACE AMOUNT.

$$
