000
CXUS53 KGRB 010849
CLMAUW

CLIMATE REPORT
NATIONAL WEATHER SERVICE GREEN BAY
242 AM CST MON DEC 1 2014

...3RD COLDEST NOVEMBER ON RECORD...
...3RD SNOWIEST NOVEMBER ON RECORD...

...................................

...THE WAUSAU WI CLIMATE SUMMARY FOR THE MONTH OF NOVEMBER 2014...

CLIMATE NORMAL PERIOD 1981 TO 2010
CLIMATE RECORD PERIOD 1896 TO 2014

WEATHER         OBSERVED          NORMAL  DEPART  LAST YEAR`S
                 VALUE   DATE(S)  VALUE   FROM    VALUE  DATE(S)
                                          NORMAL
................................................................
TEMPERATURE (F)
RECORD
 HIGH              73   11/09/1999
 LOW              -15   11/25/1950
HIGHEST            51   11/04        59      -8       54  11/16
                        11/02
LOWEST             -2   11/21         6      -8        0  11/29
AVG. MAXIMUM     30.6              40.1    -9.5     37.7
AVG. MINIMUM     17.9              24.9    -7.0     23.3
MEAN             24.2              32.5    -8.3     30.5
DAYS MAX >= 90      0               0.0     0.0        0
DAYS MAX <= 32     16               6.9     9.1        7
DAYS MIN <= 32     26              23.0     3.0       24
DAYS MIN <= 0       2               0.3     1.7        1

PRECIPITATION (INCHES)
RECORD
 MAXIMUM         6.34   1934
 MINIMUM         0.02   1976
TOTALS           2.30              2.00    0.30     2.26
DAILY AVG.       0.08              0.07    0.01     0.08
DAYS >= .01        16              10.3     5.7       15
DAYS >= .10         6               5.0     1.0        5
DAYS >= .50         1               1.1    -0.1
DAYS >= 1.00        0               0.3    -0.3        0
GREATEST
 STORM TOTAL       MM
 (MM/DD(HH))            MM

SNOWFALL (INCHES)
RECORDS
 TOTAL           22.6   1991
 24 HR TOTAL      5.8   MM
TOTALS           18.5               6.9    11.6      5.1
SINCE 7/1        20.2               8.3    11.9      5.1
DAYS >= TRACE      20               5.7    14.3
DAYS >= 1.0         5               2.1     2.9        2
GREATEST
 SNOW DEPTH         6   11/21                          2  11/30
                        11/20                             11/29
                        11/19                             11/28
 24 HR TOTAL      4.8   24

DEGREE_DAYS
HEATING TOTAL    1215               975     240     1030
 SINCE 7/1       2083              1859     224     1810
COOLING TOTAL       0                 0       0        0
 SINCE 1/1        338               407     -69      506
.................................................................

WIND (MPH)
AVERAGE WIND SPEED              9.0
HIGHEST WIND SPEED/DIRECTION    26/300    DATE  11/04
HIGHEST GUST SPEED/DIRECTION    37/290    DATE  11/04

SKY COVER
POSSIBLE SUNSHINE (PERCENT)   MM
AVERAGE SKY COVER           0.70
NUMBER OF DAYS FAIR            4
NUMBER OF DAYS PC             11
NUMBER OF DAYS CLOUDY         15

AVERAGE RH (PERCENT)     78

WEATHER CONDITIONS. NUMBER OF DAYS WITH
THUNDERSTORM              0     MIXED PRECIP               0
HEAVY RAIN                0     RAIN                       0
LIGHT RAIN                7     FREEZING RAIN              0
LT FREEZING RAIN          1     HAIL                       0
HEAVY SNOW                3     SNOW                       3
LIGHT SNOW               19     SLEET                      0
FOG                      23     FOG W/VIS <= 1/4 MILE      7
HAZE                      9

-  INDICATES NEGATIVE NUMBERS.
R  INDICATES RECORD WAS SET OR TIED.
MM INDICATES DATA IS MISSING.
T  INDICATES TRACE AMOUNT.

$$
