788
CXUS53 KGRB 010802
CLMAUW


CLIMATE REPORT
NATIONAL WEATHER SERVICE GREEN BAY
159 AM CST THU FEB 1 2018

...................................

...THE WAUSAU WI CLIMATE SUMMARY FOR THE MONTH OF JANUARY 2018...

CLIMATE NORMAL PERIOD 1981 TO 2010
CLIMATE RECORD PERIOD 1896 TO 2018

WEATHER         OBSERVED          NORMAL  DEPART  LAST YEAR`S
                 VALUE   DATE(S)  VALUE   FROM    VALUE  DATE(S)
                                          NORMAL
................................................................
TEMPERATURE (F)
RECORD
 HIGH              54   01/24/1942
 LOW              -40   01/30/1951
                        01/18/1948
HIGHEST            44   01/21        40       4       39  01/18
LOWEST            -17   01/01       -19       2      -15  01/06
AVG. MAXIMUM     24.1              23.1     1.0     24.2
AVG. MINIMUM      8.4               6.0     2.4     11.5
MEAN             16.2              14.6     1.6     17.9
DAYS MAX >= 90      0               0.0     0.0        0
DAYS MAX <= 32     20              24.4    -4.4       22
DAYS MIN <= 32     31              30.8     0.2       28
DAYS MIN <= 0      11              10.5     0.5        8

PRECIPITATION (INCHES)
RECORD
 MAXIMUM         3.12   1967
 MINIMUM         0.07   1981
                        1961
TOTALS           1.24              1.02    0.22     2.34
DAILY AVG.       0.04              0.03    0.01     0.08
DAYS >= .01         8               9.7    -1.7       11
DAYS >= .10         5               3.3     1.7        8
DAYS >= .50         1               0.2     0.8
DAYS >= 1.00        0               0.0     0.0        0
GREATEST
 STORM TOTAL       MM
 (MM/DD(HH))            MM

SNOWFALL (INCHES)
RECORDS
 TOTAL           32.9   1929
 24 HR TOTAL       MM
TOTALS           13.2              13.5    -0.3     18.9
SINCE 7/1        31.1              35.7    -4.6     46.1
DAYS >= TRACE      15              10.2     4.8
DAYS >= 1.0         4               4.4    -0.4        5
GREATEST
 SNOW DEPTH         7   01/25                         19  01/13
                        01/24                             01/12
                        01/23                             01/11
 24 HR TOTAL      4.7   01/22 TO 01/22

DEGREE_DAYS
HEATING TOTAL    1502              1564     -62     1453
 SINCE 7/1       4717              4850    -133     4148
COOLING TOTAL       0                 0       0        0
 SINCE 1/1          0                 0       0        0
.................................................................

WIND (MPH)
AVERAGE WIND SPEED              8.2
HIGHEST WIND SPEED/DIRECTION    24/260    DATE  01/31
HIGHEST GUST SPEED/DIRECTION    34/260    DATE  01/31

SKY COVER
POSSIBLE SUNSHINE (PERCENT)   MM
AVERAGE SKY COVER           0.50
NUMBER OF DAYS FAIR           10
NUMBER OF DAYS PC             12
NUMBER OF DAYS CLOUDY          9

AVERAGE RH (PERCENT)     75

WEATHER CONDITIONS. NUMBER OF DAYS WITH
THUNDERSTORM              0     MIXED PRECIP               0
HEAVY RAIN                1     RAIN                       1
LIGHT RAIN                3     FREEZING RAIN              0
LT FREEZING RAIN          0     HAIL                       0
HEAVY SNOW                1     SNOW                       3
LIGHT SNOW               15     SLEET                      0
FOG                      18     FOG W/VIS <= 1/4 MILE      3
HAZE                     12

-  INDICATES NEGATIVE NUMBERS.
R  INDICATES RECORD WAS SET OR TIED.
MM INDICATES DATA IS MISSING.
T  INDICATES TRACE AMOUNT.

$$
