401
CXUS53 KGRB 010845
CLMAUW


CLIMATE REPORT
NATIONAL WEATHER SERVICE GREEN BAY
243 AM CST SUN JAN 1 2017

...................................

...THE WAUSAU WI CLIMATE SUMMARY FOR THE MONTH OF DECEMBER 2016...

CLIMATE NORMAL PERIOD 1981 TO 2010
CLIMATE RECORD PERIOD 1896 TO 2016

WEATHER         OBSERVED          NORMAL  DEPART  LAST YEAR`S
                 VALUE   DATE(S)  VALUE   FROM    VALUE  DATE(S)
                                          NORMAL
................................................................
TEMPERATURE (F)
RECORD
 HIGH              61   12/05/2001
                        12/02/1982
 LOW              -31   12/31/1946
HIGHEST            40   12/26        43      -3       51  12/10
LOWEST            -15   12/18       -13      -2        9  12/19
AVG. MAXIMUM     24.5              26.5    -2.0     36.3
AVG. MINIMUM     13.6              11.4     2.2     26.5
MEAN             19.0              19.0     0.0     31.4
DAYS MAX >= 90      0               0.0     0.0        0
DAYS MAX <= 32     22              21.3     0.7        9
DAYS MIN <= 32     31              30.0     1.0       23
DAYS MIN <= 0       5               6.7    -1.7        0

PRECIPITATION (INCHES)
RECORD
 MAXIMUM         4.94   2015
 MINIMUM         0.10   1958
TOTALS           2.66              1.36    1.30     4.94
DAILY AVG.       0.09              0.04    0.05     0.16
DAYS >= .01        12              10.1     1.9       11
DAYS >= .10         9               3.8     5.2        8
DAYS >= .50         1               0.5     0.5
DAYS >= 1.00        0               0.1    -0.1        2
GREATEST
 STORM TOTAL       MM
 (MM/DD(HH))            MM

SNOWFALL (INCHES)
RECORDS
 TOTAL           37.6   2008
 24 HR TOTAL     12.8   MM
TOTALS           24.1              13.9    10.2      9.3
SINCE 7/1        27.2              22.2     5.0      9.5
DAYS >= TRACE      20              10.0    10.0
DAYS >= 1.0         7               4.3     2.7        1
GREATEST
 SNOW DEPTH        12   12/23                          6  12/30
                                                          12/29
                                                          12/28
 24 HR TOTAL      6.7   MM

DEGREE_DAYS
HEATING TOTAL    1417              1427     -10     1034
 SINCE 7/1       2695              3286    -591     2440
COOLING TOTAL       0                 0       0        0
 SINCE 1/1        512               407     105      435
.................................................................

WIND (MPH)
AVERAGE WIND SPEED              9.9
HIGHEST WIND SPEED/DIRECTION    35/230    DATE  12/26
HIGHEST GUST SPEED/DIRECTION    45/230    DATE  12/26

SKY COVER
POSSIBLE SUNSHINE (PERCENT)   MM
AVERAGE SKY COVER           0.70
NUMBER OF DAYS FAIR            5
NUMBER OF DAYS PC              8
NUMBER OF DAYS CLOUDY         18

AVERAGE RH (PERCENT)     78

WEATHER CONDITIONS. NUMBER OF DAYS WITH
THUNDERSTORM              0     MIXED PRECIP               0
HEAVY RAIN                2     RAIN                       2
LIGHT RAIN                2     FREEZING RAIN              2
LT FREEZING RAIN          2     HAIL                       0
HEAVY SNOW                0     SNOW                       5
LIGHT SNOW               21     SLEET                      0
FOG                      19     FOG W/VIS <= 1/4 MILE      0
HAZE                      4

-  INDICATES NEGATIVE NUMBERS.
R  INDICATES RECORD WAS SET OR TIED.
MM INDICATES DATA IS MISSING.
T  INDICATES TRACE AMOUNT.

$$
