000
CXUS53 KGRB 010828
CLMAUW


CLIMATE REPORT
NATIONAL WEATHER SERVICE GREEN BAY
225 AM CST THU DEC 1 2016

...................................

...THE WAUSAU WI CLIMATE SUMMARY FOR THE MONTH OF NOVEMBER 2016...

CLIMATE NORMAL PERIOD 1981 TO 2010
CLIMATE RECORD PERIOD 1896 TO 2016

WEATHER         OBSERVED          NORMAL  DEPART  LAST YEAR`S
                 VALUE   DATE(S)  VALUE   FROM    VALUE  DATE(S)
                                          NORMAL
................................................................
TEMPERATURE (F)
RECORD
 HIGH              73   11/09/1999
 LOW              -15   11/25/1950
HIGHEST            69   11/05        59      10       72  11/03
LOWEST             19   11/22         6      13       11  11/22
AVG. MAXIMUM     50.1              40.1    10.0     47.9
AVG. MINIMUM     32.2              24.9     7.3     30.9
MEAN             41.2              32.5     8.7     39.4
DAYS MAX >= 90      0               0.0     0.0        0
DAYS MAX <= 32      2               6.9    -4.9        5
DAYS MIN <= 32     13              23.0   -10.0       18
DAYS MIN <= 0       0               0.3    -0.3        0

PRECIPITATION (INCHES)
RECORD
 MAXIMUM         6.34   1934
 MINIMUM         0.02   1976
TOTALS           1.89              2.00   -0.11     2.33
DAILY AVG.       0.06              0.07   -0.01     0.08
DAYS >= .01         9              10.3    -1.3       10
DAYS >= .10         4               5.0    -1.0        6
DAYS >= .50         1               1.1    -0.1
DAYS >= 1.00        1               0.3     0.7        0
GREATEST
 STORM TOTAL       MM
 (MM/DD(HH))            MM

SNOWFALL (INCHES)
RECORDS
 TOTAL           22.6   1991
 24 HR TOTAL      5.8   MM
TOTALS            3.1               6.9    -3.8        T
SINCE 7/1         3.1               8.3    -5.2      0.2
DAYS >= TRACE       5               5.7    -0.7
DAYS >= 1.0         2               2.1    -0.1        0
GREATEST
 SNOW DEPTH         2   11/22                          0  MM
 24 HR TOTAL      1.5   11/22 TO 11/22

DEGREE_DAYS
HEATING TOTAL     707               975    -268      759
 SINCE 7/1       1278              1859    -581     1406
COOLING TOTAL       0                 0       0        0
 SINCE 1/1        512               407     105      435
.................................................................

WIND (MPH)
AVERAGE WIND SPEED              6.8
HIGHEST WIND SPEED/DIRECTION    36/200    DATE  11/18
HIGHEST GUST SPEED/DIRECTION    47/200    DATE  11/18

SKY COVER
POSSIBLE SUNSHINE (PERCENT)   MM
AVERAGE SKY COVER           0.40
NUMBER OF DAYS FAIR           16
NUMBER OF DAYS PC              5
NUMBER OF DAYS CLOUDY          9

AVERAGE RH (PERCENT)     76

WEATHER CONDITIONS. NUMBER OF DAYS WITH
THUNDERSTORM              0     MIXED PRECIP               0
HEAVY RAIN                1     RAIN                       2
LIGHT RAIN                9     FREEZING RAIN              0
LT FREEZING RAIN          0     HAIL                       0
HEAVY SNOW                0     SNOW                       1
LIGHT SNOW                5     SLEET                      0
FOG                      17     FOG W/VIS <= 1/4 MILE      5
HAZE                      3

-  INDICATES NEGATIVE NUMBERS.
R  INDICATES RECORD WAS SET OR TIED.
MM INDICATES DATA IS MISSING.
T  INDICATES TRACE AMOUNT.

$$
