000
CXUS53 KGRB 010630
CLMAUW


CLIMATE REPORT
NATIONAL WEATHER SERVICE GREEN BAY
129 AM CDT MON SEP 1 2014

...................................

...THE WAUSAU WI CLIMATE SUMMARY FOR THE MONTH OF AUGUST 2014...

CLIMATE NORMAL PERIOD 1981 TO 2010
CLIMATE RECORD PERIOD 1896 TO 2014

WEATHER         OBSERVED          NORMAL  DEPART  LAST YEAR`S
                 VALUE   DATE(S)  VALUE   FROM    VALUE  DATE(S)
                                          NORMAL
................................................................
TEMPERATURE (F)
RECORD
 HIGH              99   08/16/1988
                        08/02/1964
                        08/21/1955
 LOW               32   08/30/1915
HIGHEST            84   08/25        90      -6       92  08/25
                        08/03
LOWEST             46   08/14        46       0       42  08/14
AVG. MAXIMUM     77.1              77.7    -0.6     80.4
AVG. MINIMUM     58.1              57.0     1.1     56.8
MEAN             67.6              67.3     0.3     68.6
DAYS MAX >= 90      0               0.9    -0.9        3
DAYS MAX <= 32      0               0.0     0.0        0
DAYS MIN <= 32      0               0.0     0.0        0
DAYS MIN <= 0       0               0.0     0.0        0

PRECIPITATION (INCHES)
RECORD
 MAXIMUM        13.87   1995
 MINIMUM         0.82   1913
TOTALS           7.10              4.16    2.94     3.53
DAILY AVG.       0.23              0.13    0.10     0.11
DAYS >= .01        13              10.6     2.4        7
DAYS >= .10        11               7.2     3.8        4
DAYS >= .50         6               2.9     3.1
DAYS >= 1.00        2               1.1     0.9        2
GREATEST
 STORM TOTAL       MM
 (MM/DD(HH))            MM

SNOWFALL (INCHES)
RECORDS
 TOTAL            0.0   MM
 24 HR TOTAL      0.0   MM
TOTALS            0.0               0.0     0.0      0.0
SINCE 7/1         0.0               0.0     0.0      0.0
DAYS >= TRACE       0               0.0     0.0
DAYS >= 1.0         0               0.0     0.0        0
GREATEST
 SNOW DEPTH         0   MM                             0  MM
 24 HR TOTAL      0.0   08/31 TO 08/31

DEGREE_DAYS
HEATING TOTAL      15                43     -28       26
 SINCE 7/1         54                66     -12       56
COOLING TOTAL     107               115      -8      144
 SINCE 1/1        326               375     -49      450
.................................................................

WIND (MPH)
AVERAGE WIND SPEED              5.9
HIGHEST WIND SPEED/DIRECTION    28/300    DATE  08/29
HIGHEST GUST SPEED/DIRECTION    40/250    DATE  08/29

SKY COVER
POSSIBLE SUNSHINE (PERCENT)   MM
AVERAGE SKY COVER           0.50
NUMBER OF DAYS FAIR           13
NUMBER OF DAYS PC              9
NUMBER OF DAYS CLOUDY          9

AVERAGE RH (PERCENT)     76

WEATHER CONDITIONS. NUMBER OF DAYS WITH
THUNDERSTORM              0     MIXED PRECIP               0
HEAVY RAIN                7     RAIN                       9
LIGHT RAIN               21     FREEZING RAIN              0
LT FREEZING RAIN          0     HAIL                       0
HEAVY SNOW                0     SNOW                       0
LIGHT SNOW                0     SLEET                      0
FOG                      18     FOG W/VIS <= 1/4 MILE      3
HAZE                      5

-  INDICATES NEGATIVE NUMBERS.
R  INDICATES RECORD WAS SET OR TIED.
MM INDICATES DATA IS MISSING.
T  INDICATES TRACE AMOUNT.

$$
