000
CXUS52 KGSP 011401
CLMAVL

CLIMATE REPORT
NATIONAL WEATHER SERVICE GREENVILLE-SPARTANBURG SC
950 AM EDT TUE JUL 1 2014

...................................

...THE ASHEVILLE CLIMATE SUMMARY FOR THE MONTH OF JUNE 2014...

CLIMATE NORMAL PERIOD 1981 TO 2010
CLIMATE RECORD PERIOD 1869 TO 2014

WEATHER         OBSERVED          NORMAL  DEPART  LAST YEAR`S
                 VALUE   DATE(S)  VALUE   FROM    VALUE  DATE(S)
                                          NORMAL
................................................................
TEMPERATURE (F)
RECORD
 HIGH              98   06/30/2012
                        06/28/1952
                        06/29/1936
 LOW               35   06/02/1966
HIGHEST            89   06/19        MM      MM       90  06/12
LOWEST             55   06/02        MM      MM       52  06/15
AVG. MAXIMUM     82.0              81.3     0.7     81.2
AVG. MINIMUM     62.6              59.6     3.0     61.8
MEAN             72.3              70.5     1.8     71.5
DAYS MAX >= 90      0               1.2    -1.2        1
DAYS MAX <= 32      0               0.0     0.0        0
DAYS MIN <= 32      0               0.0     0.0        0
DAYS MIN <= 0       0               0.0     0.0        0

PRECIPITATION (INCHES)
RECORD
 MAXIMUM        10.73   1989
 MINIMUM         0.80   1964
TOTALS           5.39              4.65    0.74     8.97
DAILY AVG.       0.18              0.16    0.02     0.30
DAYS >= .01        14              12.7     1.3       16
DAYS >= .10        10               7.7     2.3        9
DAYS >= .50         5               3.1     1.9        7
DAYS >= 1.00        1               1.2    -0.2        2
GREATEST
 24 HR. TOTAL    1.26   06/29 TO 06/30           06/07 TO 06/08
                                                          06/08 TO 06/08
                                                          06/08 TO 06/08
 STORM TOTAL       MM                                 MM
 (MM/DD(HH))            MM                    06/08(00) TO 06/08(00)
                                                 06/08(00) TO 06/08(00)8
                                                 06/08(00) TO 06/08(00)8

DEGREE_DAYS
COOLING TOTAL     226               177      49      202
 SINCE 1/1        307               235      72      253

FREEZE DATES
RECORD
 EARLIEST     MM
 LATEST       MM
EARLIEST      10/25             MM
LATEST        04/17             MM
.........................................................

WIND (MPH)
AVERAGE WIND SPEED              4.8
HIGHEST WIND SPEED/DIRECTION    23/330    DATE  06/30
HIGHEST GUST SPEED/DIRECTION    29/320    DATE  06/30

SKY COVER
POSSIBLE SUNSHINE (PERCENT)   MM
AVERAGE SKY COVER           0.40
NUMBER OF DAYS FAIR           14
NUMBER OF DAYS PC             11
NUMBER OF DAYS CLOUDY          5

AVERAGE RH (PERCENT)     73

WEATHER CONDITIONS. NUMBER OF DAYS WITH
THUNDERSTORM             13     MIXED PRECIP               0
HEAVY RAIN                9     RAIN                       6
LIGHT RAIN               18     FREEZING RAIN              0
LT FREEZING RAIN          0     HAIL                       0
HEAVY SNOW                0     SNOW                       0
LIGHT SNOW                0     SLEET                      0
FOG                      19     FOG W/VIS <= 1/4 MILE      3
HAZE                      4

-  INDICATES NEGATIVE NUMBERS.
R  INDICATES RECORD WAS SET OR TIED.
MM INDICATES DATA IS MISSING.
T  INDICATES TRACE AMOUNT.

$$
