000
CXUS52 KGSP 011247
CLMAVL

CLIMATE REPORT
NATIONAL WEATHER SERVICE GREENVILLE-SPARTANBURG SC
847 AM EDT FRI APR 1 2016

...................................

...THE ASHEVILLE CLIMATE SUMMARY FOR THE MONTH OF MARCH 2016...

CLIMATE NORMAL PERIOD 1981 TO 2010
CLIMATE RECORD PERIOD 1869 TO 2016

WEATHER         OBSERVED          NORMAL  DEPART  LAST YEAR`S
                 VALUE   DATE(S)  VALUE   FROM    VALUE  DATE(S)
                                          NORMAL
................................................................
TEMPERATURE (F)
RECORD
 HIGH              87   03/25/1929
 LOW                2   03/15/1993
HIGHEST            80   03/16        MM      MM       78  03/16
LOWEST             26   03/03        MM      MM       19  03/06
AVG. MAXIMUM     65.0              58.7     6.3     62.5
AVG. MINIMUM     41.2              35.5     5.7     39.5
MEAN             53.1              47.1     6.0     51.0
DAYS MAX >= 90      0               0.0     0.0        0
DAYS MAX <= 32      0               0.3    -0.3        0
DAYS MIN <= 32      6              11.2    -5.2        7
DAYS MIN <= 0       0               0.0     0.0        0

PRECIPITATION (INCHES)
RECORD
 MAXIMUM         9.86   1975
 MINIMUM         0.43   1889
TOTALS           1.56              3.83   -2.27     2.12
DAILY AVG.       0.05              0.12   -0.07     0.07
DAYS >= .01        10              11.0    -1.0       14
DAYS >= .10         5               6.7    -1.7        9
DAYS >= .50         1               2.5    -1.5        0
DAYS >= 1.00        0               1.0    -1.0        0
GREATEST
 24 HR. TOTAL    0.59   03/13 TO 03/13           03/04 TO 03/05
                        03/12 TO 03/13                    03/28 TO 03/28
                        03/13 TO 03/13                    03/28 TO 03/28
 STORM TOTAL       MM                                 MM
 (MM/DD(HH))            MM                    03/05(00) TO 03/05(00)
                                                 03/28(00) TO 03/28(00)8
                                                 03/28(00) TO 03/28(00)8

SNOWFALL (INCHES)
RECORDS
 TOTAL           28.9   1960
 24 HR TOTAL     16.5   03/13/1993 TO 03/14/1993
 SNOW DEPTH        18   03/14/1993
TOTALS              T               1.9    -1.9        T
 LIQUID EQUIV      MM              0.20      MM       MM
SINCE 7/1        13.9               9.2     4.7     13.3
 LIQUID 7/1      1.39              0.90    0.49     1.33
SNOWDEPTH AVG.      0                MM      MM        0
DAYS >= TRACE       1               0.9     0.1        2
DAYS >= 1.0         0               0.4    -0.4        0
GREATEST
 SNOW DEPTH         0   MM                             0  MM
 24 HR TOTAL        T   03/03 TO 03/03           03/28 TO 03/28
                                                          03/28 TO 03/28
                                                          03/28 TO 03/28
 STORM TOTAL       MM                                 MM
 (MM/DD(HH))            MM                    03/28(00) TO 03/28(00)
                                                 03/28(00) TO 03/28(00)8
                                                 03/28(00) TO 03/28(00)8

DEGREE_DAYS
HEATING TOTAL     361               555    -194      425
 SINCE 7/1       3108              3772    -664     3734
COOLING TOTAL       0                 1      -1        0
 SINCE 1/1          0                 1      -1        0

FREEZE DATES
RECORD
 EARLIEST     MM
 LATEST       MM
EARLIEST                        MM
LATEST                          MM
.........................................................

WIND (MPH)
AVERAGE WIND SPEED              7.9
HIGHEST WIND SPEED/DIRECTION    32/330    DATE  03/21
HIGHEST GUST SPEED/DIRECTION    41/330    DATE  03/21

SKY COVER
POSSIBLE SUNSHINE (PERCENT)   MM
AVERAGE SKY COVER           0.30
NUMBER OF DAYS FAIR           20
NUMBER OF DAYS PC              7
NUMBER OF DAYS CLOUDY          4

AVERAGE RH (PERCENT)     61

WEATHER CONDITIONS. NUMBER OF DAYS WITH
THUNDERSTORM              1     MIXED PRECIP               0
HEAVY RAIN                3     RAIN                       6
LIGHT RAIN               13     FREEZING RAIN              0
LT FREEZING RAIN          0     HAIL                       0
HEAVY SNOW                0     SNOW                       1
LIGHT SNOW                1     SLEET                      0
FOG                       9     FOG W/VIS <= 1/4 MILE      2
HAZE                      4

-  INDICATES NEGATIVE NUMBERS.
R  INDICATES RECORD WAS SET OR TIED.
MM INDICATES DATA IS MISSING.
T  INDICATES TRACE AMOUNT.

$$

OUTLAW
