000
CXUS52 KGSP 040243 CCA
CLMAVL

CLIMATE REPORT
NATIONAL WEATHER SERVICE GREENVILLE-SPARTANBURG SC
759 AM EST MON FEB 1 2016

...................................

...THE ASHEVILLE CLIMATE SUMMARY FOR THE MONTH OF JANUARY 2016...

CLIMATE NORMAL PERIOD 1981 TO 2010
CLIMATE RECORD PERIOD 1869 TO 2016

WEATHER         OBSERVED          NORMAL  DEPART  LAST YEAR`S
                 VALUE   DATE(S)  VALUE   FROM    VALUE  DATE(S)
                                          NORMAL
................................................................
TEMPERATURE (F)
RECORD
 HIGH              80   01/27/1999
 LOW              -16   01/21/1985
HIGHEST            61   01/31        MM      MM       66  01/20
LOWEST             11   01/19        MM      MM        4  01/08
AVG. MAXIMUM     44.9              47.4    -2.5     47.0
AVG. MINIMUM     24.8              26.7    -1.9     27.0
MEAN             34.8              37.1    -2.3     37.0
DAYS MAX >= 90      0               0.0     0.0        0
DAYS MAX <= 32      3               2.5     0.5        2
DAYS MIN <= 32     28              21.9     6.1       24
DAYS MIN <= 0       0               0.3    -0.3        0

PRECIPITATION (INCHES)
RECORD
 MAXIMUM         9.96   1998
 MINIMUM         0.27   1907
TOTALS           3.29              3.67   -0.38     3.06
DAILY AVG.       0.11              0.12   -0.01     0.10
DAYS >= .01         8              10.0    -2.0        9
DAYS >= .10         4               6.2    -2.2        4
DAYS >= .50         2               2.5    -0.5        3
DAYS >= 1.00        2               0.9     1.1        1
GREATEST
 24 HR. TOTAL    1.55   01/21 TO 01/22           01/03 TO 01/04
                                                          01/30 TO 01/30
                                                          01/30 TO 01/30
 STORM TOTAL       MM                                 MM
 (MM/DD(HH))            MM                    01/04(00) TO 01/04(00)
                                                 01/30(00) TO 01/30(00)0
                                                 01/30(00) TO 01/30(00)0

SNOWFALL (INCHES)
RECORDS
 TOTAL           17.6   1966
 24 HR TOTAL     14.0   01/07/1988 TO 01/08/1988
 SNOW DEPTH        14   01/08/1988
TOTALS           13.8               4.1     9.7        T
 LIQUID EQUIV    1.38              0.40    0.98       MM
SINCE 7/1        13.8               5.1     8.7      3.2
 LIQUID 7/1      1.38              0.50    0.88     0.32
SNOWDEPTH AVG.      2                MM      MM        0
DAYS >= TRACE       5               1.9     3.1        6
DAYS >= 1.0         1               0.9     0.1        0
GREATEST
 SNOW DEPTH        12   01/23                          0  MM
 24 HR TOTAL     13.4   MM                       01/30 TO 01/30
                                                          01/30 TO 01/30
                                                          01/30 TO 01/30
 STORM TOTAL       MM                                 MM
 (MM/DD(HH))            MM                    01/30(00) TO 01/30(00)
                                                 01/30(00) TO 01/30(00)0
                                                 01/30(00) TO 01/30(00)0

DEGREE_DAYS
HEATING TOTAL     927               866      61      861
 SINCE 7/1       2023              2527    -504     2415
COOLING TOTAL       0                 0       0        0
 SINCE 1/1          0                 0       0        0

FREEZE DATES
RECORD
 EARLIEST     MM
 LATEST       MM
EARLIEST                        MM
LATEST                          MM
.................................................

WIND (MPH)
AVERAGE WIND SPEED              7.9
HIGHEST WIND SPEED/DIRECTION    36/330    DATE  01/23
HIGHEST GUST SPEED/DIRECTION    47/330    DATE  01/23

SKY COVER
POSSIBLE SUNSHINE (PERCENT)   MM
AVERAGE SKY COVER           0.30
NUMBER OF DAYS FAIR           20
NUMBER OF DAYS PC              5
NUMBER OF DAYS CLOUDY          6

AVERAGE RH (PERCENT)     62

WEATHER CONDITIONS. NUMBER OF DAYS WITH
THUNDERSTORM              0     MIXED PRECIP               0
HEAVY RAIN                1     RAIN                       3
LIGHT RAIN                9     FREEZING RAIN              1
LT FREEZING RAIN          0     HAIL                       0
HEAVY SNOW                1     SNOW                       1
LIGHT SNOW                5     SLEET                      1
FOG                      11     FOG W/VIS <= 1/4 MILE      3
HAZE                      2

-  INDICATES NEGATIVE NUMBERS.
R  INDICATES RECORD WAS SET OR TIED.
MM INDICATES DATA IS MISSING.
T  INDICATES TRACE AMOUNT.

$$
JPT
