000
CXUS52 KGSP 011203
CLMAVL

CLIMATE REPORT
NATIONAL WEATHER SERVICE GREENVILLE-SPARTANBURG SC
752 AM EDT SAT AUG 1 2015

...................................

...THE ASHEVILLE CLIMATE SUMMARY FOR THE MONTH OF JULY 2015...

CLIMATE NORMAL PERIOD 1981 TO 2010
CLIMATE RECORD PERIOD 1869 TO 2015

WEATHER         OBSERVED          NORMAL  DEPART  LAST YEAR`S
                 VALUE   DATE(S)  VALUE   FROM    VALUE  DATE(S)
                                          NORMAL
................................................................
TEMPERATURE (F)
RECORD
 HIGH              99   07/10/1936
 LOW               44   07/02/1988
HIGHEST            92   07/09        MM      MM       88  07/08
                                                          07/02
LOWEST             60   07/07        MM      MM       53  07/05
AVG. MAXIMUM     85.6              84.0     1.6     80.4
AVG. MINIMUM     65.8              63.7     2.1     62.5
MEAN             75.7              73.8     1.9     71.4
DAYS MAX >= 90      7               3.1     3.9        0
DAYS MAX <= 32      0               0.0     0.0        0
DAYS MIN <= 32      0               0.0     0.0        0
DAYS MIN <= 0       0               0.0     0.0        0

PRECIPITATION (INCHES)
RECORD
 MAXIMUM        13.69   2013
 MINIMUM         0.46   1986
TOTALS           2.66              4.31   -1.65     4.93
DAILY AVG.       0.09              0.14   -0.05     0.16
DAYS >= .01        14              12.9     1.1       13
DAYS >= .10         5               8.1    -3.1       10
DAYS >= .50         2               3.0    -1.0        5
DAYS >= 1.00        0               0.9    -0.9        1
GREATEST
 24 HR. TOTAL    0.83   07/18 TO 07/18           07/18 TO 07/19
                                                          07/31 TO 07/31
                                                          07/31 TO 07/31
 STORM TOTAL       MM                                 MM
 (MM/DD(HH))            MM                    07/19(00) TO 07/19(00)
                                                 07/31(00) TO 07/31(00)1
                                                 07/31(00) TO 07/31(00)1

DEGREE_DAYS
HEATING TOTAL       0                 0       0        2
 SINCE 7/1          0                 0       0        2
COOLING TOTAL     340               275      65      208
 SINCE 1/1        725               510     215      515

FREEZE DATES
RECORD
 EARLIEST     MM
 LATEST       MM
EARLIEST                        MM
LATEST                          MM
..................................................

WIND (MPH)
AVERAGE WIND SPEED              4.7
HIGHEST WIND SPEED/DIRECTION    37/340    DATE  07/13
HIGHEST GUST SPEED/DIRECTION    46/340    DATE  07/13

SKY COVER
POSSIBLE SUNSHINE (PERCENT)   MM
AVERAGE SKY COVER           0.30
NUMBER OF DAYS FAIR           18
NUMBER OF DAYS PC             11
NUMBER OF DAYS CLOUDY          2

AVERAGE RH (PERCENT)     70

WEATHER CONDITIONS. NUMBER OF DAYS WITH
THUNDERSTORM             10     MIXED PRECIP               0
HEAVY RAIN                4     RAIN                       3
LIGHT RAIN               16     FREEZING RAIN              0
LT FREEZING RAIN          0     HAIL                       0
HEAVY SNOW                0     SNOW                       0
LIGHT SNOW                0     SLEET                      0
FOG                      17     FOG W/VIS <= 1/4 MILE      3
HAZE                      7

-  INDICATES NEGATIVE NUMBERS.
R  INDICATES RECORD WAS SET OR TIED.
MM INDICATES DATA IS MISSING.
T  INDICATES TRACE AMOUNT.

$$
JPT
