000
CXUS52 KGSP 011312
CLMAVL

CLIMATE REPORT
NATIONAL WEATHER SERVICE GREENVILLE-SPARTANBURG SC
808 AM EST SUN MAR 1 2015

...................................

...THE ASHEVILLE CLIMATE SUMMARY FOR THE MONTH OF FEBRUARY 2015...

CLIMATE NORMAL PERIOD 1981 TO 2010
CLIMATE RECORD PERIOD 1869 TO 2015

WEATHER         OBSERVED          NORMAL  DEPART  LAST YEAR`S
                 VALUE   DATE(S)  VALUE   FROM    VALUE  DATE(S)
                                          NORMAL
................................................................
TEMPERATURE (F)
RECORD
 HIGH              80   02/10/1932
 LOW               -9   02/08/1895
HIGHEST            69   02/08        MM      MM       72  02/19
LOWEST              3   02/19        MM      MM       20  02/28
                                                          02/27
                                                          02/01
AVG. MAXIMUM     43.5              51.0    -7.5     51.5
AVG. MINIMUM     22.3              29.7    -7.4     29.2
MEAN             32.9              40.3    -7.4     40.4
DAYS MAX >= 90      0               0.0     0.0        0
DAYS MAX <= 32      5               0.9     4.1        1
DAYS MIN <= 32     25              17.1     7.9       21
DAYS MIN <= 0       0               0.0     0.0        0

PRECIPITATION (INCHES)
RECORD
 MAXIMUM         9.60   1873
 MINIMUM         0.44   1978
TOTALS           2.78              3.76   -0.98     3.02
DAILY AVG.       0.10              0.13   -0.03     0.11
DAYS >= .01        11               9.5     1.5       10
DAYS >= .10         8               6.2     1.8        7
DAYS >= .50         2               2.4    -0.4        3
DAYS >= 1.00        0               1.0    -1.0        0
GREATEST
 24 HR. TOTAL    0.89   02/16 TO 02/17           02/12 TO 02/13
                                                          02/13 TO 02/13
                                                          02/13 TO 02/13
 STORM TOTAL       MM                                 MM
 (MM/DD(HH))            MM                    02/13(00) TO 02/13(00)
                                                 02/13(00) TO 02/13(00)3
                                                 02/13(00) TO 02/13(00)3

SNOWFALL (INCHES)
RECORDS
 TOTAL           25.5   1969
 24 HR TOTAL     11.7   02/15/1969 TO 02/16/1969
 SNOW DEPTH        15   02/17/1969
TOTALS           10.1               2.2     7.9      7.9
 LIQUID EQUIV    1.01              0.20    0.81     0.79
SINCE 7/1        13.3               7.3     6.0      9.4
 LIQUID 7/1      1.33              0.70    0.63     0.94
SNOWDEPTH AVG.      1                MM      MM        1
DAYS >= TRACE      13               1.5    11.5        4
DAYS >= 1.0         4               0.7     3.3        1
GREATEST
 SNOW DEPTH         6   02/26                          7  02/13
 24 HR TOTAL      6.0   02/25 TO 02/26           02/13 TO 02/13
                                                          02/13 TO 02/13
                                                          02/13 TO 02/13
 STORM TOTAL       MM                                 MM
 (MM/DD(HH))            MM                    02/13(00) TO 02/13(00)
                                                 02/13(00) TO 02/13(00)3
                                                 02/13(00) TO 02/13(00)3

DEGREE_DAYS
HEATING TOTAL     894               690     204      680
 SINCE 7/1       3309              3217      92     3319
COOLING TOTAL       0                 0       0        0
 SINCE 1/1          0                 0       0        0

FREEZE DATES
RECORD
 EARLIEST     MM
 LATEST       MM
EARLIEST                        MM
LATEST                          MM
....................................................

WIND (MPH)
AVERAGE WIND SPEED              10.1
HIGHEST WIND SPEED/DIRECTION    40/340    DATE  02/15
HIGHEST GUST SPEED/DIRECTION    56/340    DATE  02/15

SKY COVER
POSSIBLE SUNSHINE (PERCENT)   MM
AVERAGE SKY COVER           0.50
NUMBER OF DAYS FAIR           14
NUMBER OF DAYS PC              5
NUMBER OF DAYS CLOUDY          9

AVERAGE RH (PERCENT)     61

WEATHER CONDITIONS. NUMBER OF DAYS WITH
THUNDERSTORM              0     MIXED PRECIP               0
HEAVY RAIN                2     RAIN                       4
LIGHT RAIN                7     FREEZING RAIN              2
LT FREEZING RAIN          1     HAIL                       0
HEAVY SNOW                0     SNOW                       1
LIGHT SNOW               13     SLEET                      2
FOG                      11     FOG W/VIS <= 1/4 MILE      1
HAZE                      4

-  INDICATES NEGATIVE NUMBERS.
R  INDICATES RECORD WAS SET OR TIED.
MM INDICATES DATA IS MISSING.
T  INDICATES TRACE AMOUNT.

$$
JPT
