000
CXUS52 KGSP 011435
CLMAVL

CLIMATE REPORT
NATIONAL WEATHER SERVICE GREENVILLE-SPARTANBURG SC
1035 AM EDT SAT JUL 1 2017

...................................

...THE ASHEVILLE CLIMATE SUMMARY FOR THE MONTH OF JUNE 2017...

CLIMATE NORMAL PERIOD 1981 TO 2010
CLIMATE RECORD PERIOD 1869 TO 2017

WEATHER         OBSERVED          NORMAL  DEPART  LAST YEAR`S
                 VALUE   DATE(S)  VALUE   FROM    VALUE  DATE(S)
                                          NORMAL
................................................................
TEMPERATURE (F)
RECORD
 HIGH              98   06/30/2012
                        06/28/1952
                        06/29/1936
 LOW               35   06/02/1966
HIGHEST            87   06/14        MM      MM       93  06/23
LOWEST             49   06/28        MM      MM       50  06/09
AVG. MAXIMUM     80.5              81.3    -0.8     85.7
AVG. MINIMUM     60.8              59.6     1.2     62.2
MEAN             70.7              70.5     0.2     73.9
DAYS MAX >= 90      0               1.2    -1.2        8
DAYS MAX <= 32      0               0.0     0.0        0
DAYS MIN <= 32      0               0.0     0.0        0
DAYS MIN <= 0       0               0.0     0.0        0

PRECIPITATION (INCHES)
RECORD
 MAXIMUM        10.73   1989
 MINIMUM         0.80   1964
TOTALS           2.71              4.65   -1.94     2.53
DAILY AVG.       0.09              0.16   -0.07     0.08
DAYS >= .01        14              12.7     1.3        9
DAYS >= .10         9               7.7     1.3        4
DAYS >= .50         0               3.1    -3.1        2
DAYS >= 1.00        0               1.2    -1.2        1
GREATEST
 24 HR. TOTAL    0.51   06/22 TO 06/23           06/15 TO 06/15
                                                          06/30 TO 06/30
                                                          06/30 TO 06/30
 STORM TOTAL       MM                                 MM
 (MM/DD(HH))            MM                    06/15(00) TO 06/15(00)
                                                 06/30(00) TO 06/30(00)0
                                                 06/30(00) TO 06/30(00)0

DEGREE_DAYS
COOLING TOTAL     182               177       5      277
 SINCE 1/1        281               235      46      350

FREEZE DATES
RECORD
 EARLIEST     MM
 LATEST       MM
EARLIEST      11/13             MM
LATEST        04/09             MM
.................................................

WIND (MPH)
AVERAGE WIND SPEED              5.6
HIGHEST WIND SPEED/DIRECTION    23/210    DATE  06/23
HIGHEST GUST SPEED/DIRECTION    31/200    DATE  06/18

SKY COVER
POSSIBLE SUNSHINE (PERCENT)   MM
AVERAGE SKY COVER           0.40
NUMBER OF DAYS FAIR           13
NUMBER OF DAYS PC             14
NUMBER OF DAYS CLOUDY          3

AVERAGE RH (PERCENT)     68

WEATHER CONDITIONS. NUMBER OF DAYS WITH
THUNDERSTORM              9     MIXED PRECIP               0
HEAVY RAIN                5     RAIN                       9
LIGHT RAIN               19     FREEZING RAIN              0
LT FREEZING RAIN          0     HAIL                       0
HEAVY SNOW                0     SNOW                       0
LIGHT SNOW                0     SLEET                      0
FOG                      16     FOG W/VIS <= 1/4 MILE      2
HAZE                      7

-  INDICATES NEGATIVE NUMBERS.
R  INDICATES RECORD WAS SET OR TIED.
MM INDICATES DATA IS MISSING.
T  INDICATES TRACE AMOUNT.

$$

OUTLAW
