000
CXUS52 KGSP 011200
CLMAVL

CLIMATE REPORT
NATIONAL WEATHER SERVICE GREENVILLE-SPARTANBURG SC
759 AM EDT FRI MAY 1 2015

...................................

...THE ASHEVILLE CLIMATE SUMMARY FOR THE MONTH OF APRIL 2015...

CLIMATE NORMAL PERIOD 1981 TO 2010
CLIMATE RECORD PERIOD 1869 TO 2015

WEATHER         OBSERVED          NORMAL  DEPART  LAST YEAR`S
                 VALUE   DATE(S)  VALUE   FROM    VALUE  DATE(S)
                                          NORMAL
................................................................
TEMPERATURE (F)
RECORD
 HIGH              90   04/18/1896
 LOW               20   04/07/2007
                        04/05/1944
                        04/01/1923
HIGHEST            83   04/09        MM      MM       81  04/27
                                                          04/02
                                                          04/01
LOWEST             29   04/05        MM      MM       29  04/16
AVG. MAXIMUM     69.0              67.7     1.3     68.5
AVG. MINIMUM     48.1              42.8     5.3     43.5
MEAN             58.6              55.2     3.4     56.0
DAYS MAX >= 90      0               0.0     0.0        0
DAYS MAX <= 32      0               0.0     0.0        0
DAYS MIN <= 32      1               3.1    -2.1        4
DAYS MIN <= 0       0               0.0     0.0        0

PRECIPITATION (INCHES)
RECORD
 MAXIMUM         8.70   1998
 MINIMUM         0.25   1976
TOTALS           4.94              3.33    1.61     5.09
DAILY AVG.       0.16              0.11    0.05     0.17
DAYS >= .01        15              10.2     4.8       13
DAYS >= .10        10               6.3     3.7        8
DAYS >= .50         3               2.5     0.5        3
DAYS >= 1.00        1               0.8     0.2        1
GREATEST
 24 HR. TOTAL    1.32   04/15 TO 04/16           04/06 TO 04/07
                                                          04/07 TO 04/07
                                                          04/07 TO 04/07
 STORM TOTAL       MM                                 MM
 (MM/DD(HH))            MM                    04/07(00) TO 04/07(00)
                                                 04/07(00) TO 04/07(00)7
                                                 04/07(00) TO 04/07(00)7

SNOWFALL (INCHES)
RECORDS
 TOTAL           11.5   1987
 24 HR TOTAL     11.5   04/03/1987 TO 04/03/1987
 SNOW DEPTH        12   04/04/1987
TOTALS            0.0               0.7    -0.7      0.0
 LIQUID EQUIV    0.00              0.10   -0.10     0.00
SINCE 7/1        13.3               9.9     3.4      9.8
 LIQUID 7/1      1.33              1.00    0.33     0.98
SNOWDEPTH AVG.      0                MM      MM        0
DAYS >= TRACE       0               0.3    -0.3        0
DAYS >= 1.0         0               0.2    -0.2        0
GREATEST
 SNOW DEPTH         0   MM                             0  MM
 24 HR TOTAL      0.0   MM                       04/07 TO 04/07
                                                          04/07 TO 04/07
                                                          04/07 TO 04/07
 STORM TOTAL       MM                                 MM
 (MM/DD(HH))            MM                    04/07(00) TO 04/07(00)
                                                 04/07(00) TO 04/07(00)7
                                                 04/07(00) TO 04/07(00)7

DEGREE_DAYS
HEATING TOTAL     206               300     -94      263
 SINCE 7/1       3940              4072    -132     4211
COOLING TOTAL      19                 7      12        2
 SINCE 1/1         19                 8      11        2

FREEZE DATES
RECORD
 EARLIEST     MM
 LATEST       MM
EARLIEST                        MM
LATEST                          MM
........................................................

WIND (MPH)
AVERAGE WIND SPEED              6.8
HIGHEST WIND SPEED/DIRECTION    32/340    DATE  04/04
HIGHEST GUST SPEED/DIRECTION    42/330    DATE  04/30

SKY COVER
POSSIBLE SUNSHINE (PERCENT)   MM
AVERAGE SKY COVER           0.40
NUMBER OF DAYS FAIR           14
NUMBER OF DAYS PC              7
NUMBER OF DAYS CLOUDY          9

AVERAGE RH (PERCENT)     65

WEATHER CONDITIONS. NUMBER OF DAYS WITH
THUNDERSTORM              3     MIXED PRECIP               0
HEAVY RAIN                5     RAIN                       9
LIGHT RAIN               18     FREEZING RAIN              0
LT FREEZING RAIN          0     HAIL                       0
HEAVY SNOW                0     SNOW                       0
LIGHT SNOW                0     SLEET                      0
FOG                      16     FOG W/VIS <= 1/4 MILE      1
HAZE                      4

-  INDICATES NEGATIVE NUMBERS.
R  INDICATES RECORD WAS SET OR TIED.
MM INDICATES DATA IS MISSING.
T  INDICATES TRACE AMOUNT.

$$
