000
CXUS51 KBGM 010605
CLMAVP


CLIMATE REPORT
NATIONAL WEATHER SERVICE BINGHAMTON NY
204 AM EDT TUE SEP 1 2015

...................................

...THE AVOCA PA CLIMATE SUMMARY FOR THE MONTH OF AUGUST 2015...

CLIMATE NORMAL PERIOD 1981 TO 2010
CLIMATE RECORD PERIOD 1901 TO 2015

WEATHER         OBSERVED          NORMAL  DEPART  LAST YEAR`S
                 VALUE   DATE(S)  VALUE   FROM    VALUE  DATE(S)
                                          NORMAL
................................................................
TEMPERATURE (F)
RECORD
 HIGH              98   08/09/2001
 LOW               38   08/29/1982
HIGHEST            90   08/18        80      10       88  08/27
                        08/17                             08/10
                        08/16
LOWEST             53   08/29        60      -7       50  08/29
                                                          08/16
AVG. MAXIMUM     82.9              79.9     3.0     80.1
AVG. MINIMUM     60.8              59.5     1.3     59.0
MEAN             71.8              69.7     2.1     69.5
DAYS MAX >= 90      3               1.7     1.3        0
DAYS MAX <= 32      0               0.0     0.0        0
DAYS MIN <= 32      0               0.0     0.0        0
DAYS MIN <= 0       0               0.0     0.0        0

PRECIPITATION (INCHES)
RECORD
 MAXIMUM        11.76   1955
 MINIMUM         0.95   1995
TOTALS           2.74              3.41   -0.67     4.02
DAILY AVG.       0.09              0.11   -0.02     0.13
DAYS >= .01         8              11.3    -3.3       10
DAYS >= .10         5               6.9    -1.9        7
DAYS >= .50         2               2.2    -0.2        3
DAYS >= 1.00        1               0.7     0.3        1
GREATEST
 24 HR. TOTAL    1.25   08/11 TO 08/11
                        08/10 TO 08/11
                        08/11 TO 08/11

SNOWFALL (INCHES)
RECORDS
 TOTAL            0.0   2007
                        2006
                        2005
 24 HR TOTAL      0.0   MM
TOTALS            0.0               0.0     0.0      0.0
SINCE 7/1         0.0               0.0     0.0      0.0
DAYS >= TRACE       0               0.0     0.0        0
DAYS >= 1.0         0               0.0     0.0        0
GREATEST
 24 HR TOTAL      0.0   08/31 TO 08/31

DEGREE_DAYS
HEATING TOTAL       0                18     -18        9
 SINCE 7/1          0                26     -26       11
COOLING TOTAL     220               164      56      157
 SINCE 1/1        776               524     252      592
.................................................................

WIND (MPH)
AVERAGE WIND SPEED              4.9
RESULTANT WIND SPEED/DIRECTION   1/189
HIGHEST WIND SPEED/DIRECTION    21/300    DATE  08/24
HIGHEST GUST SPEED/DIRECTION    29/130    DATE  08/20

SKY COVER
POSSIBLE SUNSHINE (PERCENT)   MM
AVERAGE SKY COVER           0.30
NUMBER OF DAYS FAIR           21
NUMBER OF DAYS PC              5
NUMBER OF DAYS CLOUDY          5

AVERAGE RH (PERCENT)     65

WEATHER CONDITIONS. NUMBER OF DAYS WITH
THUNDERSTORM              0     MIXED PRECIP               0
HEAVY RAIN                3     RAIN                       4
LIGHT RAIN               10     FREEZING RAIN              0
LT FREEZING RAIN          0     HAIL                       0
HEAVY SNOW                0     SNOW                       0
LIGHT SNOW                0     SLEET                      0
FOG                       9     FOG W/VIS <= 1/4 MILE      0
HAZE                      4

-  INDICATES NEGATIVE NUMBERS.
R  INDICATES RECORD WAS SET OR TIED.
MM INDICATES DATA IS MISSING.
T  INDICATES TRACE AMOUNT.

$$
