000
CXUS51 KBGM 011842
CLMAVP


CLIMATE REPORT
NATIONAL WEATHER SERVICE BINGHAMTON NY
222 PM EDT WED JUL 1 2015

...................................

...THE AVOCA PA CLIMATE SUMMARY FOR THE MONTH OF JUNE 2015...

CLIMATE NORMAL PERIOD 1981 TO 2010
CLIMATE RECORD PERIOD 1901 TO 2015

WEATHER         OBSERVED          NORMAL  DEPART  LAST YEAR`S
                 VALUE   DATE(S)  VALUE   FROM    VALUE  DATE(S)
                                          NORMAL
................................................................
TEMPERATURE (F)
RECORD
 HIGH              97   06/30/1964
 LOW               34   06/11/1972
HIGHEST            90   06/12        78      12       90  06/17
LOWEST             47   06/07        57     -10       48  06/20
AVG. MAXIMUM     78.6              77.7     0.9     80.3
AVG. MINIMUM     59.5              56.5     3.0     58.9
MEAN             69.1              67.1     2.0     69.6
DAYS MAX >= 90      1               0.9     0.1        1
DAYS MAX <= 32      0               0.0     0.0        0
DAYS MIN <= 32      0               0.0     0.0        0
DAYS MIN <= 0       0               0.0     0.0        0

PRECIPITATION (INCHES)
RECORD
 MAXIMUM         9.00   2006
 MINIMUM         0.27   1966
TOTALS           6.52              4.03    2.49     2.16
DAILY AVG.       0.22              0.13    0.09     0.07
DAYS >= .01        16              12.8     3.2       12
DAYS >= .10        13               8.0     5.0        6
DAYS >= .50         5               2.4     2.6        1
DAYS >= 1.00        1               0.7     0.3        0
GREATEST
 24 HR. TOTAL    1.87   06/08 TO 06/09

SNOWFALL (INCHES)
RECORDS
 TOTAL            0.0
 24 HR TOTAL      0.0
TOTALS            0.0               0.0     0.0      0.0
SINCE 7/1        51.4              46.2     5.2     58.9
DAYS >= TRACE       0               0.0     0.0        0
DAYS >= 1.0         0               0.0     0.0        0
GREATEST
 24 HR TOTAL      0.0

DEGREE_DAYS
HEATING TOTAL      24                54     -30       11
 SINCE 7/1       6268              6255      13     6522
COOLING TOTAL     155               117      38      159
 SINCE 1/1        303               154     149      200
.................................................................

WIND (MPH)
AVERAGE WIND SPEED              5.6
RESULTANT WIND SPEED/DIRECTION   1/221
HIGHEST WIND SPEED/DIRECTION    30/250    DATE  06/21
HIGHEST GUST SPEED/DIRECTION    41/260    DATE  06/21

SKY COVER
POSSIBLE SUNSHINE (PERCENT)   MM
AVERAGE SKY COVER           0.60
NUMBER OF DAYS FAIR            9
NUMBER OF DAYS PC              9
NUMBER OF DAYS CLOUDY         12

AVERAGE RH (PERCENT)     70

WEATHER CONDITIONS. NUMBER OF DAYS WITH
THUNDERSTORM              0     MIXED PRECIP               0
HEAVY RAIN                9     RAIN                      12
LIGHT RAIN               18     FREEZING RAIN              0
LT FREEZING RAIN          0     HAIL                       0
HEAVY SNOW                0     SNOW                       0
LIGHT SNOW                0     SLEET                      0
FOG                      18     FOG W/VIS <= 1/4 MILE      1
HAZE                      9

-  INDICATES NEGATIVE NUMBERS.
R  INDICATES RECORD WAS SET OR TIED.
MM INDICATES DATA IS MISSING.
T  INDICATES TRACE AMOUNT.

&&
DAILY RECORD RAINFALL JUNE 8TH OF 1.85" OLD RECORD 0.91" IN 1903
12TH WETTEST JUNE

$$
