000
CXUS51 KBGM 031441 CCA
CLMAVP

CLIMATE REPORT...CORRECTED
NATIONAL WEATHER SERVICE BINGHAMTON NY
1037 AM EDT THU AUG 3 2017

...................................

...THE AVOCA PA CLIMATE SUMMARY FOR THE MONTH OF JULY 2017...

CLIMATE NORMAL PERIOD 1981 TO 2010
CLIMATE RECORD PERIOD 1901 TO 2017

WEATHER         OBSERVED          NORMAL  DEPART  LAST YEAR`S
                 VALUE   DATE(S)  VALUE   FROM    VALUE  DATE(S)
                                          NORMAL
................................................................
TEMPERATURE (F)
RECORD
 HIGH             101   07/16/1988
                        07/03/1966
 LOW               43   07/06/1979
HIGHEST            90   07/20        82       8       97  07/23
                        07/19
LOWEST             52   07/30        62     -10       53  07/03
AVG. MAXIMUM     83.1              81.9     1.2     87.8
AVG. MINIMUM     63.8              60.9     2.9     64.2
MEAN             73.5              71.4     2.1     76.0
DAYS MAX >= 90      2               2.9    -0.9       15
DAYS MAX <= 32      0               0.0     0.0        0
DAYS MIN <= 32      0               0.0     0.0        0
DAYS MIN <= 0       0               0.0     0.0        0

PRECIPITATION (INCHES)
RECORD
 MAXIMUM         7.25   1986
 MINIMUM         0.28   2001
TOTALS           5.81              3.79    2.02     4.08
DAILY AVG.       0.19              0.12    0.07     0.13
DAYS >= .01        11              11.2    -0.2       14
DAYS >= .10         9               7.3     1.7        6
DAYS >= .50         3               2.6     0.4        2
DAYS >= 1.00        2               0.8     1.2        1
GREATEST
 24 HR. TOTAL    2.14   07/23 TO 07/24

SNOWFALL (INCHES)
RECORDS
 TOTAL            0.0   2007
                        2006
                        2005
 24 HR TOTAL      0.0   MM
TOTALS            0.0               0.0     0.0      0.0
SINCE 7/1         0.0               0.0     0.0      0.0
DAYS >= TRACE       0               0.0     0.0        0
DAYS >= 1.0         0               0.0     0.0        0
GREATEST
 24 HR TOTAL      0.0   07/31 TO 07/31

DEGREE_DAYS
HEATING TOTAL       0                 8      -8        0
 SINCE 7/1          0                 8      -8        0
COOLING TOTAL     270               206      64      351
 SINCE 1/1        479               360     119      566
.................................................................

WIND (MPH)
AVERAGE WIND SPEED              4.7
RESULTANT WIND SPEED/DIRECTION   1/216
HIGHEST WIND SPEED/DIRECTION    25/340    DATE  07/20
HIGHEST GUST SPEED/DIRECTION    35/330    DATE  07/20

SKY COVER
POSSIBLE SUNSHINE (PERCENT)   MM
AVERAGE SKY COVER           0.40
NUMBER OF DAYS FAIR           12
NUMBER OF DAYS PC             14
NUMBER OF DAYS CLOUDY          5

AVERAGE RH (PERCENT)     74

WEATHER CONDITIONS. NUMBER OF DAYS WITH
THUNDERSTORM              7     MIXED PRECIP               0
HEAVY RAIN                7     RAIN                       8
LIGHT RAIN               15     FREEZING RAIN              0
LT FREEZING RAIN          0     HAIL                       0
HEAVY SNOW                0     SNOW                       0
LIGHT SNOW                0     SLEET                      0
FOG                      23     FOG W/VIS <= 1/4 MILE      3
HAZE                     10

-  INDICATES NEGATIVE NUMBERS.
R  INDICATES RECORD WAS SET OR TIED.
MM INDICATES DATA IS MISSING.
T  INDICATES TRACE AMOUNT.

&&
CORRECTED GREATEST 24 HOUR PRECIPITATION
CORRECTED NUMBER OF THUNDERSTORM DAYS
20TH WETTEST JULY
$$
