000
CXUS51 KBGM 011024
CLMAVP


CLIMATE REPORT
NATIONAL WEATHER SERVICE BINGHAMTON NY
519 AM EST SUN FEB 1 2015

...................................

...THE AVOCA PA CLIMATE SUMMARY FOR THE MONTH OF JANUARY 2015...

CLIMATE NORMAL PERIOD 1981 TO 2010
CLIMATE RECORD PERIOD 1901 TO 2015

WEATHER         OBSERVED          NORMAL  DEPART  LAST YEAR`S
                 VALUE   DATE(S)  VALUE   FROM    VALUE  DATE(S)
                                          NORMAL
................................................................
TEMPERATURE (F)
RECORD
 HIGH              67   01/30/2013
                        01/08/2008
                        01/25/1967
 LOW              -21   01/21/1994
HIGHEST            49   01/04        32      17       59  01/11
LOWEST              2   01/29        17     -15       -5  01/22
                        01/08
AVG. MAXIMUM     31.3              33.2    -1.9     30.1
AVG. MINIMUM     15.6              18.5    -2.9     12.1
MEAN             23.4              25.8    -2.4     21.1
DAYS MAX >= 90      0               0.0     0.0        0
DAYS MAX <= 32     16              14.2     1.8       19
DAYS MIN <= 32     30              27.5     2.5       28
DAYS MIN <= 0       0               1.9    -1.9        5

PRECIPITATION (INCHES)
RECORD
 MAXIMUM         6.48   1979
 MINIMUM         0.39   1980
TOTALS           1.87              2.37   -0.50     2.11
DAILY AVG.       0.06              0.08   -0.02     0.07
DAYS >= .01        15              12.0     3.0       13
DAYS >= .10         6               5.4     0.6        6
DAYS >= .50         1               1.4    -0.4        1
DAYS >= 1.00        0               0.3    -0.3        0
GREATEST
 24 HR. TOTAL    0.58   01/03 TO 01/04

SNOWFALL (INCHES)
RECORDS
 TOTAL           42.3   1994
 24 HR TOTAL     18.3   01/13/1964 TO 01/13/1964
TOTALS           15.5              14.2     1.3     13.0
SINCE 7/1        28.8              24.6     4.2     26.5
DAYS >= TRACE      22               9.3    12.7       17
DAYS >= 1.0         5               3.2     1.8        3
GREATEST
 24 HR TOTAL      5.5   01/24 TO 01/24

DEGREE_DAYS
HEATING TOTAL    1281              1213      68     1357
 SINCE 7/1       3373              3591    -218     3671
COOLING TOTAL       0                 0       0        0
 SINCE 1/1          0                 0       0        0
.................................................................

WIND (MPH)
AVERAGE WIND SPEED              7.7
RESULTANT WIND SPEED/DIRECTION   4/285
HIGHEST WIND SPEED/DIRECTION    33/270    DATE  01/04
HIGHEST GUST SPEED/DIRECTION    47/270    DATE  01/04

SKY COVER
POSSIBLE SUNSHINE (PERCENT)   MM
AVERAGE SKY COVER           0.60
NUMBER OF DAYS FAIR            6
NUMBER OF DAYS PC             16
NUMBER OF DAYS CLOUDY          9

AVERAGE RH (PERCENT)     62

WEATHER CONDITIONS. NUMBER OF DAYS WITH
THUNDERSTORM              0     MIXED PRECIP               0
HEAVY RAIN                0     RAIN                       2
LIGHT RAIN                4     FREEZING RAIN              1
LT FREEZING RAIN          1     HAIL                       0
HEAVY SNOW                3     SNOW                       6
LIGHT SNOW               22     SLEET                      0
FOG                      13     FOG W/VIS <= 1/4 MILE      3
HAZE                     16

-  INDICATES NEGATIVE NUMBERS.
R  INDICATES RECORD WAS SET OR TIED.
MM INDICATES DATA IS MISSING.
T  INDICATES TRACE AMOUNT.

&&

DAILY RECORD SNOW OF 5.5 INCHES ON THE 24TH
OLD RECORD 2.5 INCHES IN 1971

$$

TAC
