000
CXUS53 KGRR 012023
CLMAZO


CLIMATE REPORT
NATIONAL WEATHER SERVICE GRAND RAPIDS, MI
412 PM EDT TUE AUG 1 2017

...................................

...THE KALAMAZOO MI CLIMATE SUMMARY FOR THE MONTH OF JULY 2017...

CLIMATE NORMAL PERIOD 1981 TO 2010
CLIMATE RECORD PERIOD 1998 TO 2017

WEATHER         OBSERVED          NORMAL  DEPART  LAST YEAR`S
                 VALUE   DATE(S)  VALUE   FROM    VALUE  DATE(S)
                                          NORMAL
................................................................
TEMPERATURE (F)
HIGHEST            91   07/06        MM      MM       93  07/23
                                                          07/12
LOWEST             53   07/09        MM      MM       51  07/03
                                                          07/02
AVG. MAXIMUM     84.0              83.1     0.9     84.4
AVG. MINIMUM     61.9              62.1    -0.2     63.2
MEAN             72.9              72.6     0.3     73.8
DAYS MAX >= 90      2               3.4    -1.4        2
DAYS MAX <= 32      0               0.0     0.0        0
DAYS MIN <= 32      0               0.0     0.0        0
DAYS MIN <= 0       0               0.0     0.0        0

PRECIPITATION (INCHES)
TOTALS           3.19              3.70   -0.51       MM
DAILY AVG.       0.10              0.12   -0.02       MM
DAYS >= .01         8                MM      MM       MM
DAYS >= .10         6                MM      MM       MM
DAYS >= .50         3                MM      MM       MM
DAYS >= 1.00        1                MM      MM       MM
GREATEST
 24 HR. TOTAL    1.07   07/10 TO 07/10

DEGREE_DAYS
HEATING TOTAL       0                 5      -5        1
 SINCE 7/1          0                 5      -5        1
COOLING TOTAL     252               240      12      280
 SINCE 1/1        463               426      37      516
.................................................................

WIND (MPH)
AVERAGE WIND SPEED              5.9
RESULTANT WIND SPEED/DIRECTION   2/277
HIGHEST WIND SPEED/DIRECTION    37/330    DATE  07/07
HIGHEST GUST SPEED/DIRECTION    52/340    DATE  07/07

SKY COVER
POSSIBLE SUNSHINE (PERCENT)   MM
AVERAGE SKY COVER           0.30
NUMBER OF DAYS FAIR           20
NUMBER OF DAYS PC             11
NUMBER OF DAYS CLOUDY          0

AVERAGE RH (PERCENT)     65

WEATHER CONDITIONS. NUMBER OF DAYS WITH
THUNDERSTORM              6     MIXED PRECIP               0
HEAVY RAIN                4     RAIN                       6
LIGHT RAIN               11     FREEZING RAIN              0
LT FREEZING RAIN          0     HAIL                       0
HEAVY SNOW                0     SNOW                       0
LIGHT SNOW                0     SLEET                      0
FOG                      16     FOG W/VIS <= 1/4 MILE      2
HAZE                      7

-  INDICATES NEGATIVE NUMBERS.
R  INDICATES RECORD WAS SET OR TIED.
MM INDICATES DATA IS MISSING.
T  INDICATES TRACE AMOUNT.

$$
