000
CXUS53 KLBF 011145
CLMBBW


CLIMATE REPORT
NATIONAL WEATHER SERVICE NORTH PLATTE
544 AM CST SUN JAN 1 2017

...................................

...THE BROKEN BOW NE CLIMATE SUMMARY FOR THE MONTH OF DECEMBER 2016...

CLIMATE NORMAL PERIOD 1981 TO 2010
CLIMATE RECORD PERIOD 1894 TO 2016

WEATHER         OBSERVED          NORMAL  DEPART  LAST YEAR`S
                 VALUE   DATE(S)  VALUE   FROM    VALUE  DATE(S)
                                          NORMAL
................................................................
TEMPERATURE (F)
RECORD
 HIGH              80   12/25/1897
                        12/23/1897
                        12/22/1897
 LOW              -30   12/31/1967
HIGHEST            60   12/30        61      -1       67  12/10
                                                          12/09
LOWEST            -19   12/18       -11      -8       -1  12/31
AVG. MAXIMUM     39.1              37.6     1.5     40.0
AVG. MINIMUM     11.7              13.4    -1.7     19.2
MEAN             25.4              25.5    -0.1     29.6
DAYS MAX >= 90      0               0.0     0.0        0
DAYS MAX <= 32     12               9.6     2.4       11
DAYS MIN <= 32     31              30.6     0.4       28
DAYS MIN <= 0       5               3.5     1.5        1

PRECIPITATION (INCHES)
RECORD
 MAXIMUM         5.32   1913
 MINIMUM         0.00   2004
                        1943
                        1905
TOTALS           0.62              0.50    0.12     0.48
DAILY AVG.       0.02              0.02    0.00     0.02
DAYS >= .01         1                MM      MM        3
DAYS >= .10         1                MM      MM        2
DAYS >= .50         1                MM      MM        0
DAYS >= 1.00        0                MM      MM        0
GREATEST
 24 HR. TOTAL    0.62   12/25 TO 12/25           12/15 TO 12/15
                                                          12/15 TO 12/15
                                                          12/15 TO 12/15

SNOWFALL (INCHES)
TOTALS             MM
SINCE 7/1         0.0
SNOWDEPTH AVG.     MM
DAYS >= TRACE      MM
DAYS >= 1.0        MM
GREATEST
 SNOW DEPTH        MM

DEGREE_DAYS
HEATING TOTAL    1220              1224      -4     1089
 SINCE 7/1       2321              2755    -434     2191
COOLING TOTAL       0                 0       0        0
 SINCE 1/1        777               768       9      937
......................................................

WIND (MPH)
AVERAGE WIND SPEED              11.4
HIGHEST WIND SPEED/DIRECTION    45/270    DATE  12/25
HIGHEST GUST SPEED/DIRECTION    57/250    DATE  12/25

AVERAGE RH (PERCENT)     60

WEATHER CONDITIONS. NUMBER OF DAYS WITH
THUNDERSTORM              0     MIXED PRECIP               0
HEAVY RAIN                1     RAIN                       1
LIGHT RAIN                1     FREEZING RAIN              0
LT FREEZING RAIN          0     HAIL                       0
HEAVY SNOW                0     SNOW                       0
LIGHT SNOW                2     SLEET                      0
FOG                       4     FOG W/VIS <= 1/4 MILE      1
HAZE                      3

-  INDICATES NEGATIVE NUMBERS.
R  INDICATES RECORD WAS SET OR TIED.
MM INDICATES DATA IS MISSING.
T  INDICATES TRACE AMOUNT.

&&

...SNOW DATA UNAVAILABLE FOR THIS SITE...

$$
