000
CXUS53 KLBF 011003
CLMBBW


CLIMATE REPORT
NATIONAL WEATHER SERVICE NORTH PLATTE
501 AM CDT SUN MAY 1 2016

...................................

...THE BROKEN BOW NE CLIMATE SUMMARY FOR THE MONTH OF APRIL 2016...

CLIMATE NORMAL PERIOD 1981 TO 2010
CLIMATE RECORD PERIOD 1894 TO 2016

WEATHER         OBSERVED          NORMAL  DEPART  LAST YEAR`S
                 VALUE   DATE(S)  VALUE   FROM    VALUE  DATE(S)
                                          NORMAL
................................................................
TEMPERATURE (F)
RECORD
 HIGH              99   04/28/1910
 LOW               -5   04/03/1936
HIGHEST            81   04/23        84      -3       83  04/01
LOWEST             20   04/08        16       4       24  04/22
AVG. MAXIMUM     62.0              61.4     0.6     65.0
AVG. MINIMUM     37.1              34.2     2.9     38.3
MEAN             49.6              47.8     1.8     51.7
DAYS MAX >= 90      0               0.0     0.0        0
DAYS MAX <= 32      0               0.4    -0.4        0
DAYS MIN <= 32      8              11.5    -3.5        6
DAYS MIN <= 0       0               0.0     0.0        0

PRECIPITATION (INCHES)
RECORD
 MAXIMUM         9.35   1906
 MINIMUM         0.00   1895
TOTALS           6.83              2.59    4.24     1.67
DAILY AVG.       0.23              0.09    0.14     0.06
DAYS >= .01         9                MM      MM        8
DAYS >= .10         7                MM      MM        4
DAYS >= .50         5                MM      MM        0
DAYS >= 1.00        4                MM      MM        0
GREATEST
 24 HR. TOTAL    2.27   04/16 TO 04/17           04/17 TO 04/18
                                                          04/18 TO 04/18
                                                          04/18 TO 04/18

SNOWFALL (INCHES)
TOTALS             MM
SINCE 7/1          MM
SNOWDEPTH AVG.      0
DAYS >= TRACE       0
DAYS >= 1.0         0
GREATEST
 SNOW DEPTH         0

DEGREE_DAYS
HEATING TOTAL     456               517     -61      396
 SINCE 7/1       5313              6380   -1067     5836
COOLING TOTAL       0                 1      -1        4
 SINCE 1/1          0                 1      -1        5
.........................................................

WIND (MPH)
AVERAGE WIND SPEED              13.9
HIGHEST WIND SPEED/DIRECTION    46/330    DATE  04/07
HIGHEST GUST SPEED/DIRECTION    57/340    DATE  04/07

AVERAGE RH (PERCENT)     63

WEATHER CONDITIONS. NUMBER OF DAYS WITH
THUNDERSTORM              0     MIXED PRECIP               0
HEAVY RAIN                4     RAIN                       7
LIGHT RAIN               11     FREEZING RAIN              0
LT FREEZING RAIN          0     HAIL                       0
HEAVY SNOW                0     SNOW                       0
LIGHT SNOW                5     SLEET                      0
FOG                      11     FOG W/VIS <= 1/4 MILE      1
HAZE                      3

-  INDICATES NEGATIVE NUMBERS.
R  INDICATES RECORD WAS SET OR TIED.
MM INDICATES DATA IS MISSING.
T  INDICATES TRACE AMOUNT.

&&

...SNOWFALL AND SNOW DEPTH ARE UNVAILABLE FOR THIS LOCATIOIN...

$$
