000
CXUS53 KLBF 011704
CLMBBW


CLIMATE REPORT
NATIONAL WEATHER SERVICE NORTH PLATTE
1203 PM CDT MON MAY 1 2017

...................................

...THE BROKEN BOW NE CLIMATE SUMMARY FOR THE MONTH OF APRIL 2017...

CLIMATE NORMAL PERIOD 1981 TO 2010
CLIMATE RECORD PERIOD 1894 TO 2017

WEATHER         OBSERVED          NORMAL  DEPART  LAST YEAR`S
                 VALUE   DATE(S)  VALUE   FROM    VALUE  DATE(S)
                                          NORMAL
................................................................
TEMPERATURE (F)
RECORD
 HIGH              99   04/28/1910
 LOW               -5   04/03/1936
HIGHEST            84   04/08        84       0       81  04/23
LOWEST             25   04/27        16       9       20  04/08
                        04/11
AVG. MAXIMUM     62.6              61.4     1.2     62.0
AVG. MINIMUM     37.5              34.2     3.3     37.1
MEAN             50.1              47.8     2.3     49.6
DAYS MAX >= 90      0               0.0     0.0        0
DAYS MAX <= 32      0               0.4    -0.4        0
DAYS MIN <= 32      7              11.5    -4.5        8
DAYS MIN <= 0       0               0.0     0.0        0

PRECIPITATION (INCHES)
RECORD
 MAXIMUM         9.35   1906
 MINIMUM         0.00   1895
TOTALS           2.36              2.59   -0.23     6.83
DAILY AVG.       0.08              0.09   -0.01     0.23
DAYS >= .01         8                MM      MM        9
DAYS >= .10         4                MM      MM        7
DAYS >= .50         2                MM      MM        5
DAYS >= 1.00        0                MM      MM        4
GREATEST
 24 HR. TOTAL    0.98   04/30 TO 04/30

SNOWFALL (INCHES)
TOTALS             MM
SINCE 7/1          MM
SNOWDEPTH AVG.     MM
DAYS >= TRACE      MM
DAYS >= 1.0        MM
GREATEST
 SNOW DEPTH        MM

DEGREE_DAYS
HEATING TOTAL     441               517     -76      456
 SINCE 7/1       5534              6380    -846     5313
COOLING TOTAL       1                 1       0        0
 SINCE 1/1          1                 1       0        0
........................................................

WIND (MPH)
AVERAGE WIND SPEED              12.0
HIGHEST WIND SPEED/DIRECTION    38/010    DATE  04/30
HIGHEST GUST SPEED/DIRECTION    50/030    DATE  04/30

AVERAGE RH (PERCENT)     64

WEATHER CONDITIONS. NUMBER OF DAYS WITH
THUNDERSTORM              0     MIXED PRECIP               0
HEAVY RAIN                0     RAIN                       3
LIGHT RAIN               13     FREEZING RAIN              0
LT FREEZING RAIN          0     HAIL                       0
HEAVY SNOW                0     SNOW                       0
LIGHT SNOW                3     SLEET                      0
FOG                       8     FOG W/VIS <= 1/4 MILE      1
HAZE                      0

-  INDICATES NEGATIVE NUMBERS.
R  INDICATES RECORD WAS SET OR TIED.
MM INDICATES DATA IS MISSING.
T  INDICATES TRACE AMOUNT.

$$
