000
CXUS53 KLBF 011059 RRA
CLMBBW

CLIMATE REPORT
NATIONAL WEATHER SERVICE NORTH PLATTE
556 AM CDT SAT AUG 1 2015

...................................

...THE BROKEN BOW NE CLIMATE SUMMARY FOR THE MONTH OF JULY 2015...

CLIMATE NORMAL PERIOD 1981 TO 2010
CLIMATE RECORD PERIOD 1894 TO 2015

WEATHER         OBSERVED          NORMAL  DEPART  LAST YEAR`S
                 VALUE   DATE(S)  VALUE   FROM    VALUE  DATE(S)
                                          NORMAL
................................................................
TEMPERATURE (F)
RECORD
 HIGH             116   07/11/1954
 LOW               37   07/30/1971
HIGHEST           101   07/14        98       3       95  07/21
LOWEST             51   07/08        47       4       47  07/15
                        07/07
AVG. MAXIMUM     88.0              86.8     1.2     84.2
AVG. MINIMUM     61.7              61.5     0.2     58.6
MEAN             74.9              74.1     0.8     71.4
DAYS MAX >= 90     12              10.4     1.6        9
DAYS MAX <= 32      0               0.0     0.0        0
DAYS MIN <= 32      0               0.0     0.0        0
DAYS MIN <= 0       0               0.0     0.0        0

PRECIPITATION (INCHES)
RECORD
 MAXIMUM         9.06   1993
 MINIMUM         0.23   2002
TOTALS           2.06              2.95   -0.89     1.44
DAILY AVG.       0.07              0.10   -0.03     0.05
DAYS >= .01        11                MM      MM        5
DAYS >= .10         8                MM      MM        4
DAYS >= .50         1                MM      MM        1
DAYS >= 1.00        0                MM      MM        0
GREATEST
 24 HR. TOTAL    0.71   07/17 TO 07/18           07/09 TO 07/09
                                                          07/09 TO 07/09
                                                          07/09 TO 07/09

SNOWFALL (INCHES)
TOTALS             MM
SINCE 7/1          MM
SNOWDEPTH AVG.     MM
DAYS >= TRACE       0
DAYS >= 1.0         0
GREATEST
 SNOW DEPTH        MM

DEGREE_DAYS
HEATING TOTAL       6                 5       1       15
 SINCE 7/1          6                 5       1       15
COOLING TOTAL     318               288      30      221
 SINCE 1/1        512               474      38      464
..........................................................

WIND (MPH)
AVERAGE WIND SPEED              6.8
HIGHEST WIND SPEED/DIRECTION    28/200    DATE  07/24
HIGHEST GUST SPEED/DIRECTION    41/200    DATE  07/24

AVERAGE RH (PERCENT)     68

WEATHER CONDITIONS. NUMBER OF DAYS WITH
THUNDERSTORM              0     MIXED PRECIP               0
HEAVY RAIN                3     RAIN                       3
LIGHT RAIN               12     FREEZING RAIN              0
LT FREEZING RAIN          0     HAIL                       0
HEAVY SNOW                0     SNOW                       0
LIGHT SNOW                0     SLEET                      0
FOG                      21     FOG W/VIS <= 1/4 MILE      2
HAZE                      8

-  INDICATES NEGATIVE NUMBERS.
R  INDICATES RECORD WAS SET OR TIED.
MM INDICATES DATA IS MISSING.
T  INDICATES TRACE AMOUNT.

$$
