000
CXUS53 KLBF 011430
CLMBBW


CLIMATE REPORT
NATIONAL WEATHER SERVICE NORTH PLATTE
826 AM CST SUN MAR 1 2015

...................................

...THE BROKEN BOW NE CLIMATE SUMMARY FOR THE MONTH OF FEBRUARY 2015...

CLIMATE NORMAL PERIOD 1981 TO 2010
CLIMATE RECORD PERIOD 1894 TO 2015

WEATHER         OBSERVED          NORMAL  DEPART  LAST YEAR`S
                 VALUE   DATE(S)  VALUE   FROM    VALUE  DATE(S)
                                          NORMAL
................................................................
TEMPERATURE (F)
RECORD
 HIGH              79   02/22/1982
 LOW              -41   02/13/1905
HIGHEST            67   02/07        65       2       61  02/18
LOWEST            -12   02/04        -8      -4      -15  02/06
AVG. MAXIMUM     41.0              40.7     0.3     31.9
AVG. MINIMUM     12.5              15.2    -2.7      9.5
MEAN             26.8              28.0    -1.2     20.7
DAYS MAX >= 90      0               0.0     0.0        0
DAYS MAX <= 32     11               7.7     3.3       15
DAYS MIN <= 32     26              27.0    -1.0       27
DAYS MIN <= 0       8               2.7     5.3        7

PRECIPITATION (INCHES)
RECORD
 MAXIMUM         2.16   1919
 MINIMUM            T   1996
                        1979
                        1957
TOTALS           0.46              0.56   -0.10     0.31
DAILY AVG.       0.02              0.02    0.00     0.01
DAYS >= .01         4                MM      MM        7
DAYS >= .10         2                MM      MM        0
DAYS >= .50         0                MM      MM        0
DAYS >= 1.00        0                MM      MM        0
GREATEST
 24 HR. TOTAL    0.30   02/04 TO 02/04

SNOWFALL (INCHES)
TOTALS             MM
SINCE 7/1          MM
SNOWDEPTH AVG.     MM
DAYS >= TRACE       0
DAYS >= 1.0         0
GREATEST
 SNOW DEPTH        MM

DEGREE_DAYS
HEATING TOTAL    1065              1037      28     1235
 SINCE 7/1       4774              5015    -241     5289
COOLING TOTAL       0                 0       0        0
 SINCE 1/1          0                 0       0        0
.................................................

WIND (MPH)
AVERAGE WIND SPEED              11.2
HIGHEST WIND SPEED/DIRECTION    39/340    DATE  02/01
HIGHEST GUST SPEED/DIRECTION    47/350    DATE  02/01

AVERAGE RH (PERCENT)     64

WEATHER CONDITIONS. NUMBER OF DAYS WITH
THUNDERSTORM              0     MIXED PRECIP               0
HEAVY RAIN                0     RAIN                       0
LIGHT RAIN                3     FREEZING RAIN              0
LT FREEZING RAIN          0     HAIL                       0
HEAVY SNOW                2     SNOW                       2
LIGHT SNOW                7     SLEET                      0
FOG                       9     FOG W/VIS <= 1/4 MILE      2
HAZE                      7

-  INDICATES NEGATIVE NUMBERS.
R  INDICATES RECORD WAS SET OR TIED.
MM INDICATES DATA IS MISSING.
T  INDICATES TRACE AMOUNT.

$$
