198
CXUS53 KLBF 011135
CLMBBW


CLIMATE REPORT
NATIONAL WEATHER SERVICE NORTH PLATTE
533 AM CST THU DEC 1 2016

...................................

...THE BROKEN BOW NE CLIMATE SUMMARY FOR THE MONTH OF NOVEMBER 2016...

CLIMATE NORMAL PERIOD 1981 TO 2010
CLIMATE RECORD PERIOD 1894 TO 2016

WEATHER         OBSERVED          NORMAL  DEPART  LAST YEAR`S
                 VALUE   DATE(S)  VALUE   FROM    VALUE  DATE(S)
                                          NORMAL
................................................................
TEMPERATURE (F)
RECORD
 HIGH              84   11/08/2006
                        11/03/2005
 LOW              -23   11/28/1976
HIGHEST            77   11/04        72       5       77  11/01
                        11/03
LOWEST             13   11/19         1      12       16  11/27
AVG. MAXIMUM     57.0              48.7     8.3     52.0
AVG. MINIMUM     29.2              23.0     6.2     28.9
MEAN             43.1              35.8     7.3     40.4
DAYS MAX >= 90      0               0.0     0.0        0
DAYS MAX <= 32      1               4.2    -3.2        5
DAYS MIN <= 32     23              25.0    -2.0       20
DAYS MIN <= 0       0               0.4    -0.4        0

PRECIPITATION (INCHES)
RECORD
 MAXIMUM         3.14   1928
 MINIMUM         0.00   1980
                        1954
                        1945
TOTALS           1.66              0.95    0.71     0.67
DAILY AVG.       0.06              0.03    0.03     0.02
DAYS >= .01         5                MM      MM       10
DAYS >= .10         3                MM      MM        4
DAYS >= .50         2                MM      MM        0
DAYS >= 1.00        0                MM      MM        0
GREATEST
 24 HR. TOTAL    0.58   11/22 TO 11/22           11/11 TO 11/11
                                                          11/11 TO 11/11
                                                          11/11 TO 11/11

SNOWFALL (INCHES)
TOTALS             MM
SINCE 7/1          MM
SNOWDEPTH AVG.     MM
DAYS >= TRACE       0
DAYS >= 1.0         0
GREATEST
 SNOW DEPTH        MM

DEGREE_DAYS
HEATING TOTAL     648               874    -226      731
 SINCE 7/1       1101              1531    -430     1102
COOLING TOTAL       0                 0       0        0
 SINCE 1/1        777               768       9      937
..................................................

WIND (MPH)
AVERAGE WIND SPEED              9.4
HIGHEST WIND SPEED/DIRECTION    38/320    DATE  11/18
HIGHEST GUST SPEED/DIRECTION    49/340    DATE  11/18

AVERAGE RH (PERCENT)     66

WEATHER CONDITIONS. NUMBER OF DAYS WITH
THUNDERSTORM              0     MIXED PRECIP               0
HEAVY RAIN                2     RAIN                       3
LIGHT RAIN                8     FREEZING RAIN              0
LT FREEZING RAIN          0     HAIL                       0
HEAVY SNOW                0     SNOW                       2
LIGHT SNOW                5     SLEET                      0
FOG                      11     FOG W/VIS <= 1/4 MILE      4
HAZE                      2

-  INDICATES NEGATIVE NUMBERS.
R  INDICATES RECORD WAS SET OR TIED.
MM INDICATES DATA IS MISSING.
T  INDICATES TRACE AMOUNT.

&&

...SNOWFALL AND SNOW DEPTH ARE UNAVAILABLE FOR THIS LOCATION...

$$
