000
CXUS51 KBOX 011616
CLMBDL


CLIMATE REPORT
NATIONAL WEATHER SERVICE TAUNTON MA
1143 AM EDT MON MAY 1 2017

...................................

...THE HARTFORD CT CLIMATE SUMMARY FOR THE MONTH OF APRIL 2017...

CLIMATE NORMAL PERIOD 1981 TO 2010
CLIMATE RECORD PERIOD 1904 TO 2017

WEATHER         OBSERVED          NORMAL  DEPART
                 VALUE   DATE(S)  VALUE   FROM
                                          NORMAL
................................................
TEMPERATURE (F)
RECORD
 HIGH              96   04/19/1976
 LOW                9   04/01/1970
HIGHEST            88   04/16
                        04/11
LOWEST             30   04/09
AVG. MAXIMUM     64.2              60.5     3.7
AVG. MINIMUM     42.6              38.4     4.2
MEAN             53.4              49.4     4.0
DAYS MAX >= 90      0               0.2    -0.2
DAYS MAX <= 32      0               0.0     0.0
DAYS MIN <= 32      3               6.4    -3.4
DAYS MIN <= 0       0               0.0     0.0

PRECIPITATION (INCHES)
RECORD
 MAXIMUM         9.90   1983
 MINIMUM         0.65   1942
TOTALS           3.77              3.72    0.05
DAYS >= .01        15              11.2     3.8
DAYS >= .10         8               6.8     1.2
DAYS >= .50         3               2.3     0.7
DAYS >= 1.00        1               0.9     0.1
GREATEST
 24 HR. TOTAL    1.11   04/04 TO 04/04

SNOWFALL (INCHES)
RECORDS
 TOTAL           14.3   1982
 SNOW DEPTH        MM   MM
TOTALS            0.5R              1.4    -0.9
SINCE 7/1        62.3              40.5    21.8
SNOWDEPTH AVG.      0
GREATEST
 SNOW DEPTH         0   MM
 24 HR TOTAL      0.5R  04/01 TO 04/01

DEGREE_DAYS
HEATING TOTAL     365               472    -107
 SINCE 7/1       5235              5753    -518
COOLING TOTAL      23                 6      17
 SINCE 1/1         23                 6      17
.................................................

WIND (MPH)
AVERAGE WIND SPEED              8.7
RESULTANT WIND SPEED/DIRECTION   1/265
HIGHEST WIND SPEED/DIRECTION    33/310    DATE  04/16
HIGHEST GUST SPEED/DIRECTION    45/310    DATE  04/16

SKY COVER
POSSIBLE SUNSHINE (PERCENT)   MM
AVERAGE SKY COVER           0.70
NUMBER OF DAYS FAIR            3
NUMBER OF DAYS PC             15
NUMBER OF DAYS CLOUDY         12

AVERAGE RH (PERCENT)     65

WEATHER CONDITIONS. NUMBER OF DAYS WITH
THUNDERSTORM              0     MIXED PRECIP               0
HEAVY RAIN                4     RAIN                      11
LIGHT RAIN               18     FREEZING RAIN              0
LT FREEZING RAIN          0     HAIL                       0
HEAVY SNOW                0     SNOW                       1
LIGHT SNOW                1     SLEET                      1
FOG                      14     FOG W/VIS <= 1/4 MILE      1
HAZE                      2

-  INDICATES NEGATIVE NUMBERS.
R  INDICATES RECORD WAS SET OR TIED.
MM INDICATES DATA IS MISSING.
T  INDICATES TRACE AMOUNT.

$$
