120
CXUS51 KBOX 011655
CLMBDL

CLIMATE REPORT
NATIONAL WEATHER SERVICE TAUNTON MA
1113 AM EST SUN JAN 1 2017

...................................

...THE HARTFORD CT CLIMATE SUMMARY FOR THE MONTH OF DECEMBER 2016...

CLIMATE NORMAL PERIOD 1981 TO 2010
CLIMATE RECORD PERIOD 1904 TO 2016

WEATHER         OBSERVED          NORMAL  DEPART
                 VALUE   DATE(S)  VALUE   FROM
                                          NORMAL
................................................
TEMPERATURE (F)
RECORD
 HIGH              76   12/07/1998
 LOW              -18   12/30/1917
HIGHEST            57   12/01
LOWEST              3   12/20
AVG. MAXIMUM     40.6              39.7     0.9
AVG. MINIMUM     23.7              23.4     0.3
MEAN             32.1              31.6     0.5
DAYS MAX >= 90      0               0.0     0.0
DAYS MAX <= 32      5               6.7    -1.7
DAYS MIN <= 32     27              25.5     1.5
DAYS MIN <= 0       0               0.4    -0.4

PRECIPITATION (INCHES)
RECORD
 MAXIMUM         8.36   1969
 MINIMUM         0.78   1955
TOTALS           2.73              3.44   -0.71
DAYS >= .01        15              10.7     4.3
DAYS >= .10         7               6.5     0.5
DAYS >= .50         2               2.3    -0.3
DAYS >= 1.00        0               0.8    -0.8
GREATEST
 24 HR. TOTAL    0.86   11/30 TO 12/01

SNOWFALL (INCHES)
RECORDS
 TOTAL              T   MM
 SNOW DEPTH        13   12/06/2003
TOTALS           10.2R              7.4     2.8
SINCE 7/1        11.7               9.4     2.3
SNOWDEPTH AVG.      1
GREATEST
 SNOW DEPTH         6   12/18
 24 HR TOTAL      6.5R  12/17 TO 12/17

DEGREE_DAYS
HEATING TOTAL    1010              1037     -27
 SINCE 7/1       2047              2244    -197
COOLING TOTAL       0                 0       0
 SINCE 1/1       1068               756     312
.................................................

WIND (MPH)
AVERAGE WIND SPEED              7.7
RESULTANT WIND SPEED/DIRECTION   4/286
HIGHEST WIND SPEED/DIRECTION    32/310    DATE  12/18
HIGHEST GUST SPEED/DIRECTION    44/290    DATE  12/15

SKY COVER
POSSIBLE SUNSHINE (PERCENT)   MM
AVERAGE SKY COVER           0.60
NUMBER OF DAYS FAIR            3
NUMBER OF DAYS PC             21
NUMBER OF DAYS CLOUDY          7

AVERAGE RH (PERCENT)     64

WEATHER CONDITIONS. NUMBER OF DAYS WITH
THUNDERSTORM              0     MIXED PRECIP               0
HEAVY RAIN                0     RAIN                       3
LIGHT RAIN               11     FREEZING RAIN              0
LT FREEZING RAIN          3     HAIL                       0
HEAVY SNOW                2     SNOW                       5
LIGHT SNOW               11     SLEET                      2
FOG                      14     FOG W/VIS <= 1/4 MILE      5
HAZE                      2

-  INDICATES NEGATIVE NUMBERS.
R  INDICATES RECORD WAS SET OR TIED.
MM INDICATES DATA IS MISSING.
T  INDICATES TRACE AMOUNT.

$$
