000
CXUS51 KBOX 021458
CLMBDL


CLIMATE REPORT
NATIONAL WEATHER SERVICE TAUNTON MA
1050 AM EDT THU JUL 2 2015

...................................

...THE HARTFORD CT CLIMATE SUMMARY FOR THE MONTH OF JUNE 2015...

CLIMATE NORMAL PERIOD 1981 TO 2010
CLIMATE RECORD PERIOD 1904 TO 2015

WEATHER         OBSERVED          NORMAL  DEPART
                 VALUE   DATE(S)  VALUE   FROM
                                          NORMAL
................................................
TEMPERATURE (F)
RECORD
 HIGH             100   06/30/1964
                        06/26/1952
 LOW               37   06/03/1986
                        06/06/1964
HIGHEST            89   06/23
                        06/12
                        06/11
LOWEST             46   06/07
                        06/03
AVG. MAXIMUM     77.8              79.6    -1.8
AVG. MINIMUM     57.2              57.3    -0.1
MEAN             67.5              68.5    -1.0
DAYS MAX >= 90      0               2.9    -2.9
DAYS MAX <= 32      0               0.0     0.0
DAYS MIN <= 32      0               0.0     0.0
DAYS MIN <= 0       0               0.0     0.0

PRECIPITATION (INCHES)
RECORD
 MAXIMUM        13.60   1982
 MINIMUM         0.66   1912
TOTALS           6.68              4.35    2.33
DAYS >= .01        14              12.2     1.8
DAYS >= .10         8               7.0     1.0
DAYS >= .50         5               2.6     2.4
DAYS >= 1.00        2               1.1     0.9
GREATEST
 24 HR. TOTAL    1.94   06/15 TO 06/15

SNOWFALL (INCHES)
RECORDS
 TOTAL            0.0   MM
 SNOW DEPTH         0   MM
TOTALS            0.0               0.0     0.0
SINCE 7/1        63.8              40.5    23.3
SNOWDEPTH AVG.      0
GREATEST
 SNOW DEPTH         0   MM
 24 HR TOTAL      0.0   06/30 TO 06/30

DEGREE_DAYS
HEATING TOTAL      48                40       8
 SINCE 7/1       6226              5998     228
COOLING TOTAL     132               144     -12
 SINCE 1/1        249               183      66
.................................................

WIND (MPH)
AVERAGE WIND SPEED              7.4
RESULTANT WIND SPEED/DIRECTION   1/228
HIGHEST WIND SPEED/DIRECTION    24/220    DATE  06/23
HIGHEST GUST SPEED/DIRECTION    36/220    DATE  06/23

SKY COVER
POSSIBLE SUNSHINE (PERCENT)   MM
AVERAGE SKY COVER           0.70
NUMBER OF DAYS FAIR            2
NUMBER OF DAYS PC             12
NUMBER OF DAYS CLOUDY         16

AVERAGE RH (PERCENT)     68

WEATHER CONDITIONS. NUMBER OF DAYS WITH
THUNDERSTORM              0     MIXED PRECIP               0
HEAVY RAIN                6     RAIN                       7
LIGHT RAIN               18     FREEZING RAIN              0
LT FREEZING RAIN          0     HAIL                       0
HEAVY SNOW                0     SNOW                       0
LIGHT SNOW                0     SLEET                      0
FOG                      13     FOG W/VIS <= 1/4 MILE      1
HAZE                      1

-  INDICATES NEGATIVE NUMBERS.
R  INDICATES RECORD WAS SET OR TIED.
MM INDICATES DATA IS MISSING.
T  INDICATES TRACE AMOUNT.

$$

SIPPRELL
