000
CXUS51 KOKX 011459 RRA
CLMBDR

CLIMATE REPORT
NATIONAL WEATHER SERVICE NEW YORK NY
1057 AM EDT MON AUG 1 2016

...................................

...THE BRIDGEPORT CT CLIMATE SUMMARY FOR THE MONTH OF JULY 2016...

CLIMATE NORMAL PERIOD 1981 TO 2010
CLIMATE RECORD PERIOD 1948 TO 2016

WEATHER         OBSERVED          NORMAL  DEPART  LAST YEAR`S
                 VALUE   DATE(S)  VALUE   FROM    VALUE  DATE(S)
                                          NORMAL
................................................................
TEMPERATURE (F)
RECORD
 HIGH             103   07/22/1957
 LOW               49   07/01/1988
HIGHEST            97   07/23        MM      MM       93  07/20
LOWEST             61   07/03        MM      MM       60  07/17
AVG. MAXIMUM     85.4              82.2     3.2     83.6
AVG. MINIMUM     69.6              66.4     3.2     68.6
MEAN             77.5              74.3     3.2     76.1
DAYS MAX >= 90      8               3.0     5.0        5
DAYS MAX <= 32      0               0.0     0.0        0
DAYS MIN <= 32      0               0.0     0.0        0
DAYS MIN <= 0       0               0.0     0.0        0

PRECIPITATION (INCHES)
RECORD
 MAXIMUM        12.84   1971
 MINIMUM         0.47   1979
TOTALS           4.80              3.46    1.34     2.67
DAILY AVG.       0.15              0.11    0.04     0.09
DAYS >= .01        12               8.9     3.1        9
DAYS >= .10         8               5.8     2.2        6
DAYS >= .50         4               2.2     1.8        3
DAYS >= 1.00        1               1.0     0.0        0
GREATEST
 24 HR. TOTAL    1.75   07/07 TO 07/07           07/13 TO 07/14
                        07/06 TO 07/07                    07/31 TO 07/31
                        07/07 TO 07/07                    07/31 TO 07/31
 STORM TOTAL       MM                                 MM
 (MM/DD(HH))            MM                    07/14(00) TO 07/14(00)
                                                 07/31(00) TO 07/31(00)1
                                                 07/31(00) TO 07/31(00)1

DEGREE_DAYS
HEATING TOTAL       0                 1      -1        0
 SINCE 7/1          0                 1      -1        0
COOLING TOTAL     397               289     108      353
 SINCE 1/1        627               456     171      568
..................................................

WIND (MPH)
AVERAGE WIND SPEED              7.5
HIGHEST WIND SPEED/DIRECTION    32/330    DATE  07/18
HIGHEST GUST SPEED/DIRECTION    47/320    DATE  07/18


WEATHER CONDITIONS. NUMBER OF DAYS WITH
THUNDERSTORM              0     MIXED PRECIP               0
HEAVY RAIN                5     RAIN                       9
LIGHT RAIN               12     FREEZING RAIN              0
LT FREEZING RAIN          0     HAIL                       0
HEAVY SNOW                0     SNOW                       0
LIGHT SNOW                0     SLEET                      0
FOG                      14     FOG W/VIS <= 1/4 MILE      1
HAZE                      5

-  INDICATES NEGATIVE NUMBERS.
R  INDICATES RECORD WAS SET OR TIED.
MM INDICATES DATA IS MISSING.
T  INDICATES TRACE AMOUNT.

$$
