000
CXUS51 KOKX 011709 RRA
CLMBDR

NYCCLMBDR 000
TTAA00 KOKX 011705


CLIMATE REPORT
NATIONAL WEATHER SERVICE NEW YORK NY
1205 PM EST WED MAR 1 2017

...................................

...THE BRIDGEPORT CT CLIMATE SUMMARY FOR THE MONTH OF FEBRUARY 2017...

CLIMATE NORMAL PERIOD 1981 TO 2010
CLIMATE RECORD PERIOD 1948 TO 2017

WEATHER         OBSERVED          NORMAL  DEPART  LAST YEAR`S
                 VALUE   DATE(S)  VALUE   FROM    VALUE  DATE(S)
                                          NORMAL
................................................................
TEMPERATURE (F)
RECORD
 HIGH              67   02/27/1997
                        02/28/1976
 LOW               -6   02/14/2016
HIGHEST            65   02/24        MM      MM       61  02/25
LOWEST             16   02/10        MM      MM       -6  02/14
                        02/09
AVG. MAXIMUM     46.1              39.7     6.4     43.7
AVG. MINIMUM     30.6              25.2     5.4     26.0
MEAN             38.4              32.4     6.0     34.8
DAYS MAX >= 90      0               0.0     0.0        0
DAYS MAX <= 32      1               4.9    -3.9        5
DAYS MIN <= 32     16              22.2    -6.2       18
DAYS MIN <= 0       0               0.0     0.0        1

PRECIPITATION (INCHES)
RECORD
 MAXIMUM         6.65   1972
 MINIMUM         0.43   1987
TOTALS           1.91              2.79   -0.88     4.90
DAILY AVG.       0.07              0.10   -0.03     0.17
DAYS >= .01         6               9.7    -3.7       13
DAYS >= .10         4               5.8    -1.8        8
DAYS >= .50         2               1.8     0.2        4
DAYS >= 1.00        0               0.6    -0.6        2
GREATEST
 24 HR. TOTAL    0.84   02/09 TO 02/09           02/24 TO 02/25
                        02/09 TO 02/09                    02/05 TO 02/05
                        02/09 TO 02/10                    02/05 TO 02/05
 STORM TOTAL       MM                                 MM
 (MM/DD(HH))            MM                    02/25(00) TO 02/25(00)
                                                 02/05(00) TO 02/05(00)5
                                                 02/05(00) TO 02/05(00)5

SNOWFALL (INCHES)
TOTALS           12.8               8.1     4.7     13.9
 LIQUID EQUIV    1.28              0.80    0.48     1.39
SINCE 7/1        29.8              21.6     8.2     24.9
 LIQUID 7/1      2.98              2.20    0.78     2.49
SNOWDEPTH AVG.      2                 3      -1        1
DAYS >= TRACE       2               3.5    -1.5        8
DAYS >= 1.0         2               1.9     0.1        3
GREATEST
 SNOW DEPTH         9   02/10                          7  02/06
 24 HR TOTAL     10.3   02/09 TO 02/09           02/05 TO 02/05
                                                          02/05 TO 02/05
                                                          02/05 TO 02/05
 STORM TOTAL       MM                                 MM
 (MM/DD(HH))            MM                    02/05(00) TO 02/05(00)
                                                 02/05(00) TO 02/05(00)5
                                                 02/05(00) TO 02/05(00)5

DEGREE_DAYS
HEATING TOTAL     739               911    -172      867
 SINCE 7/1       3167              3887    -720     3135
COOLING TOTAL       0                 0       0        0
 SINCE 1/1          0                 0       0        0
......................................................

WIND (MPH)
AVERAGE WIND SPEED              8.7
HIGHEST WIND SPEED/DIRECTION    44/310    DATE  02/13
HIGHEST GUST SPEED/DIRECTION    60/310    DATE  02/13


WEATHER CONDITIONS. NUMBER OF DAYS WITH
THUNDERSTORM              0     MIXED PRECIP               0
HEAVY RAIN                1     RAIN                       1
LIGHT RAIN                4     FREEZING RAIN              1
LT FREEZING RAIN          2     HAIL                       0
HEAVY SNOW                1     SNOW                       2
LIGHT SNOW                2     SLEET                      0
FOG                      10     FOG W/VIS <= 1/4 MILE      6
HAZE                      7

-  INDICATES NEGATIVE NUMBERS.
R  INDICATES RECORD WAS SET OR TIED.
MM INDICATES DATA IS MISSING.
T  INDICATES TRACE AMOUNT.

$$
