135
CXUS51 KOKX 012242
CLMBDR

CLIMATE REPORT
NATIONAL WEATHER SERVICE NEW YORK NY
640 PM EDT SUN MAY 1 2016

...................................

...THE BRIDGEPORT CT CLIMATE SUMMARY FOR THE MONTH OF APRIL 2016...

CLIMATE NORMAL PERIOD 1981 TO 2010
CLIMATE RECORD PERIOD 1948 TO 2016

WEATHER         OBSERVED          NORMAL  DEPART  LAST YEAR`S
                 VALUE   DATE(S)  VALUE   FROM    VALUE  DATE(S)
                                          NORMAL
................................................................
TEMPERATURE (F)
RECORD
 HIGH              91   04/28/1990
 LOW               18   04/07/1982
HIGHEST            74   04/18        MM      MM       76  04/29
LOWEST             26   04/06        MM      MM       29  04/02
                        04/05
AVG. MAXIMUM     57.8              57.7     0.1     58.8
AVG. MINIMUM     40.9              41.0    -0.1     40.6
MEAN             49.3              49.3     0.0     49.7
DAYS MAX >= 90      0               0.0     0.0        0
DAYS MAX <= 32      0               0.0     0.0        0
DAYS MIN <= 32      6               2.1     3.9        2
DAYS MIN <= 0       0               0.0     0.0        0

PRECIPITATION (INCHES)
RECORD
 MAXIMUM        10.72   1983
 MINIMUM         0.69   1985
TOTALS           2.71              4.13   -1.42     2.09
DAILY AVG.       0.09              0.14   -0.05     0.07
DAYS >= .01        10              11.0    -1.0        9
DAYS >= .10         9               6.9     2.1        6
DAYS >= .50         2               2.2    -0.2        2
DAYS >= 1.00        0               1.0    -1.0        0
GREATEST
 24 HR. TOTAL    0.78   04/02 TO 04/03           04/20 TO 04/21
                                                          04/23 TO 04/23
                                                          04/23 TO 04/23
 STORM TOTAL       MM                                 MM
 (MM/DD(HH))            MM                    04/21(00) TO 04/21(00)
                                                 04/23(00) TO 04/23(00)3
                                                 04/23(00) TO 04/23(00)3

SNOWFALL (INCHES)
TOTALS            0.1               0.9    -0.8        T
 LIQUID EQUIV    0.01              0.10   -0.09       MM
SINCE 7/1        27.3              27.6    -0.3     59.7
 LIQUID 7/1      2.73              2.80   -0.07     5.97
SNOWDEPTH AVG.      0                MM      MM        0
DAYS >= TRACE       2               0.3     1.7        1
DAYS >= 1.0         0               0.3    -0.3        0
GREATEST
 SNOW DEPTH         0   MM                             0  MM
 24 HR TOTAL      0.1   MM                       04/23 TO 04/23
                                                          04/23 TO 04/23
                                                          04/23 TO 04/23
 STORM TOTAL       MM                                 MM
 (MM/DD(HH))            MM                    04/23(00) TO 04/23(00)
                                                 04/23(00) TO 04/23(00)3
                                                 04/23(00) TO 04/23(00)3

DEGREE_DAYS
HEATING TOTAL     461               471     -10      454
 SINCE 7/1       4219              5155    -936     5517
COOLING TOTAL       0                 2      -2        0
 SINCE 1/1          0                 2      -2        0
....................................................

WIND (MPH)
AVERAGE WIND SPEED              9.3
HIGHEST WIND SPEED/DIRECTION    35/300    DATE  04/03
HIGHEST GUST SPEED/DIRECTION    46/300    DATE  04/03


WEATHER CONDITIONS. NUMBER OF DAYS WITH
THUNDERSTORM              0     MIXED PRECIP               0
HEAVY RAIN                3     RAIN                       5
LIGHT RAIN               15     FREEZING RAIN              1
LT FREEZING RAIN          1     HAIL                       0
HEAVY SNOW                0     SNOW                       1
LIGHT SNOW                2     SLEET                      0
FOG                       8     FOG W/VIS <= 1/4 MILE      1
HAZE                      2

-  INDICATES NEGATIVE NUMBERS.
R  INDICATES RECORD WAS SET OR TIED.
MM INDICATES DATA IS MISSING.
T  INDICATES TRACE AMOUNT.

$$
