000
CXUS51 KOKX 011651
CLMBDR

NYCCLMBDR 000
TTAA00 KOKX 011636


CLIMATE REPORT
NATIONAL WEATHER SERVICE NEW YORK NY
1150 AM EST THU JAN 1 2015

...................................

...THE BRIDGEPORT CT CLIMATE SUMMARY FOR THE MONTH OF DECEMBER 2014...

CLIMATE NORMAL PERIOD 1981 TO 2010
CLIMATE RECORD PERIOD 1948 TO 2014

WEATHER         OBSERVED          NORMAL  DEPART  LAST YEAR`S
                 VALUE   DATE(S)  VALUE   FROM    VALUE  DATE(S)
                                          NORMAL
................................................................
TEMPERATURE (F)
RECORD
 HIGH              76   12/07/1998
 LOW               -4   12/26/1980
                        12/25/1980
HIGHEST            62   12/01        MM      MM       60  12/22
LOWEST             20   12/30        MM      MM       17  12/17
AVG. MAXIMUM     44.9              42.3     2.6     41.5
AVG. MINIMUM     33.2              28.4     4.8     28.6
MEAN             39.0              35.4     3.6     35.0
DAYS MAX >= 90      0               0.0     0.0        0
DAYS MAX <= 32      0               3.8    -3.8        5
DAYS MIN <= 32     14              20.2    -6.2       23
DAYS MIN <= 0       0               0.0     0.0        0

PRECIPITATION (INCHES)
RECORD
 MAXIMUM         7.87   1972
 MINIMUM         0.33   1955
TOTALS           5.65              3.33    2.32     4.33
DAILY AVG.       0.18              0.11    0.07     0.14
DAYS >= .01        16              11.1     4.9       15
DAYS >= .10         8               6.8     1.2        9
DAYS >= .50         4               2.4     1.6        4
DAYS >= 1.00        2               0.6     1.4        1
GREATEST
 24 HR. TOTAL    2.13   12/09 TO 12/09           12/29 TO 12/29
 STORM TOTAL       MM                                 MM
 (MM/DD(HH))            MM

SNOWFALL (INCHES)
TOTALS            0.7               5.1    -4.4     10.8
 LIQUID EQUIV    0.07              0.50   -0.43     1.08
SINCE 7/1         0.9               5.8    -4.9     10.9
 LIQUID 7/1      0.09              0.60   -0.51     1.09
SNOWDEPTH AVG.      0                MM      MM        1
DAYS >= TRACE       5               3.1     1.9        9
DAYS >= 1.0         0               1.5    -1.5        3
GREATEST
 SNOW DEPTH         T   12/11                          5  12/18
                        12/13
 24 HR TOTAL      0.7   12/11 TO 12/11           12/14 TO 12/14

 STORM TOTAL       MM                                 MM
 (MM/DD(HH))            MM

DEGREE_DAYS
HEATING TOTAL     798               919    -121      921
 SINCE 7/1       1704              1893    -189     1874
COOLING TOTAL       0                 0       0        0
 SINCE 1/1        884               825      59     1003
..........................................................

WIND (MPH)
AVERAGE WIND SPEED              9.5
HIGHEST WIND SPEED/DIRECTION    32/360    DATE  12/09
HIGHEST GUST SPEED/DIRECTION    47/360    DATE  12/09


WEATHER CONDITIONS. NUMBER OF DAYS WITH
THUNDERSTORM              0     MIXED PRECIP               0
HEAVY RAIN                2     RAIN                       6
LIGHT RAIN               16     FREEZING RAIN              0
LT FREEZING RAIN          0     HAIL                       0
HEAVY SNOW                0     SNOW                       0
LIGHT SNOW                4     SLEET                      0
FOG                      15     FOG W/VIS <= 1/4 MILE      1
HAZE                      2

-  INDICATES NEGATIVE NUMBERS.
R  INDICATES RECORD WAS SET OR TIED.
MM INDICATES DATA IS MISSING.
T  INDICATES TRACE AMOUNT.

$$
