000
CXUS51 KOKX 011557 RRA
CLMBDR

NYCCLMBDR 000
TTAA00 KOKX 011552


CLIMATE REPORT
NATIONAL WEATHER SERVICE NEW YORK NY
1052 AM EST MON JAN 1 2018

...................................

...THE BRIDGEPORT CT CLIMATE SUMMARY FOR THE MONTH OF DECEMBER
2017...

CLIMATE NORMAL PERIOD 1981 TO 2010
CLIMATE RECORD PERIOD 1948 TO 2017

WEATHER         OBSERVED          NORMAL  DEPART  LAST YEAR`S
                 VALUE   DATE(S)  VALUE   FROM    VALUE  DATE(S)
                                          NORMAL
................................................................
TEMPERATURE (F)
RECORD
 HIGH              76   12/07/1998
 LOW               -4   12/26/1980
                        12/25/1980
HIGHEST            59   12/05        MM      MM       61  12/27
LOWEST              6   12/31        MM      MM       17  12/20
AVG. MAXIMUM     39.4              42.3    -2.9     44.9
AVG. MINIMUM     27.4              28.4    -1.0     30.6
MEAN             33.4              35.4    -2.0     37.8
DAYS MAX >= 90      0               0.0     0.0        0
DAYS MAX <= 32      8               3.8     4.2        2
DAYS MIN <= 32     20              20.2    -0.2       19
DAYS MIN <= 0       0               0.0     0.0        0

PRECIPITATION (INCHES)
RECORD
 MAXIMUM         7.87   1972
 MINIMUM         0.33   1955
TOTALS           1.69              3.33   -1.64     3.43
DAILY AVG.       0.05              0.11   -0.06     0.11
DAYS >= .01        10              11.1    -1.1       11
DAYS >= .10         5               6.8    -1.8        6
DAYS >= .50         0               2.4    -2.4        4
DAYS >= 1.00        0               0.6    -0.6        0
GREATEST
 24 HR. TOTAL    0.41   12/23 TO 12/23           11/30 TO 12/01
                        12/09 TO 12/09                    12/01 TO 12/01
                                                          12/01 TO 12/01
 STORM TOTAL       MM                                 MM
 (MM/DD(HH))            MM                    12/01(00) TO 12/01(00)
                                                 12/01(00) TO 12/01(00)1
                                                 12/01(00) TO 12/01(00)1

SNOWFALL (INCHES)
TOTALS            8.7               5.1     3.6      6.0
 LIQUID EQUIV    0.87              0.50    0.37     0.60
SINCE 7/1         8.7               5.8     2.9      6.0
 LIQUID 7/1      0.87              0.60    0.27     0.60
SNOWDEPTH AVG.      0                MM      MM        0
DAYS >= TRACE      11               3.1     7.9        2
DAYS >= 1.0         4               1.5     2.5        1
GREATEST
 SNOW DEPTH         4   12/10                          3  12/18
 24 HR TOTAL      4.4   12/09 TO 12/09           12/01 TO 12/01
                                                          12/01 TO 12/01
                                                          12/01 TO 12/01
 STORM TOTAL       MM                                 MM
 (MM/DD(HH))            MM                    12/01(00) TO 12/01(00)
                                                 12/01(00) TO 12/01(00)1
                                                 12/01(00) TO 12/01(00)1

DEGREE_DAYS
HEATING TOTAL     971               919      52      837
 SINCE 7/1       1726              1893    -167     1565
COOLING TOTAL       0                 0       0        0
 SINCE 1/1       1053               825     228     1270
..................................................

WIND (MPH)
AVERAGE WIND SPEED              8.6
HIGHEST WIND SPEED/DIRECTION    31/290    DATE  12/25
HIGHEST GUST SPEED/DIRECTION    45/300    DATE  12/25


WEATHER CONDITIONS. NUMBER OF DAYS WITH
THUNDERSTORM              0     MIXED PRECIP               0
HEAVY RAIN                2     RAIN                       5
LIGHT RAIN                9     FREEZING RAIN              0
LT FREEZING RAIN          0     HAIL                       0
HEAVY SNOW                0     SNOW                       3
LIGHT SNOW               10     SLEET                      0
FOG                      12     FOG W/VIS <= 1/4 MILE      0
HAZE                      4

-  INDICATES NEGATIVE NUMBERS.
R  INDICATES RECORD WAS SET OR TIED.
MM INDICATES DATA IS MISSING.
T  INDICATES TRACE AMOUNT.

$$
