000
CXUS51 KOKX 011247
CLMBDR

CLIMATE REPORT
NATIONAL WEATHER SERVICE NEW YORK NY
843 AM EDT FRI SEP 1 2017

...................................

...THE BRIDGEPORT CT CLIMATE SUMMARY FOR THE MONTH OF AUGUST 2017...

CLIMATE NORMAL PERIOD 1981 TO 2010
CLIMATE RECORD PERIOD 1948 TO 2017

WEATHER         OBSERVED          NORMAL  DEPART  LAST YEAR`S
                 VALUE   DATE(S)  VALUE   FROM    VALUE  DATE(S)
                                          NORMAL
................................................................
TEMPERATURE (F)
RECORD
 HIGH             100   08/09/2001
                        08/27/1948
 LOW               44   08/29/1982
HIGHEST            89   08/01        MM      MM       95  08/13
LOWEST             58   08/27        MM      MM       59  08/23
AVG. MAXIMUM     80.6              80.9    -0.3     86.2
AVG. MINIMUM     65.3              65.8    -0.5     70.7
MEAN             72.9              73.3    -0.4     78.4
DAYS MAX >= 90      0               1.7    -1.7        9
DAYS MAX <= 32      0               0.0     0.0        0
DAYS MIN <= 32      0               0.0     0.0        0
DAYS MIN <= 0       0               0.0     0.0        0

PRECIPITATION (INCHES)
RECORD
 MAXIMUM        13.29   1952
 MINIMUM         0.72   1981
TOTALS           3.81              3.96   -0.15     3.16
DAILY AVG.       0.12              0.13   -0.01     0.10
DAYS >= .01        10               8.9     1.1        8
DAYS >= .10         7               5.9     1.1        5
DAYS >= .50         3               2.6     0.4        1
DAYS >= 1.00        1               1.1    -0.1        1
GREATEST
 24 HR. TOTAL    1.56   08/05 TO 08/05           08/10 TO 08/10
                                                          08/09 TO 08/10
                                                          08/10 TO 08/10
 STORM TOTAL       MM                                 MM
 (MM/DD(HH))            MM                    08/10(00) TO 08/10(00)
                                                 08/10(00) TO 08/10(00)0
                                                 08/10(00) TO 08/10(00)0

DEGREE_DAYS
HEATING TOTAL       0                 3      -3        0
 SINCE 7/1          0                 4      -4        0
COOLING TOTAL     256               262      -6      425
 SINCE 1/1        837               718     119     1052
.................................................

WIND (MPH)
AVERAGE WIND SPEED              7.0
HIGHEST WIND SPEED/DIRECTION    29/220    DATE  08/22
HIGHEST GUST SPEED/DIRECTION    36/220    DATE  08/22


WEATHER CONDITIONS. NUMBER OF DAYS WITH
THUNDERSTORM              0     MIXED PRECIP               0
HEAVY RAIN                3     RAIN                       8
LIGHT RAIN               13     FREEZING RAIN              0
LT FREEZING RAIN          0     HAIL                       0
HEAVY SNOW                0     SNOW                       0
LIGHT SNOW                0     SLEET                      0
FOG                       8     FOG W/VIS <= 1/4 MILE      1
HAZE                      0

-  INDICATES NEGATIVE NUMBERS.
R  INDICATES RECORD WAS SET OR TIED.
MM INDICATES DATA IS MISSING.
T  INDICATES TRACE AMOUNT.

$$
