000
CXUS51 KOKX 011712 RRB
CLMBDR

NYCCLMBDR 000
TTAA00 KOKX 011710


CLIMATE REPORT
NATIONAL WEATHER SERVICE NEW YORK NY
110 PM EDT WED NOV 1 2017

...................................

...THE BRIDGEPORT CT CLIMATE SUMMARY FOR THE MONTH OF OCTOBER 2017...

CLIMATE NORMAL PERIOD 1981 TO 2010
CLIMATE RECORD PERIOD 1948 TO 2017

WEATHER         OBSERVED          NORMAL  DEPART  LAST YEAR`S
                 VALUE   DATE(S)  VALUE   FROM    VALUE  DATE(S)
                                          NORMAL
................................................................
TEMPERATURE (F)
RECORD
 HIGH              89   10/08/2007
 LOW               26   10/31/1988
                        10/20/1972
                        10/24/1969
HIGHEST            80   10/10        MM      MM       86  10/19
                        10/05
LOWEST             39   10/17        MM      MM       35  10/26
AVG. MAXIMUM     70.5              63.3     7.2     66.4
AVG. MINIMUM     54.2              46.5     7.7     50.2
MEAN             62.3              54.9     7.4     58.3
DAYS MAX >= 90      0               0.0     0.0        0
DAYS MAX <= 32      0               0.0     0.0        0
DAYS MIN <= 32      0               0.5    -0.5        0
DAYS MIN <= 0       0               0.0     0.0        0

PRECIPITATION (INCHES)
RECORD
 MAXIMUM        12.10   2005
 MINIMUM         0.32   2013
TOTALS           7.37              3.64    3.73     4.25
DAILY AVG.       0.24              0.12    0.12     0.14
DAYS >= .01        11               8.8     2.2       10
DAYS >= .10         4               5.6    -1.6        7
DAYS >= .50         2               2.5    -0.5        3
DAYS >= 1.00        2               1.0     1.0        1
GREATEST
 24 HR. TOTAL    3.78   10/24 TO 10/25           10/27 TO 10/27
                                                          10/27 TO 10/27
                                                          10/27 TO 10/27
 STORM TOTAL       MM                                 MM
 (MM/DD(HH))            MM                    10/27(00) TO 10/27(00)
                                                 10/27(00) TO 10/27(00)7
                                                 10/27(00) TO 10/27(00)7

SNOWFALL (INCHES)
TOTALS            0.0               0.0     0.0        T
 LIQUID EQUIV    0.00                 T    0.00       MM
SINCE 7/1         0.0               0.0     0.0        T
 LIQUID 7/1      0.00              0.00    0.00       MM
SNOWDEPTH AVG.      0                MM      MM        0
DAYS >= TRACE       0               0.0     0.0        1
DAYS >= 1.0         0               0.0     0.0        0
GREATEST
 SNOW DEPTH         0   MM                             0  MM
 24 HR TOTAL      0.0   10/31 TO 10/31           10/27 TO 10/27
                                                          10/27 TO 10/27
                                                          10/27 TO 10/27
 STORM TOTAL       MM                                 MM
 (MM/DD(HH))            MM                    10/27(00) TO 10/27(00)
                                                 10/27(00) TO 10/27(00)7
                                                 10/27(00) TO 10/27(00)7

DEGREE_DAYS
HEATING TOTAL     134               322    -188      227
 SINCE 7/1        159               390    -231      242
COOLING TOTAL      59                 9      50       27
 SINCE 1/1       1053               825     228     1270
........................................................

WIND (MPH)
AVERAGE WIND SPEED              9.0
HIGHEST WIND SPEED/DIRECTION    38/140    DATE  10/29
HIGHEST GUST SPEED/DIRECTION    54/130    DATE  10/29


WEATHER CONDITIONS. NUMBER OF DAYS WITH
THUNDERSTORM              0     MIXED PRECIP               0
HEAVY RAIN                4     RAIN                       4
LIGHT RAIN               15     FREEZING RAIN              0
LT FREEZING RAIN          0     HAIL                       0
HEAVY SNOW                0     SNOW                       0
LIGHT SNOW                0     SLEET                      0
FOG                      12     FOG W/VIS <= 1/4 MILE      1
HAZE                      1

-  INDICATES NEGATIVE NUMBERS.
R  INDICATES RECORD WAS SET OR TIED.
MM INDICATES DATA IS MISSING.
T  INDICATES TRACE AMOUNT.

$$
