000
CXUS51 KOKX 012143 RRB
CLMBDR

NYCCLMBDR 000
TTAA00 KOKX 012134


CLIMATE REPORT
NATIONAL WEATHER SERVICE NEW YORK NY
543 PM EDT MON MAY 1 2017

...................................

...THE BRIDGEPORT CT CLIMATE SUMMARY FOR THE MONTH OF APRIL 2017...

CLIMATE NORMAL PERIOD 1981 TO 2010
CLIMATE RECORD PERIOD 1948 TO 2017

WEATHER         OBSERVED          NORMAL  DEPART  LAST YEAR`S
                 VALUE   DATE(S)  VALUE   FROM    VALUE  DATE(S)
                                          NORMAL
................................................................
TEMPERATURE (F)
RECORD
 HIGH              91   04/28/1990
 LOW               18   04/07/1982
HIGHEST            86   04/29        MM      MM       74  04/18
LOWEST             35   04/09        MM      MM       26  04/06
                                                          04/05
AVG. MAXIMUM     62.2              57.7     4.5     57.8
AVG. MINIMUM     45.8              41.0     4.8     40.9
MEAN             54.0              49.3     4.7     49.3
DAYS MAX >= 90      0               0.0     0.0        0
DAYS MAX <= 32      0               0.0     0.0        0
DAYS MIN <= 32      0               2.1    -2.1        6
DAYS MIN <= 0       0               0.0     0.0        0

PRECIPITATION (INCHES)
RECORD
 MAXIMUM        10.72   1983
 MINIMUM         0.69   1985
TOTALS           4.82              4.13    0.69     2.71
DAILY AVG.       0.16              0.14    0.02     0.09
DAYS >= .01        13              11.0     2.0       10
DAYS >= .10         7               6.9     0.1        9
DAYS >= .50         3               2.2     0.8        2
DAYS >= 1.00        2               1.0     1.0        0
GREATEST
 24 HR. TOTAL    1.82   04/03 TO 04/04           04/02 TO 04/03
                                                          04/03 TO 04/03
                                                          04/03 TO 04/03
 STORM TOTAL       MM                                 MM
 (MM/DD(HH))            MM                    04/03(00) TO 04/03(00)
                                                 04/03(00) TO 04/03(00)3
                                                 04/03(00) TO 04/03(00)3

SNOWFALL (INCHES)
TOTALS            0.0               0.9    -0.9      0.1
 LIQUID EQUIV    0.00              0.10   -0.10     0.01
SINCE 7/1        40.9              27.6    13.3     27.3
 LIQUID 7/1      4.09              2.80    1.29     2.73
SNOWDEPTH AVG.      0                MM      MM        0
DAYS >= TRACE       0               0.3    -0.3        2
DAYS >= 1.0         0               0.3    -0.3        0
GREATEST
 SNOW DEPTH         0   MM                             0  MM
 24 HR TOTAL      0.0   04/30 TO 04/30           04/03 TO 04/03
                                                          04/03 TO 04/03
                                                          04/03 TO 04/03
 STORM TOTAL       MM                                 MM
 (MM/DD(HH))            MM                    04/03(00) TO 04/03(00)
                                                 04/03(00) TO 04/03(00)3
                                                 04/03(00) TO 04/03(00)3

DEGREE_DAYS
HEATING TOTAL     331               471    -140      461
 SINCE 7/1       4346              5155    -809     4219
COOLING TOTAL       8                 2       6        0
 SINCE 1/1          8                 2       6        0
....................................................

WIND (MPH)
AVERAGE WIND SPEED              9.4
HIGHEST WIND SPEED/DIRECTION    31/290    DATE  04/29
HIGHEST GUST SPEED/DIRECTION    47/310    DATE  04/29


WEATHER CONDITIONS. NUMBER OF DAYS WITH
THUNDERSTORM              0     MIXED PRECIP               0
HEAVY RAIN                4     RAIN                       8
LIGHT RAIN               16     FREEZING RAIN              0
LT FREEZING RAIN          0     HAIL                       0
HEAVY SNOW                0     SNOW                       0
LIGHT SNOW                0     SLEET                      0
FOG                      13     FOG W/VIS <= 1/4 MILE      1
HAZE                      3

-  INDICATES NEGATIVE NUMBERS.
R  INDICATES RECORD WAS SET OR TIED.
MM INDICATES DATA IS MISSING.
T  INDICATES TRACE AMOUNT.

$$
