000
CXAK58 PABE 011341
CLMBET

CLIMATE REPORT
NATIONAL WEATHER SERVICE BETHEL, AK
541 AM AKDT TUE JUL 1 2014

...................................

...THE BETHEL AP CLIMATE SUMMARY FOR THE MONTH OF JUNE 2014...

CLIMATE NORMAL PERIOD 1981 TO 2010
CLIMATE RECORD PERIOD 1923 TO 2014

WEATHER         OBSERVED          NORMAL  DEPART  LAST YEAR`S
                 VALUE   DATE(S)  VALUE   FROM    VALUE  DATE(S)
                                          NORMAL
................................................................
TEMPERATURE (F)
RECORD
 HIGH              90   6/17/1926
 LOW               28   6/06/1962
HIGHEST            75   6/21         75       0      88  6/18
LOWEST             34                35      -1      35  6/05
AVG. MAXIMUM       59.7              61.1    -1.4    64.3
AVG. MINIMUM       42.1              43.8    -1.7    46.4
MEAN               50.9              52.5    -1.6    55.4
DAYS MAX >= 90      0                 0.0     0.0     0
DAYS MAX <= 32      0                 0.0     0.0     0
DAYS MAX >= 80      0                 0.3    -0.3     1
DAYS MAX >= 70      5                 3.6     1.4     6
DAYS MIN <= 32      0                 0.4    -0.4     0
DAYS MIN <= 0       0                 0.0     0.0     0

PRECIPITATION (INCHES)
RECORD
 MAXIMUM            4.30   1999
 MINIMUM            0.11   1935
TOTALS              1.52              1.72   -0.20    1.61
DAILY AVG.          0.05              0.06   -0.01    0.05
DAYS >= .01        12                13.2    -1.2     9
DAYS >= .10         7                 5.6     1.4     5
DAYS >= .50         1                 0.5     0.5     0
DAYS >= 1.0         0                 0.1    -0.1     0
GREATEST
 24 HR TOTAL        0.51   6/18                       0.34  6/29

SNOWFALL (INCHES)
RECORDS
 TOTAL              2.2   1963
 24 HR TOTAL        1.2   6-03-1963
 SNOW DEPTH         0     6-01-1985
TOTALS              0.0               0.0     0.0     0.0
SINCE 7/1          27.8              61.4   -33.6    41.4
SNOWDEPTH AVG.      0                 0       0       0
DAYS >= TRACE       0                 0.4    -0.4     0
DAYS >= 1.0         0                 0.0     0.0     0
DAYS >= 6.0         0                 0.0     0.0     0
GREATEST
 SNOW DEPTH         0   MM                            0  MM
 24 HR TOTAL      0.0   MM                          0.0  MM

DEGREE_DAYS
HEATING TOTAL     420               377      43     288
 SINCE 7/1      11077             12525   -1448   13476
COOLING TOTAL       0                 0       0       7
 SINCE 1/1          0                 0       0       7
................................................................

WIND (MPH)
AVERAGE WIND SPEED                8.7
HIGHEST WIND SPEED/DIRECTION     23/140    DATE   06/18
HIGHEST GUST SPEED/DIRECTION     30/280    DATE   06/17

SKY COVER
POSSIBLE SUNSHINE (PERCENT)   MM
AVERAGE SKY COVER             MM
NUMBER OF DAYS FAIR           MM
NUMBER OF DAYS PC             MM
NUMBER OF DAYS CLOUDY         MM

AVERAGE RH (PERCENT)     MM

WEATHER CONDITIONS. NUMBER OF DAYS WITH
THUNDERSTORM              1     ICE PELLETS                 0
RAIN                     15     GLAZE                       0
DRIZZLE                   0     HAIL                        0
SNOW                      0     HAZE                        0
FOG                      19     FOG W/VIS <= 1/4 MILE       5
BLOWING SNOW              0


-  INDICATES NEGATIVE NUMBERS.
R  INDICATES RECORD WAS SET OR TIED.
MM INDICATES DATA IS MISSING.
T  INDICATES TRACE AMOUNT.

&&
...JUNE WAS COOLER AND DRIER THAN NORMAL IN BETHEL...

DURING THE MONTH OF JUNE A SERIES OF LOW PRESSURE SYSTEMS WITH THEIR ASSOCIATED
FRONTS MOVED NORTHWARD ALONG THE ALEUTIAN ISLAND AND INTO THE GULF OF ALASKA OR
CENTRAL ALASKA. WITH THE TRACK THAT THESE SYSTEMS TOOK THE SOUTHWESTERN PART OF
ALASKA WAS UNDER THE INFLUENCE OF THESE SYSTEMS BACKSIDE. THIS PROVIDED A
PREDOMINANT NORTHERLY FLOW OVER THE KUSKOKWIM DELTA DURING THE MONTH. THIS
PRODUCED COOLER AND DRIER THAN NORMAL CONDITIONS FOR THE BETHEL AREA.

TEMPERATURES AND PRECIPITATION WERE BELOW NORMAL FOR JUNE.

$$
BDW JUL 14
