254
CXUS51 KCTP 010908
CLMBFD

PHLCLMBFD 000
TTAA00 KCTP 010853


CLIMATE REPORT
NATIONAL WEATHER SERVICE STATE COLLEGE PA
452 AM EDT WED NOV 1 2017

...................................

...THE BRADFORD CLIMATE SUMMARY FOR THE MONTH OF OCTOBER 2017...

CLIMATE NORMAL PERIOD 1981 TO 2010
CLIMATE RECORD PERIOD 1957 TO 2017

WEATHER         OBSERVED          NORMAL  DEPART  LAST YEAR`S
                 VALUE   DATE(S)  VALUE   FROM    VALUE  DATE(S)
                                          NORMAL
................................................................
TEMPERATURE (F)
RECORD
 HIGH              81   10/05/2007
 LOW               10   10/29/1965
HIGHEST            78   10/04                         75  10/18
LOWEST             25   10/17                         23  10/26
AVG. MAXIMUM     62.9              57.0     5.9     60.0
AVG. MINIMUM     42.5              35.9     6.6     40.0
MEAN             52.7              46.5     6.2     50.0
DAYS MAX >= 90      0                MM      MM        0
DAYS MAX <= 32      0                MM      MM        0
DAYS MIN <= 32      6                MM      MM        8
DAYS MIN <= 0       0                MM      MM        0

PRECIPITATION (INCHES)
RECORD
 MAXIMUM         7.85   2016
 MINIMUM         0.70   1963
TOTALS           5.62              3.43    2.19     7.85
DAILY AVG.       0.18              0.11    0.07     0.25
DAYS >= .01        14                MM      MM       17
DAYS >= .10         9                MM      MM       12
DAYS >= .50         5                MM      MM        6
DAYS >= 1.00        1                MM      MM        2
GREATEST
 24 HR. TOTAL    1.24   10/29 TO 10/29

DEGREE_DAYS
HEATING TOTAL     383               576    -193      462
 SINCE 7/1        668               993    -325      645
COOLING TOTAL       7                 1       6        3
 SINCE 1/1        264               193      71      370
..................................................

WIND (MPH)
AVERAGE WIND SPEED              6.8
HIGHEST WIND SPEED/DIRECTION    26/320    DATE  10/30
HIGHEST GUST SPEED/DIRECTION    39/220    DATE  10/15

SKY COVER
POSSIBLE SUNSHINE (PERCENT)   MM
AVERAGE SKY COVER           0.50
NUMBER OF DAYS FAIR           12
NUMBER OF DAYS PC              8
NUMBER OF DAYS CLOUDY         11

AVERAGE RH (PERCENT)     77

WEATHER CONDITIONS. NUMBER OF DAYS WITH
THUNDERSTORM              1     MIXED PRECIP               0
HEAVY RAIN                7     RAIN                      10
LIGHT RAIN               16     FREEZING RAIN              0
LT FREEZING RAIN          0     HAIL                       0
HEAVY SNOW                0     SNOW                       0
LIGHT SNOW                1     SLEET                      0
FOG                      21     FOG W/VIS <= 1/4 MILE      2
HAZE                      1

-  INDICATES NEGATIVE NUMBERS.
R  INDICATES RECORD WAS SET OR TIED.
MM INDICATES DATA IS MISSING.
T  INDICATES TRACE AMOUNT.

&&

$$

MARTIN
