000
CXUS51 KCTP 012120
CLMBFD

CLIMATE REPORT
NATIONAL WEATHER SERVICE STATE COLLEGE PA
519 PM EDT SAT AUG 1 2015

...................................

...THE BRADFORD CLIMATE SUMMARY FOR THE MONTH OF JULY 2015...

CLIMATE NORMAL PERIOD 1981 TO 2010
CLIMATE RECORD PERIOD 1957 TO 2015

WEATHER         OBSERVED          NORMAL  DEPART  LAST YEAR`S
                 VALUE   DATE(S)  VALUE   FROM    VALUE  DATE(S)
                                          NORMAL
................................................................
TEMPERATURE (F)
RECORD
 HIGH              97   07/22/2011
                        07/16/1988
 LOW               33   07/12/1973
                        07/18/1971
                        07/09/1963
HIGHEST            86   07/28                         85  07/01
LOWEST             41   07/16                         39  07/25
AVG. MAXIMUM     77.9              77.3     0.6     74.4
AVG. MINIMUM     53.3              53.3     0.0     53.1
MEAN             65.6              65.3     0.3     63.7
DAYS MAX >= 90      0                MM      MM        0
DAYS MAX <= 32      0                MM      MM        0
DAYS MIN <= 32      0                MM      MM        0
DAYS MIN <= 0       0                MM      MM        0

PRECIPITATION (INCHES)
RECORD
 MAXIMUM        10.09   1992
 MINIMUM         1.39   1966
TOTALS           2.69              4.19   -1.50     3.58
DAILY AVG.       0.09              0.14   -0.05     0.12
DAYS >= .01        14                MM      MM       12
DAYS >= .10         8                MM      MM       11
DAYS >= .50         1                MM      MM        2
DAYS >= 1.00        0                MM      MM        0
GREATEST
 24 HR. TOTAL    0.84   07/07 TO 07/08

DEGREE_DAYS
HEATING TOTAL      47                64     -17       94
 SINCE 7/1         47                64     -17       94
COOLING TOTAL      72                74      -2       63
 SINCE 1/1        154               124      30      137
....................................................

WIND (MPH)
AVERAGE WIND SPEED              4.7
HIGHEST WIND SPEED/DIRECTION    24/310    DATE  07/22
HIGHEST GUST SPEED/DIRECTION    36/230    DATE  07/07

SKY COVER
POSSIBLE SUNSHINE (PERCENT)   MM
AVERAGE SKY COVER           0.40
NUMBER OF DAYS FAIR           15
NUMBER OF DAYS PC             10
NUMBER OF DAYS CLOUDY          2

AVERAGE RH (PERCENT)     72

WEATHER CONDITIONS. NUMBER OF DAYS WITH
THUNDERSTORM              2     MIXED PRECIP               0
HEAVY RAIN                4     RAIN                       4
LIGHT RAIN               16     FREEZING RAIN              0
LT FREEZING RAIN          0     HAIL                       0
HEAVY SNOW                0     SNOW                       0
LIGHT SNOW                0     SLEET                      0
FOG                      29     FOG W/VIS <= 1/4 MILE      5
HAZE                      8

-  INDICATES NEGATIVE NUMBERS.
R  INDICATES RECORD WAS SET OR TIED.
MM INDICATES DATA IS MISSING.
T  INDICATES TRACE AMOUNT.

$$

LA CORTE
