000
CXUS51 KCTP 010812
CLMBFD

CLIMATE REPORT
NATIONAL WEATHER SERVICE STATE COLLEGE PA
410 AM EDT FRI JUL 1 2016

...................................

...THE BRADFORD CLIMATE SUMMARY FOR THE MONTH OF JUNE 2016...

CLIMATE NORMAL PERIOD 1981 TO 2010
CLIMATE RECORD PERIOD 1957 TO 2016

WEATHER         OBSERVED          NORMAL  DEPART  LAST YEAR`S
                 VALUE   DATE(S)  VALUE   FROM    VALUE  DATE(S)
                                          NORMAL
................................................................
TEMPERATURE (F)
RECORD
 HIGH              89   06/17/1994
                        06/15/1994
                        06/25/1988
 LOW               25   06/11/1972
HIGHEST            84   06/26                         84  06/12
                        06/11
LOWEST             36   06/10                         36  06/07
                        06/09
AVG. MAXIMUM     75.2              73.6     1.6     72.3
AVG. MINIMUM     50.2              49.4     0.8     52.4
MEAN             62.7              61.5     1.2     62.4
DAYS MAX >= 90      0                MM      MM        0
DAYS MAX <= 32      0                MM      MM        0
DAYS MIN <= 32      0                MM      MM        0
DAYS MIN <= 0       0                MM      MM        0

PRECIPITATION (INCHES)
RECORD
 MAXIMUM        11.21   1972
 MINIMUM         0.83   1963
TOTALS           3.02              4.91   -1.89     7.47
DAILY AVG.       0.10              0.16   -0.06     0.25
DAYS >= .01        10                MM      MM       21
DAYS >= .10         6                MM      MM       12
DAYS >= .50         1                MM      MM        6
DAYS >= 1.00        1                MM      MM        2
GREATEST
 24 HR. TOTAL    1.49   06/02 TO 06/02

DEGREE_DAYS
HEATING TOTAL      92               145     -53      107
 SINCE 7/1       6595              7773   -1178     8005
COOLING TOTAL      32                40      -8       38
 SINCE 1/1         51                50       1       82
..........................................................

WIND (MPH)
AVERAGE WIND SPEED              5.9
HIGHEST WIND SPEED/DIRECTION    31/300    DATE  06/05
HIGHEST GUST SPEED/DIRECTION    42/300    DATE  06/05

SKY COVER
POSSIBLE SUNSHINE (PERCENT)   MM
AVERAGE SKY COVER           0.40
NUMBER OF DAYS FAIR           17
NUMBER OF DAYS PC              9
NUMBER OF DAYS CLOUDY          4

AVERAGE RH (PERCENT)     68

WEATHER CONDITIONS. NUMBER OF DAYS WITH
THUNDERSTORM              6     MIXED PRECIP               0
HEAVY RAIN                6     RAIN                       7
LIGHT RAIN               12     FREEZING RAIN              0
LT FREEZING RAIN          0     HAIL                       0
HEAVY SNOW                0     SNOW                       0
LIGHT SNOW                0     SLEET                      0
FOG                      16     FOG W/VIS <= 1/4 MILE      2
HAZE                      3

-  INDICATES NEGATIVE NUMBERS.
R  INDICATES RECORD WAS SET OR TIED.
MM INDICATES DATA IS MISSING.
T  INDICATES TRACE AMOUNT.

$$
