813
CXUS55 KCYS 101856
CLMBFF


CLIMATE REPORT
NATIONAL WEATHER SERVICE CHEYENNE WY
1256 PM MDT TUE MAY 10 2016

...................................

...THE SCOTTSBLUFF NE AIRPORT CLIMATE SUMMARY FOR THE MONTH OF APRIL 2016...

CLIMATE NORMAL PERIOD 1981 TO 2010
CLIMATE RECORD PERIOD 1871 TO 2016

WEATHER         OBSERVED          NORMAL  DEPART  LAST YEAR`S
                 VALUE   DATE(S)  VALUE   FROM    VALUE  DATE(S)
                                          NORMAL
................................................................
TEMPERATURE (F)
RECORD
 HIGH              93   04/24/2012
                        04/30/1992
                        04/28/1910
 LOW               -8   04/02/1975
HIGHEST            82   04/09        61      21       78
LOWEST             25   04/08        33      -8       20
AVG. MAXIMUM     61.8              61.4     0.4     64.2
AVG. MINIMUM     34.3              31.9     2.4     33.9
MEAN             48.0              46.7     1.3     49.0
DAYS MAX >= 90      0               0.1                0
DAYS MAX <= 32      0               0.5                0
DAYS MIN <= 32      8              15.1               14
DAYS MIN <= 0       0               0.0                0

PRECIPITATION (INCHES)
RECORD
 MAXIMUM         6.13   1942
 MINIMUM         0.00   2011
TOTALS           4.13              1.83    2.30     3.10
DAYS >= .01        12               8.9     3.1       10
DAYS >= .10         7               4.8     2.2        6
DAYS >= .50         4               0.9     3.1        2
DAYS >= 1.00        0               0.2    -0.2        1
GREATEST
 24 HR. TOTAL    1.14   04/25 TO 04/26

SNOWFALL (INCHES)
RECORDS
 TOTAL             MM   MM
TOTALS            3.2               5.4    -2.2      0.5
SINCE 7/1        34.6              41.6    -7.0     43.7
SNOWDEPTH AVG.      0
DAYS >= TRACE       6               2.9     3.1        2
DAYS >= 1.0         1               1.7    -0.7        0
GREATEST
 SNOW DEPTH         1   04/30                         -1  04/09
                        04/17
 24 HR TOTAL      2.2   04/17 TO 04/17           04/09 TO 04/09
                                                          04/09 TO 04/09
                                                          04/09 TO 04/09

DEGREE_DAYS
HEATING TOTAL     497               552     -55      469
 SINCE 7/1       5622              6293    -671     5804
COOLING TOTAL       0                 2      -2        0
 SINCE 1/1          0                 2      -2        0
..........................................................

WIND (MPH)
AVERAGE WIND SPEED              11.0
HIGHEST WIND SPEED/DIRECTION    43/310    DATE  04/06
HIGHEST GUST SPEED/DIRECTION    53/160    DATE  04/14

SKY COVER
POSSIBLE SUNSHINE (PERCENT)   MM
AVERAGE SKY COVER           0.40
NUMBER OF DAYS FAIR           14
NUMBER OF DAYS PC              9
NUMBER OF DAYS CLOUDY          7

AVERAGE RH (PERCENT)     62

WEATHER CONDITIONS. NUMBER OF DAYS WITH
THUNDERSTORM              0     MIXED PRECIP               0
HEAVY RAIN                4     RAIN                       4
LIGHT RAIN               13     FREEZING RAIN              0
LT FREEZING RAIN          0     HAIL                       0
HEAVY SNOW                0     SNOW                       1
LIGHT SNOW                6     SLEET                      0
FOG                       8     FOG W/VIS <= 1/4 MILE      0
HAZE                      2

-  INDICATES NEGATIVE NUMBERS.
R  INDICATES RECORD WAS SET OR TIED.
MM INDICATES DATA IS MISSING.
T  INDICATES TRACE AMOUNT.

$$
