000
CXUS55 KCYS 012032
CLMBFF

CLIMATE REPORT...RESENT
NATIONAL WEATHER SERVICE CHEYENNE WY
132 PM MST THU FEB 1 2018

...................................

...THE SCOTTSBLUFF NE AIRPORT CLIMATE SUMMARY FOR THE MONTH OF JANUARY 2018...

CLIMATE NORMAL PERIOD 1981 TO 2010
CLIMATE RECORD PERIOD 1871 TO 2018

WEATHER         OBSERVED          NORMAL  DEPART  LAST YEAR`S
                 VALUE   DATE(S)  VALUE   FROM    VALUE  DATE(S)
                                          NORMAL
................................................................
TEMPERATURE (F)
RECORD
 HIGH              74   01/26/1982
 LOW              -33   01/17/1930
HIGHEST            56   01/30        38      18       56
                        01/11
LOWEST            -11   01/16        13     -24      -22
AVG. MAXIMUM     39.0              40.8    -1.8     36.6
AVG. MINIMUM     15.2              13.7     1.5     12.3
MEAN             26.6              27.2    -0.6     24.4
DAYS MAX >= 90      0               0.0                0
DAYS MAX <= 32      5               7.0               11
DAYS MIN <= 32     31              30.4               31
DAYS MIN <= 0       4               3.8                3

PRECIPITATION (INCHES)
RECORD
 MAXIMUM         1.26   1978
 MINIMUM            T   1989
                        1961
                        1933
TOTALS           0.32              0.41   -0.09     1.02
DAYS >= .01         5               4.6     0.4        7
DAYS >= .10         1               1.3    -0.3        3
DAYS >= .50         0               0.1    -0.1        0
DAYS >= 1.00        0               0.0     0.0        0
GREATEST
 24 HR. TOTAL    0.10   01/21 TO 01/21

SNOWFALL (INCHES)
RECORDS
 TOTAL           23.7   MM
TOTALS            2.6               5.4    -2.8     16.1
SINCE 7/1        24.1              21.4     2.7     22.4
SNOWDEPTH AVG.      0
DAYS >= TRACE       5               4.4     0.6        6
DAYS >= 1.0         1               1.5    -0.5        3
GREATEST
 SNOW DEPTH         6   01/11                          9  01/25
 24 HR TOTAL      1.1   01/21 TO 01/21           01/23 TO 01/24

DEGREE_DAYS
HEATING TOTAL     955              1170    -215     1250
 SINCE 7/1       3502              3942    -440     3631
COOLING TOTAL       0                 0       0        0
 SINCE 1/1          0                 0       0        0
.................................................................

WIND (MPH)
AVERAGE WIND SPEED              8.3
HIGHEST WIND SPEED/DIRECTION    38/330    DATE  01/10
HIGHEST GUST SPEED/DIRECTION    46/010    DATE  01/10

SKY COVER
POSSIBLE SUNSHINE (PERCENT)   MM
AVERAGE SKY COVER           0.30
NUMBER OF DAYS FAIR           23
NUMBER OF DAYS PC              5
NUMBER OF DAYS CLOUDY          3

AVERAGE RH (PERCENT)     69

WEATHER CONDITIONS. NUMBER OF DAYS WITH

THUNDERSTORMS 0MIXED PRECIP0
HEAVY RAIN 0RAIN            0
LIGHT RAIN 2FREEZING RAIN0
LT FREEZING RAIN 0HAIL                    0
HEAVY SNOW 0SNOW                    2
LIGHT SNOW 5SLEET                   0
FOG         5  FOG W/VIS <= 1/4 MILE   1
HAZE     3

-  INDICATES NEGATIVE NUMBERS.
R  INDICATES RECORD WAS SET OR TIED.
MM INDICATES DATA IS MISSING.
T  INDICATES TRACE AMOUNT.

$$
