000
CXUS55 KCYS 061359
CLMBFF


CLIMATE REPORT
NATIONAL WEATHER SERVICE CHEYENNE WY
658 AM MST TUE DEC 6 2016

...................................

...THE SCOTTSBLUFF NE AIRPORT CLIMATE SUMMARY FOR THE MONTH OF NOVEMBER 2016...

CLIMATE NORMAL PERIOD 1981 TO 2010
CLIMATE RECORD PERIOD 1871 TO 2016

WEATHER         OBSERVED          NORMAL  DEPART  LAST YEAR`S
                 VALUE   DATE(S)  VALUE   FROM    VALUE  DATE(S)
                                          NORMAL
................................................................
TEMPERATURE (F)
RECORD
 HIGH              80   11/12/1989
 LOW              -21   11/13/1916
                        11/27/1896
HIGHEST            76   11/04        49      27       76
LOWEST             11   11/19        22     -11       -1
AVG. MAXIMUM     59.6              50.2     9.4     50.0
AVG. MINIMUM     26.3              21.5     4.8     21.7
MEAN             43.0              35.8     7.2     35.9
DAYS MAX >= 90      0               0.0                0
DAYS MAX <= 32      0               3.1                5
DAYS MIN <= 32     27              26.6               27
DAYS MIN <= 0       0               1.1                1

PRECIPITATION (INCHES)
RECORD
 MAXIMUM         2.86   1922
 MINIMUM         0.00   1939
TOTALS           0.17              0.66   -0.49     0.82
DAYS >= .01         4               5.2    -1.2        8
DAYS >= .10         1               2.1    -1.1        3
DAYS >= .50         0               0.3    -0.3        0
DAYS >= 1.00        0               0.0     0.0        0
GREATEST
 24 HR. TOTAL    0.12   11/22 TO 11/22

SNOWFALL (INCHES)
RECORDS
 TOTAL             MM   MM
TOTALS            0.2               5.7    -5.5      4.8
SINCE 7/1         0.4               8.9    -8.5      4.8
SNOWDEPTH AVG.      0
DAYS >= TRACE       4               3.6     0.4        7
DAYS >= 1.0         0               1.9    -1.9        1
GREATEST
 SNOW DEPTH         0   MM                             3  11/21
 24 HR TOTAL      0.2   11/17 TO 11/17           11/20 TO 11/20
                                                          11/20 TO 11/20
                                                          11/20 TO 11/20

DEGREE_DAYS
HEATING TOTAL     653               874    -221      866
 SINCE 7/1       1077              1565    -488     1275
COOLING TOTAL       0                 0       0        0
 SINCE 1/1        898               724     174      792
.................................................

WIND (MPH)
AVERAGE WIND SPEED              9.0
HIGHEST WIND SPEED/DIRECTION    43/320    DATE  11/29
HIGHEST GUST SPEED/DIRECTION    54/310    DATE  11/29

SKY COVER
POSSIBLE SUNSHINE (PERCENT)   MM
AVERAGE SKY COVER           0.20
NUMBER OF DAYS FAIR           24
NUMBER OF DAYS PC              5
NUMBER OF DAYS CLOUDY          1

AVERAGE RH (PERCENT)     54

WEATHER CONDITIONS. NUMBER OF DAYS WITH
THUNDERSTORM              0     MIXED PRECIP               0
HEAVY RAIN                0     RAIN                       0
LIGHT RAIN                4     FREEZING RAIN              0
LT FREEZING RAIN          0     HAIL                       0
HEAVY SNOW                0     SNOW                       1
LIGHT SNOW                8     SLEET                      0
FOG                       2     FOG W/VIS <= 1/4 MILE      0
HAZE                      3

-  INDICATES NEGATIVE NUMBERS.
R  INDICATES RECORD WAS SET OR TIED.
MM INDICATES DATA IS MISSING.
T  INDICATES TRACE AMOUNT.

$$
