000
CXUS46 KHNX 020105
CLMBFL


CLIMATE REPORT
NATIONAL WEATHER SERVICE SAN JOAQUIN VALLEY - HANFORD CA
605 PM PDT SAT AUG 1 2015

...................................

...THE BAKERSFIELD CLIMATE SUMMARY FOR THE MONTH OF JULY 2015...

CLIMATE NORMAL PERIOD 1981 TO 2010
CLIMATE RECORD PERIOD 1889 TO 2015

WEATHER         OBSERVED          NORMAL  DEPART  LAST YEAR`S
                 VALUE   DATE(S)  VALUE   FROM    VALUE  DATE(S)
                                          NORMAL
................................................................
TEMPERATURE (F)
RECORD
 HIGH             118   07/28/1908
 LOW               46   07/13/1914
                        07/07/1903
HIGHEST           107   07/29        MM      MM      108  07/08
LOWEST             64   07/10        MM      MM       66  07/23
AVG. MAXIMUM     96.8              97.1    -0.3    100.0
AVG. MINIMUM     72.2              70.5     1.7     74.6
MEAN             84.5              83.8     0.7     87.3
DAYS MAX >= 90     29              27.4     1.6       30
DAYS MIN <= 32      0               0.0     0.0        0

PRECIPITATION (INCHES)
RECORD
 MAXIMUM         0.43   1913
TOTALS           0.04                 T    0.04        T
DAYS >= .01         2               0.1     1.9        0
DAYS >= .10         0               0.0     0.0        0
DAYS >= .50         0               0.0     0.0        0
DAYS >= 1.00        0               0.0     0.0        0
GREATEST
 24 HR. TOTAL    0.04   07/18 TO 07/19

SNOWFALL (INCHES)
RECORDS
 TOTAL             MM   MM
TOTALS            0.0               0.0

DEGREE_DAYS
HEATING TOTAL       0                 0       0        0
 SINCE 7/1          0                 0       0        0
COOLING TOTAL     610               583      27      700
 SINCE 1/1       1508              1229     279     1655
.................................................................

WIND (MPH)
AVERAGE WIND SPEED              7.4
HIGHEST WIND SPEED/DIRECTION    30/160    DATE  07/18
HIGHEST GUST SPEED/DIRECTION    36/150    DATE  07/18

AVERAGE RH (PERCENT)     35

WEATHER CONDITIONS. NUMBER OF DAYS WITH
THUNDERSTORM              0     RAIN                       4
HAIL                      0     FOG                        0
FOG W/VIS <= 1/4 MILE     0     HAZE                       2

-  INDICATES NEGATIVE NUMBERS.
R  INDICATES RECORD WAS SET OR TIED.
MM INDICATES DATA IS MISSING.
T  INDICATES TRACE AMOUNT.

$$

SANGER/OCHS

WEATHER.GOV/HANFORD
