000
CXUS46 KHNX 031556
CLMBFL


CLIMATE REPORT
NATIONAL WEATHER SERVICE SAN JOAQUIN VALLEY, CA
848 AM PDT SAT JUN 3 2017

...................................

...THE BAKERSFIELD CLIMATE SUMMARY FOR THE MONTH OF MAY 2017...

CLIMATE NORMAL PERIOD 1981 TO 2010
CLIMATE RECORD PERIOD 1889 TO 2017

WEATHER         OBSERVED          NORMAL  DEPART  LAST YEAR`S
                 VALUE   DATE(S)  VALUE   FROM    VALUE  DATE(S)
                                          NORMAL
................................................................
TEMPERATURE (F)
RECORD
 HIGH             110   05/31/1910
 LOW               34   05/13/1907
HIGHEST           104   05/04        MM      MM       99  05/31
LOWEST             45   05/14        MM      MM       50  05/21
AVG. MAXIMUM     85.8              83.5     2.3     85.1
AVG. MINIMUM     59.8              57.5     2.3     60.5
MEAN             72.8              70.5     2.3     72.8
DAYS MAX >= 90     12               7.8     4.2       11
DAYS MIN <= 32      0               0.0     0.0        0

PRECIPITATION (INCHES)
RECORD
 MAXIMUM         2.39   1971
TOTALS           0.06              0.18   -0.12     0.55
DAYS >= .01         2               1.7     0.3        3
DAYS >= .10         0               0.6    -0.6        1
DAYS >= .50         0               0.0     0.0        1
DAYS >= 1.00        0               0.0     0.0        0
GREATEST
 24 HR. TOTAL    0.05   05/06 TO 05/06

SNOWFALL (INCHES)
RECORDS
 TOTAL            0.0
TOTALS            0.0               0.0

DEGREE_DAYS
HEATING TOTAL      23                31      -8        6
 SINCE 7/1       1615              2173    -558     1692
COOLING TOTAL     270               201      69      255
 SINCE 1/1        349               267      82      357
.................................................................

WIND (MPH)
AVERAGE WIND SPEED              7.0
HIGHEST WIND SPEED/DIRECTION    26/300    DATE  05/24
HIGHEST GUST SPEED/DIRECTION    31/300    DATE  05/24

AVERAGE RH (PERCENT)     42

WEATHER CONDITIONS. NUMBER OF DAYS WITH
THUNDERSTORM              0     RAIN                       0
HAIL                      0     FOG                        1
FOG W/VIS <= 1/4 MILE     0     HAZE                       5

-  INDICATES NEGATIVE NUMBERS.
R  INDICATES RECORD WAS SET OR TIED.
MM INDICATES DATA IS MISSING.
T  INDICATES TRACE AMOUNT.

$$
