000
CXUS46 KHNX 011813
CLMBFL


CLIMATE REPORT
NATIONAL WEATHER SERVICE SAN JOAQUIN VALLEY, CA
1112 AM PDT FRI APR 1 2016

...................................

...THE BAKERSFIELD CLIMATE SUMMARY FOR THE MONTH OF MARCH 2016...

CLIMATE NORMAL PERIOD 1981 TO 2010
CLIMATE RECORD PERIOD 1889 TO 2016

WEATHER         OBSERVED          NORMAL  DEPART  LAST YEAR`S
                 VALUE   DATE(S)  VALUE   FROM    VALUE  DATE(S)
                                          NORMAL
................................................................
TEMPERATURE (F)
RECORD
 HIGH              94   03/29/2004
                        03/15/1916
                        03/11/1916
 LOW               20   03/03/1917
HIGHEST            83   03/18        MM      MM       93  03/27
                        03/10
LOWEST             40   03/23        MM      MM       42  03/06
                                                          03/04
AVG. MAXIMUM     72.5              68.7     3.8     78.2
AVG. MINIMUM     48.5              46.5     2.0     50.4
MEAN             60.5              57.6     2.9     64.3
DAYS MAX >= 90      0               0.1    -0.1        5
DAYS MIN <= 32      0               0.0     0.0        0

PRECIPITATION (INCHES)
RECORD
 MAXIMUM         4.61   1938
TOTALS           0.45              1.21   -0.76     0.27
DAYS >= .01         4               6.5    -2.5        2
DAYS >= .10         2               3.6    -1.6        1
DAYS >= .50         0               0.5    -0.5        0
DAYS >= 1.00        0               0.0     0.0        0
GREATEST
 24 HR. TOTAL    0.23   03/11 TO 03/11
                        03/10 TO 03/11
                        03/11 TO 03/11

SNOWFALL (INCHES)
RECORDS
 TOTAL             MM   5
TOTALS            0.0               0.0

DEGREE_DAYS
HEATING TOTAL     140               239     -99       84
 SINCE 7/1       1658              2013    -355     1219
COOLING TOTAL       6                 9      -3       71
 SINCE 1/1          6                 9      -3       75
.................................................................

WIND (MPH)
AVERAGE WIND SPEED              5.6
HIGHEST WIND SPEED/DIRECTION    31/280    DATE  03/11
HIGHEST GUST SPEED/DIRECTION    45/290    DATE  03/11

AVERAGE RH (PERCENT)     55

WEATHER CONDITIONS. NUMBER OF DAYS WITH
THUNDERSTORM              0     RAIN                       2
HAIL                      0     FOG                        4
FOG W/VIS <= 1/4 MILE     0     HAZE                       3

-  INDICATES NEGATIVE NUMBERS.
R  INDICATES RECORD WAS SET OR TIED.
MM INDICATES DATA IS MISSING.
T  INDICATES TRACE AMOUNT.

$$
