000
CXUS46 KHNX 011700
CLMBFL


CLIMATE REPORT
NATIONAL WEATHER SERVICE SAN JOAQUIN VALLEY, CA
853 AM PST SUN JAN 1 2017

...................................

...THE BAKERSFIELD CLIMATE SUMMARY FOR THE MONTH OF DECEMBER 2016...

CLIMATE NORMAL PERIOD 1981 TO 2010
CLIMATE RECORD PERIOD 1889 TO 2016

WEATHER         OBSERVED          NORMAL  DEPART  LAST YEAR`S
                 VALUE   DATE(S)  VALUE   FROM    VALUE  DATE(S)
                                          NORMAL
................................................................
TEMPERATURE (F)
RECORD
 HIGH              87   12/02/1915
 LOW               13   12/24/1905
HIGHEST            73   12/14        MM      MM       73  12/03
LOWEST             30   12/20        MM      MM       28  12/31
AVG. MAXIMUM     58.8              56.6     2.2     58.1
AVG. MINIMUM     41.0              39.0     2.0     37.4
MEAN             49.9              47.8     2.1     47.8
DAYS MAX >= 90      0               0.0     0.0        0
DAYS MIN <= 32      3               3.6    -0.6        6

PRECIPITATION (INCHES)
RECORD
 MAXIMUM         5.82   2010
TOTALS           2.41              1.02    1.39     0.58
DAYS >= .01         7               5.9     1.1        5
DAYS >= .10         6               2.8     3.2        3
DAYS >= .50         1               0.4     0.6        0
DAYS >= 1.00        0               0.1    -0.1        0
GREATEST
 24 HR. TOTAL    1.10   12/23 TO 12/24

SNOWFALL (INCHES)
RECORDS
 TOTAL            0.0
TOTALS            0.0               0.0

DEGREE_DAYS
HEATING TOTAL     460               533     -73      524
 SINCE 7/1        665               891    -226      867
COOLING TOTAL       0                 0       0        0
 SINCE 1/1       2738              2258     480     2822
.................................................................

WIND (MPH)
AVERAGE WIND SPEED              3.9
HIGHEST WIND SPEED/DIRECTION    29/310    DATE  12/16
HIGHEST GUST SPEED/DIRECTION    33/310    DATE  12/16

AVERAGE RH (PERCENT)     71

WEATHER CONDITIONS. NUMBER OF DAYS WITH
THUNDERSTORM              0     RAIN                       6
HAIL                      0     FOG                       23
FOG W/VIS <= 1/4 MILE     1     HAZE                      21

-  INDICATES NEGATIVE NUMBERS.
R  INDICATES RECORD WAS SET OR TIED.
MM INDICATES DATA IS MISSING.
T  INDICATES TRACE AMOUNT.

$$
