000
CXUS46 KHNX 020015
CLMBFL


CLIMATE REPORT
NATIONAL WEATHER SERVICE SAN JOAQUIN VALLEY - HANFORD CA
515 PM PDT TUE SEP 1 2015

...................................

...THE BAKERSFIELD CLIMATE SUMMARY FOR THE MONTH OF AUGUST 2015...

CLIMATE NORMAL PERIOD 1981 TO 2010
CLIMATE RECORD PERIOD 1889 TO 2015

WEATHER         OBSERVED          NORMAL  DEPART  LAST YEAR`S
                 VALUE   DATE(S)  VALUE   FROM    VALUE  DATE(S)
                                          NORMAL
................................................................
TEMPERATURE (F)
RECORD
 HIGH             117   08/14/1933
 LOW               44   08/22/1903
HIGHEST           109   08/17        MM      MM      107  08/01
LOWEST             64   08/05        MM      MM       66  08/26
                                                          08/21
AVG. MAXIMUM     97.4              95.8     1.6     98.2
AVG. MINIMUM     70.6              69.0     1.6     71.7
MEAN             84.0              82.4     1.6     85.0
DAYS MAX >= 90     29              25.6     3.4       31
DAYS MIN <= 32      0               0.0     0.0        0

PRECIPITATION (INCHES)
RECORD
 MAXIMUM         1.18   1983
TOTALS           0.00              0.04   -0.04        T
DAYS >= .01         0               0.3    -0.3        0
DAYS >= .10         0               0.0     0.0        0
DAYS >= .50         0               0.0     0.0        0
DAYS >= 1.00        0               0.0     0.0        0
GREATEST
 24 HR. TOTAL    0.00   MM

SNOWFALL (INCHES)
RECORDS
 TOTAL            0.0   MM
TOTALS            0.0               0.0

DEGREE_DAYS
HEATING TOTAL       0                 0       0        0
 SINCE 7/1          0                 0       0        0
COOLING TOTAL     599               539      60      626
 SINCE 1/1       2107              1768     339     2281
.................................................................

WIND (MPH)
AVERAGE WIND SPEED              6.1
HIGHEST WIND SPEED/DIRECTION    18/340    DATE  08/04
HIGHEST GUST SPEED/DIRECTION    25/320    DATE  08/11

AVERAGE RH (PERCENT)     34

WEATHER CONDITIONS. NUMBER OF DAYS WITH
THUNDERSTORM              0     RAIN                       0
HAIL                      0     FOG                        0
FOG W/VIS <= 1/4 MILE     0     HAZE                       4

-  INDICATES NEGATIVE NUMBERS.
R  INDICATES RECORD WAS SET OR TIED.
MM INDICATES DATA IS MISSING.
T  INDICATES TRACE AMOUNT.

$$

SANGER/OCHS/ROWE

WEATHER.GOV/HANFORD
