000
CXUS46 KHNX 022358
CLMBFL


CLIMATE REPORT
NATIONAL WEATHER SERVICE SAN JOAQUIN VALLEY, CA
355 PM PST FRI DEC 2 2016

...................................

...THE BAKERSFIELD CLIMATE SUMMARY FOR THE MONTH OF NOVEMBER 2016...

CLIMATE NORMAL PERIOD 1981 TO 2010
CLIMATE RECORD PERIOD 1889 TO 2016

WEATHER         OBSERVED          NORMAL  DEPART  LAST YEAR`S
                 VALUE   DATE(S)  VALUE   FROM    VALUE  DATE(S)
                                          NORMAL
................................................................
TEMPERATURE (F)
RECORD
 HIGH              95   11/03/1921
 LOW               22   11/24/1931
                        11/23/1931
HIGHEST            89   11/11        MM      MM       85  11/01
LOWEST             37   11/25        MM      MM       32  11/30
AVG. MAXIMUM     70.7              65.7     5.0     65.0
AVG. MINIMUM     47.3              44.6     2.7     41.9
MEAN             59.0              55.1     3.9     53.5
DAYS MAX >= 90      0               0.0     0.0        0
DAYS MIN <= 32      0               0.5    -0.5        1

PRECIPITATION (INCHES)
RECORD
 MAXIMUM         3.04   1960
TOTALS           0.38              0.64   -0.26     0.61
DAYS >= .01         4               3.9     0.1        7
DAYS >= .10         3               1.9     1.1        2
DAYS >= .50         0               0.3    -0.3        0
DAYS >= 1.00        0               0.0     0.0        0
GREATEST
 24 HR. TOTAL    0.23   11/26 TO 11/27

SNOWFALL (INCHES)
RECORDS
 TOTAL             MM   5
TOTALS            0.0               0.0

DEGREE_DAYS
HEATING TOTAL     188               300    -112      342
 SINCE 7/1        205               358    -153      343
COOLING TOTAL      15                 4      11        5
 SINCE 1/1       2738              2258     480     2822
.................................................................

WIND (MPH)
AVERAGE WIND SPEED              4.3
HIGHEST WIND SPEED/DIRECTION    35/300    DATE  11/26
HIGHEST GUST SPEED/DIRECTION    40/270    DATE  11/26

AVERAGE RH (PERCENT)     59

WEATHER CONDITIONS. NUMBER OF DAYS WITH
THUNDERSTORM              0     RAIN                       2
HAIL                      0     FOG                       13
FOG W/VIS <= 1/4 MILE     1     HAZE                      25

-  INDICATES NEGATIVE NUMBERS.
R  INDICATES RECORD WAS SET OR TIED.
MM INDICATES DATA IS MISSING.
T  INDICATES TRACE AMOUNT.

$$
