000
CXUS46 KHNX 011938
CLMBFL


CLIMATE REPORT
NATIONAL WEATHER SERVICE SAN JOAQUIN VALLEY, CA
1131 AM PST THU FEB 1 2018

...................................

...THE BAKERSFIELD CLIMATE SUMMARY FOR THE MONTH OF JANUARY 2018...

CLIMATE NORMAL PERIOD 1981 TO 2010
CLIMATE RECORD PERIOD 1889 TO 2018

WEATHER         OBSERVED          NORMAL  DEPART  LAST YEAR`S
                 VALUE   DATE(S)  VALUE   FROM    VALUE  DATE(S)
                                          NORMAL
................................................................
TEMPERATURE (F)
RECORD
 HIGH              82   01/02/2012
                        01/31/1984
                        01/16/1923
 LOW               14   01/07/1913
                        01/04/1908
HIGHEST            75   01/05        MM      MM       76  01/08
LOWEST             34   01/21        MM      MM       34  01/28
                                                          01/27
                                                          01/17
AVG. MAXIMUM     63.2              56.2     7.0     58.0
AVG. MINIMUM     44.3              39.3     5.0     42.3
MEAN             53.7              47.8     5.9     50.1
DAYS MAX >= 90      0               0.0     0.0        0
DAYS MIN <= 32      0               3.5    -3.5        0

PRECIPITATION (INCHES)
RECORD
 MAXIMUM         3.90   1999
TOTALS           1.03              1.16   -0.13     2.76
DAYS >= .01         4               6.7    -2.7       12
DAYS >= .10         2               3.3    -1.3       10
DAYS >= .50         1               0.4     0.6        2
DAYS >= 1.00        0               0.2    -0.2        0
GREATEST
 24 HR. TOTAL    0.75   01/09 TO 01/09

SNOWFALL (INCHES)
RECORDS
 TOTAL            3.0   1999
TOTALS            0.0              0.0

DEGREE_DAYS
HEATING TOTAL     342               535    -193      455
 SINCE 7/1        978              1426    -448     1120
COOLING TOTAL       0                 0       0        2
 SINCE 1/1          0                 0       0        2
.................................................................

WIND (MPH)
AVERAGE WIND SPEED              4.2
HIGHEST WIND SPEED/DIRECTION    28/120    DATE  01/09
HIGHEST GUST SPEED/DIRECTION    39/130    DATE  01/09

AVERAGE RH (PERCENT)     70

WEATHER CONDITIONS. NUMBER OF DAYS WITH
THUNDERSTORM              0     RAIN                       2
HAIL                      0     FOG                       20
FOG W/VIS <= 1/4 MILE     6     HAZE                      25

-  INDICATES NEGATIVE NUMBERS.
R  INDICATES RECORD WAS SET OR TIED.
MM INDICATES DATA IS MISSING.
T  INDICATES TRACE AMOUNT.

$$
