000
CXUS46 KHNX 011928
CLMBFL


CLIMATE REPORT
NATIONAL WEATHER SERVICE SAN JOAQUIN VALLEY, CA
1224 PM PDT FRI JUL 1 2016

...................................

...THE BAKERSFIELD CLIMATE SUMMARY FOR THE MONTH OF JUNE 2016...

CLIMATE NORMAL PERIOD 1981 TO 2010
CLIMATE RECORD PERIOD 1889 TO 2016

WEATHER         OBSERVED          NORMAL  DEPART  LAST YEAR`S
                 VALUE   DATE(S)  VALUE   FROM    VALUE  DATE(S)
                                          NORMAL
................................................................
TEMPERATURE (F)
RECORD
 HIGH             114   06/28/1976
 LOW               38   06/07/1914
                        06/02/1908
                        06/12/1907
HIGHEST           108   06/29        MM      MM      106  06/30
                                                          06/26
                                                          06/08
LOWEST             53   06/16        MM      MM       58  06/01
AVG. MAXIMUM     96.6              90.9     5.7     97.4
AVG. MINIMUM     68.6              64.2     4.4     69.1
MEAN             82.6              77.5     5.1     83.2
DAYS MAX >= 90     22              16.7     5.3       24
DAYS MIN <= 32      0               0.0     0.0        0

PRECIPITATION (INCHES)
RECORD
 MAXIMUM         1.11   1972
TOTALS           0.00R             0.08   -0.08        T
DAYS >= .01         0               0.5    -0.5        0
DAYS >= .10         0               0.3    -0.3        0
DAYS >= .50         0               0.0     0.0        0
DAYS >= 1.00        0               0.0     0.0        0
GREATEST
 24 HR. TOTAL    0.00

SNOWFALL (INCHES)
RECORDS
 TOTAL            0.0
TOTALS            0.0               0.0

DEGREE_DAYS
HEATING TOTAL       0                 2      -2        0
 SINCE 7/1       1692              2175    -483     1307
COOLING TOTAL     534               379     155      553
 SINCE 1/1        891               646     245      898
.................................................................

WIND (MPH)
AVERAGE WIND SPEED              6.7
HIGHEST WIND SPEED/DIRECTION    18/320    DATE  06/15
HIGHEST GUST SPEED/DIRECTION    25/320    DATE  06/02

AVERAGE RH (PERCENT)     31

WEATHER CONDITIONS. NUMBER OF DAYS WITH
THUNDERSTORM              0     RAIN                       0
HAIL                      0     FOG                        0
FOG W/VIS <= 1/4 MILE     0     HAZE                       1

-  INDICATES NEGATIVE NUMBERS.
R  INDICATES RECORD WAS SET OR TIED.
MM INDICATES DATA IS MISSING.
T  INDICATES TRACE AMOUNT.

$$
