000
CXUS54 KAMA 012008
CLMBGD


CLIMATE REPORT
NATIONAL WEATHER SERVICE AMARILLO TX
303 PM CDT TUE JUL 1 2014

...................................

...THE BORGER CLIMATE SUMMARY FOR THE MONTH OF JUNE 2014...

CLIMATE NORMAL PERIOD 1981 TO 2013
CLIMATE RECORD PERIOD 1949 TO 2014

WEATHER         OBSERVED          NORMAL  DEPART  LAST YEAR`S
                 VALUE   DATE(S)  VALUE   FROM    VALUE  DATE(S)
                                          NORMAL
................................................................
TEMPERATURE (F)
HIGHEST           102   06/29                        107  06/27
                        06/17
LOWEST             52   06/08                         56  06/02
AVG. MAXIMUM     90.8              89.4     1.4     94.2
AVG. MINIMUM     65.8              64.3     1.5     68.1
MEAN             78.3              76.9     1.4     81.1
DAYS MAX >= 90     18              15.5     2.5       21
DAYS MAX <= 32      0               0.0     0.0        0
DAYS MIN <= 32      0               0.0     0.0        0
DAYS MIN <= 0       0               0.0     0.0        0

PRECIPITATION (INCHES)
TOTALS           1.74              3.17   -1.43     2.17
DAILY AVG.       0.06              0.11   -0.05     0.07
DAYS >= .01         8               8.2    -0.2        8
DAYS >= .10         6               5.2     0.8        5
DAYS >= .50         1               2.4    -1.4        1
DAYS >= 1.00        0               0.9    -0.9        1
GREATEST
 24 HR. TOTAL    0.73   06/07 TO 06/08

SNOWFALL (INCHES)
TOTALS            0.0                                0.0
SINCE 7/1        14.7                               27.5
DAYS >= TRACE       0                                  0
DAYS >= 1.0         0                                  0
GREATEST
 SNOW DEPTH         0
 24 HR TOTAL      0.0

DEGREE_DAYS
HEATING TOTAL       3                 3       0        0
 SINCE 7/1       3841              3766      75     3592
COOLING TOTAL     407               358      49      493
 SINCE 1/1        721               555     166      781
.................................................................

WIND (MPH)
AVERAGE WIND SPEED              13.1
HIGHEST WIND SPEED/DIRECTION    41/340    DATE  06/30
HIGHEST GUST SPEED/DIRECTION    53/360    DATE  06/30

SKY COVER
POSSIBLE SUNSHINE (PERCENT)   MM
NUMBER OF DAYS FAIR           25
NUMBER OF DAYS PC              3
NUMBER OF DAYS CLOUDY          0

AVERAGE RH (PERCENT)     53

WEATHER CONDITIONS. NUMBER OF DAYS WITH
THUNDERSTORM              6     MIXED PRECIP               0
HEAVY RAIN                2     RAIN                       3
LIGHT RAIN               10     FREEZING RAIN              0
LT FREEZING RAIN          0     HEAVY SNOW                 0
SNOW                      0     LIGHT SNOW                 0
SLEET                     0     FOG                        2
FOG W/VIS <= 1/4 MILE     0     HAZE                       1

-  INDICATES NEGATIVE NUMBERS.
R  INDICATES RECORD WAS SET OR TIED.
MM INDICATES DATA IS MISSING.
T  INDICATES TRACE AMOUNT.

&&
REMARKS...
BACKUP COOP SITE USED FOR MINIMUM TEMPERATURE ON THE 26TH DUE
TO ASOS OUTAGE.

$$

NF
