000
CXUS54 KAMA 011635
CLMBGD


CLIMATE REPORT
NATIONAL WEATHER SERVICE AMARILLO TX
1128 AM CDT SUN MAY 1 2016

...................................

...THE BORGER CLIMATE SUMMARY FOR THE MONTH OF APRIL 2016...

CLIMATE NORMAL PERIOD 1981 TO 2010
CLIMATE RECORD PERIOD 1949 TO 2016

WEATHER         OBSERVED          NORMAL  DEPART  LAST YEAR`S
                 VALUE   DATE(S)  VALUE   FROM    VALUE  DATE(S)
                                          NORMAL
................................................................
TEMPERATURE (F)
HIGHEST            87   04/25                         91  04/08
                        04/10
                        04/05
LOWEST             34   04/02                         35  04/10
AVG. MAXIMUM     73.2              72.5     0.7     74.8
AVG. MINIMUM     46.8              44.9     1.9     48.5
MEAN             60.0              58.7     1.3     61.6
DAYS MAX >= 90      0               1.3    -1.3        2
DAYS MAX <= 32      0               0.0     0.0        0
DAYS MIN <= 32      0               2.2    -2.2        0
DAYS MIN <= 0       0               0.0     0.0        0

PRECIPITATION (INCHES)
TOTALS           3.53              1.54    1.99     4.40
DAILY AVG.       0.12              0.05    0.07     0.15
DAYS >= .01         5               5.6    -0.6        8
DAYS >= .10         5               2.8     2.2        5
DAYS >= .50         4               1.0     3.0        3
DAYS >= 1.00        1               0.3     0.7        1
GREATEST
 24 HR. TOTAL    1.15   04/29

SNOWFALL (INCHES)
TOTALS            0.0                MM      MM      0.0
SINCE 7/1         6.2                MM      MM     17.5
DAYS >= TRACE       0                MM      MM        0
DAYS >= 1.0         0                MM      MM        0
GREATEST
 SNOW DEPTH         0
 24 HR TOTAL      0.0

DEGREE_DAYS
HEATING TOTAL     176               226     -50      141
 SINCE 7/1       2942              3703    -761     3373
COOLING TOTAL      34                37      -3       49
 SINCE 1/1         51                44       7       56
.................................................................

WIND (MPH)
AVERAGE WIND SPEED              11.2
HIGHEST WIND SPEED/DIRECTION    43/250    DATE  04/10
HIGHEST GUST SPEED/DIRECTION    54/250    DATE  04/10

SKY COVER
POSSIBLE SUNSHINE (PERCENT)   MM
NUMBER OF DAYS FAIR           21
NUMBER OF DAYS PC              7
NUMBER OF DAYS CLOUDY          2

AVERAGE RH (PERCENT)     52

WEATHER CONDITIONS. NUMBER OF DAYS WITH
THUNDERSTORM              3     MIXED PRECIP               0
HEAVY RAIN                5     RAIN                       5
LIGHT RAIN                9     FREEZING RAIN              0
LT FREEZING RAIN          0     HEAVY SNOW                 0
SNOW                      0     LIGHT SNOW                 0
SLEET                     0     FOG                        6
FOG W/VIS <= 1/4 MILE     0     HAZE                       2

-  INDICATES NEGATIVE NUMBERS.
R  INDICATES RECORD WAS SET OR TIED.
MM INDICATES DATA IS MISSING.
T  INDICATES TRACE AMOUNT.

$$
