000
CXUS54 KAMA 011919
CLMBGD


CLIMATE REPORT
NATIONAL WEATHER SERVICE AMARILLO TX
119 PM CST SUN MAR 1 2015

...................................

...THE BORGER CLIMATE SUMMARY FOR THE MONTH OF FEBRUARY 2015...

CLIMATE NORMAL PERIOD 1981 TO 2013
CLIMATE RECORD PERIOD 1949 TO 2015

WEATHER         OBSERVED          NORMAL  DEPART  LAST YEAR`S
                 VALUE   DATE(S)  VALUE   FROM    VALUE  DATE(S)
                                          NORMAL
................................................................
TEMPERATURE (F)
HIGHEST            83   02/07                         79  02/18
LOWEST             13   02/27                          2  02/06
                        02/23
AVG. MAXIMUM     55.6              54.8     0.8     52.0
AVG. MINIMUM     27.4              29.4    -2.0     25.6
MEAN             41.5              42.1    -0.6     38.8
DAYS MAX >= 90      0               0.0     0.0        0
DAYS MAX <= 32      3               1.2     1.8        4
DAYS MIN <= 32     21              17.2     3.8       20
DAYS MIN <= 0       0               0.0     0.0        0

PRECIPITATION (INCHES)
TOTALS           0.62              0.62    0.00     0.31
DAILY AVG.       0.02              0.02    0.00     0.01
DAYS >= .01         4               4.1    -0.1        6
DAYS >= .10         2               1.8     0.2        1
DAYS >= .50         0               0.4    -0.4        0
DAYS >= 1.00        0               0.0     0.0        0
GREATEST
 24 HR. TOTAL    0.25   02/22 TO 02/22

SNOWFALL (INCHES)
TOTALS            6.5                MM      MM      4.1
SINCE 7/1        17.5                MM      MM     12.6
DAYS >= TRACE       9                MM      MM        9
DAYS >= 1.0         3                MM      MM        2
GREATEST
 SNOW DEPTH         2   02/28
                        02/24
                        02/23
 24 HR TOTAL      3.0   02/27 TO 02/27

DEGREE_DAYS
HEATING TOTAL     651               641      10      727
 SINCE 7/1       2872              2993    -121     3078
COOLING TOTAL       0                 0       0        0
 SINCE 1/1          0                 0       0        0
.................................................................

WIND (MPH)
AVERAGE WIND SPEED              10.0
HIGHEST WIND SPEED/DIRECTION    38/020    DATE  02/20
HIGHEST GUST SPEED/DIRECTION    50/010    DATE  02/20

SKY COVER
POSSIBLE SUNSHINE (PERCENT)   MM
NUMBER OF DAYS FAIR           14
NUMBER OF DAYS PC              8
NUMBER OF DAYS CLOUDY          6

AVERAGE RH (PERCENT)     55

WEATHER CONDITIONS. NUMBER OF DAYS WITH
THUNDERSTORM              0     MIXED PRECIP               0
HEAVY RAIN                0     RAIN                       1
LIGHT RAIN                3     FREEZING RAIN              0
LT FREEZING RAIN          1     HEAVY SNOW                 3
SNOW                      3     LIGHT SNOW                 9
SLEET                     1     FOG                        7
FOG W/VIS <= 1/4 MILE     3     HAZE                       2

-  INDICATES NEGATIVE NUMBERS.
R  INDICATES RECORD WAS SET OR TIED.
MM INDICATES DATA IS MISSING.
T  INDICATES TRACE AMOUNT.

$$
