000
CXUS54 KAMA 011738
CLMBGD


CLIMATE REPORT
NATIONAL WEATHER SERVICE AMARILLO TX
1238 PM CDT SAT APR 1 2017

...................................

...THE BORGER CLIMATE SUMMARY FOR THE MONTH OF MARCH 2017...

CLIMATE NORMAL PERIOD 1981 TO 2010
CLIMATE RECORD PERIOD 1949 TO 2017

WEATHER         OBSERVED          NORMAL  DEPART  LAST YEAR`S
                 VALUE   DATE(S)  VALUE   FROM    VALUE  DATE(S)
                                          NORMAL
................................................................
TEMPERATURE (F)
HIGHEST            94   03/19                         85  03/22
LOWEST             24   03/12                         21  03/20
AVG. MAXIMUM     71.1              62.9     8.2     72.5
AVG. MINIMUM     41.3              36.3     5.0     40.3
MEAN             56.2              49.6     6.6     56.4
DAYS MAX >= 90      3               0.2     2.8        0
DAYS MAX <= 32      0               0.4    -0.4        0
DAYS MIN <= 32      6               9.6    -3.6        4
DAYS MIN <= 0       0               0.0     0.0        0

PRECIPITATION (INCHES)
TOTALS           2.70              1.41    1.29     0.71
DAILY AVG.       0.09              0.05    0.04     0.02
DAYS >= .01         4               6.0    -2.0        1
DAYS >= .10         3               3.1    -0.1        1
DAYS >= .50         3               1.1     1.9        1
DAYS >= 1.00        1               0.2     0.8        0
GREATEST
 24 HR. TOTAL    1.44   03/28 TO 03/28

SNOWFALL (INCHES)
TOTALS            0.0                MM      MM      2.7
SINCE 7/1         0.1                MM      MM      8.9
DAYS >= TRACE       0                MM      MM        1
DAYS >= 1.0         0                MM      MM        1
GREATEST
 SNOW DEPTH         0   MM
 24 HR TOTAL      0.0   03/31 TO 03/31

DEGREE_DAYS
HEATING TOTAL     298               484    -186      271
 SINCE 7/1       2633              3477    -844     2766
COOLING TOTAL      33                 7      26       12
 SINCE 1/1         47                 7      40       18
.................................................................

WIND (MPH)
AVERAGE WIND SPEED              11.2
HIGHEST WIND SPEED/DIRECTION    45/250    DATE  03/06
HIGHEST GUST SPEED/DIRECTION    55/250    DATE  03/06

SKY COVER
POSSIBLE SUNSHINE (PERCENT)   MM
NUMBER OF DAYS FAIR           25
NUMBER OF DAYS PC              4
NUMBER OF DAYS CLOUDY          2

AVERAGE RH (PERCENT)     48

WEATHER CONDITIONS. NUMBER OF DAYS WITH
THUNDERSTORM              0     MIXED PRECIP               0
HEAVY RAIN                2     RAIN                       3
LIGHT RAIN                5     FREEZING RAIN              0
LT FREEZING RAIN          0     HEAVY SNOW                 0
SNOW                      0     LIGHT SNOW                 0
SLEET                     0     FOG                        4
FOG W/VIS <= 1/4 MILE     1     HAZE                       2

-  INDICATES NEGATIVE NUMBERS.
R  INDICATES RECORD WAS SET OR TIED.
MM INDICATES DATA IS MISSING.
T  INDICATES TRACE AMOUNT.

$$
