000
CXUS54 KAMA 161002
CLMBGD


CLIMATE REPORT...CORRECTED
NATIONAL WEATHER SERVICE AMARILLO TX
456 AM CDT MON MAY 16 2016

...................................

...THE BORGER CLIMATE SUMMARY FOR THE MONTH OF NOVEMBER 2015...

CLIMATE NORMAL PERIOD 1981 TO 2010
CLIMATE RECORD PERIOD 1949 TO 2016

WEATHER         OBSERVED          NORMAL  DEPART  LAST YEAR`S
                 VALUE   DATE(S)  VALUE   FROM    VALUE  DATE(S)
                                          NORMAL
................................................................
TEMPERATURE (F)
HIGHEST            82   11/03                         85  11/10
LOWEST             24   11/28                         11  11/17
                        11/27
AVG. MAXIMUM     62.7              61.3     1.4     59.5
AVG. MINIMUM     37.0              35.9     1.1     32.2
MEAN             49.8              48.6     1.2     45.9
DAYS MAX >= 90      0               0.0     0.0        0
DAYS MAX <= 32      2               0.3     1.7        3
DAYS MIN <= 32     10              10.0     0.0       16
DAYS MIN <= 0       0               0.0     0.0        0

PRECIPITATION (INCHES)
TOTALS           1.58              0.84    0.74     0.23
DAILY AVG.       0.05              0.03    0.02     0.01
DAYS >= .01         6               4.0     2.0        2
DAYS >= .10         3               2.1     0.9        1
DAYS >= .50         1               0.5     0.5        0
DAYS >= 1.00        0               0.2    -0.2        0
GREATEST
 24 HR. TOTAL    0.70   11/16 TO 11/17

SNOWFALL (INCHES)
TOTALS            0.8                MM      MM      1.9
SINCE 7/1         0.8                MM      MM      1.9
DAYS >= TRACE       5                MM      MM        3
DAYS >= 1.0         0                MM      MM        1
GREATEST
 SNOW DEPTH         1   11/28
 24 HR TOTAL      0.5   11/28

DEGREE_DAYS
HEATING TOTAL     446               496     -50      568
 SINCE 7/1        572               717    -145      685
COOLING TOTAL       1                 4      -3        1
 SINCE 1/1       1960              1839     121     2053
.................................................................

WIND (MPH)
AVERAGE WIND SPEED              10.7
HIGHEST WIND SPEED/DIRECTION    33/240    DATE  11/16
HIGHEST GUST SPEED/DIRECTION    46/250    DATE  11/05

SKY COVER
POSSIBLE SUNSHINE (PERCENT)   MM
NUMBER OF DAYS FAIR           23
NUMBER OF DAYS PC              3
NUMBER OF DAYS CLOUDY          4

AVERAGE RH (PERCENT)     58

WEATHER CONDITIONS. NUMBER OF DAYS WITH
THUNDERSTORM              2     MIXED PRECIP               0
HEAVY RAIN                1     RAIN                       2
LIGHT RAIN                4     FREEZING RAIN              1
LT FREEZING RAIN          3     HEAVY SNOW                 0
SNOW                      0     LIGHT SNOW                 3
SLEET                     1     FOG                        2
FOG W/VIS <= 1/4 MILE     0     HAZE                       0

-  INDICATES NEGATIVE NUMBERS.
R  INDICATES RECORD WAS SET OR TIED.
MM INDICATES DATA IS MISSING.
T  INDICATES TRACE AMOUNT.

$$

NF
