000
CXUS54 KAMA 021104 CCA
CLMBGD

CLIMATE REPORT...CORRECTED
NATIONAL WEATHER SERVICE AMARILLO TX
756 AM CDT TUE SEP 1 2015

...................................

...THE BORGER CLIMATE SUMMARY FOR THE MONTH OF AUGUST 2015...

CLIMATE NORMAL PERIOD 1981 TO 2010
CLIMATE RECORD PERIOD 1949 TO 2015

WEATHER         OBSERVED          NORMAL  DEPART  LAST YEAR`S
                 VALUE   DATE(S)  VALUE   FROM    VALUE  DATE(S)
                                          NORMAL
................................................................
TEMPERATURE (F)
HIGHEST           100   08/07                        106  08/31
                        08/06
LOWEST             57   08/20                         62  08/29
                                                          08/01
AVG. MAXIMUM     91.5              92.2    -0.7     95.5
AVG. MINIMUM     67.5              68.0    -0.5     69.0
MEAN             79.5              80.1    -0.6     82.2
DAYS MAX >= 90     20              20.5    -0.5       28
DAYS MAX <= 32      0               0.0     0.0        0
DAYS MIN <= 32      0               0.0     0.0        0
DAYS MIN <= 0       0               0.0     0.0        0

PRECIPITATION (INCHES)
TOTALS           5.77              3.17    2.60     0.71
DAILY AVG.       0.19              0.10    0.09     0.02
DAYS >= .01         9               8.4     0.6        8
DAYS >= .10         6               5.3     0.7        2
DAYS >= .50         2               2.2    -0.2        0
DAYS >= 1.00        2               0.9     1.1        0
GREATEST
 24 HR. TOTAL    3.67   08/01 TO 08/02

SNOWFALL (INCHES)
TOTALS            0.0                MM      MM      0.0
SINCE 7/1         0.0                MM      MM      0.0
DAYS >= TRACE       0                MM      MM        0
DAYS >= 1.0         0                MM      MM        0
GREATEST
 SNOW DEPTH         0   MM
 24 HR TOTAL      0.0   08/31 TO 08/31

DEGREE_DAYS
HEATING TOTAL       0                 1      -1        0
 SINCE 7/1          0                 1      -1        1
COOLING TOTAL     458               469     -11      543
 SINCE 1/1       1498              1550     -52     1734
.................................................................

WIND (MPH)
AVERAGE WIND SPEED              8.7
HIGHEST WIND SPEED/DIRECTION    37/330    DATE  08/03
HIGHEST GUST SPEED/DIRECTION    51/330    DATE  08/03

SKY COVER
POSSIBLE SUNSHINE (PERCENT)   MM
NUMBER OF DAYS FAIR           26
NUMBER OF DAYS PC              4
NUMBER OF DAYS CLOUDY          1

AVERAGE RH (PERCENT)     59

WEATHER CONDITIONS. NUMBER OF DAYS WITH
THUNDERSTORM             10     MIXED PRECIP               0
HEAVY RAIN                3     RAIN                       5
LIGHT RAIN               12     FREEZING RAIN              0
LT FREEZING RAIN          0     HEAVY SNOW                 0
SNOW                      0     LIGHT SNOW                 0
SLEET                     0     FOG                        7
FOG W/VIS <= 1/4 MILE     0     HAZE                       2

-  INDICATES NEGATIVE NUMBERS.
R  INDICATES RECORD WAS SET OR TIED.
MM INDICATES DATA IS MISSING.
T  INDICATES TRACE AMOUNT.

$$
