000
CXUS54 KAMA 020215
CLMBGD


CLIMATE REPORT
NATIONAL WEATHER SERVICE AMARILLO TX
914 PM CDT THU JUN 1 2017

...................................

...THE BORGER CLIMATE SUMMARY FOR THE MONTH OF MAY 2017...

CLIMATE NORMAL PERIOD 1981 TO 2010
CLIMATE RECORD PERIOD 1949 TO 2017

WEATHER         OBSERVED          NORMAL  DEPART  LAST YEAR`S
                 VALUE   DATE(S)  VALUE   FROM    VALUE  DATE(S)
                                          NORMAL
................................................................
TEMPERATURE (F)
HIGHEST            96   05/25                         93  05/26
                                                          05/25
LOWEST             35   05/01                         37  05/02
AVG. MAXIMUM     80.7              80.8    -0.1     78.6
AVG. MINIMUM     52.6              55.2    -2.6     53.1
MEAN             66.6              68.0    -1.4     65.8
DAYS MAX >= 90      5               5.8    -0.8        5
DAYS MAX <= 32      0               0.0     0.0        0
DAYS MIN <= 32      0               0.0     0.0        0
DAYS MIN <= 0       0               0.0     0.0        0

PRECIPITATION (INCHES)
TOTALS           1.16              2.89   -1.73     3.71
DAILY AVG.       0.04              0.09   -0.05     0.12
DAYS >= .01         7               7.8    -0.8       11
DAYS >= .10         3               4.8    -1.8        4
DAYS >= .50         0               1.8    -1.8        3
DAYS >= 1.00        0               0.7    -0.7        2
GREATEST
 24 HR. TOTAL    0.41   05/22 TO 05/22

SNOWFALL (INCHES)
TOTALS            0.0                MM      MM      0.0
SINCE 7/1         1.2                MM      MM      8.9
DAYS >= TRACE       0                MM      MM        0
DAYS >= 1.0         0                MM      MM        0
GREATEST
 SNOW DEPTH         T   MM
 24 HR TOTAL      0.0   05/31 TO 05/31

DEGREE_DAYS
HEATING TOTAL      67                60       7      106
 SINCE 7/1       2909              3763    -854     3087
COOLING TOTAL     125               153     -28      136
 SINCE 1/1        240               197      43      187
.................................................................

WIND (MPH)
AVERAGE WIND SPEED              10.5
HIGHEST WIND SPEED/DIRECTION    40/290    DATE  05/14
HIGHEST GUST SPEED/DIRECTION    52/290    DATE  05/14

SKY COVER
POSSIBLE SUNSHINE (PERCENT)   MM
NUMBER OF DAYS FAIR           24
NUMBER OF DAYS PC              6
NUMBER OF DAYS CLOUDY          1

AVERAGE RH (PERCENT)     52

WEATHER CONDITIONS. NUMBER OF DAYS WITH
THUNDERSTORM              0     MIXED PRECIP               0
HEAVY RAIN                3     RAIN                       4
LIGHT RAIN                9     FREEZING RAIN              0
LT FREEZING RAIN          0     HEAVY SNOW                 0
SNOW                      0     LIGHT SNOW                 0
SLEET                     0     FOG                        4
FOG W/VIS <= 1/4 MILE     0     HAZE                       0

-  INDICATES NEGATIVE NUMBERS.
R  INDICATES RECORD WAS SET OR TIED.
MM INDICATES DATA IS MISSING.
T  INDICATES TRACE AMOUNT.

$$
