000
CXUS51 KCAR 010939
CLMBGR

CLIMATE REPORT
NATIONAL WEATHER SERVICE CARIBOU, ME
408 AM EDT TUE SEP 1 2015

...................................

...THE BANGOR ME CLIMATE SUMMARY FOR THE MONTH OF AUGUST 2015...

CLIMATE NORMAL PERIOD 1981 TO 2010
CLIMATE RECORD PERIOD 1925 TO 2015

WEATHER         OBSERVED          NORMAL  DEPART  LAST YEAR`S
                 VALUE   DATE(S)  VALUE   FROM    VALUE  DATE(S)
                                          NORMAL
................................................................
TEMPERATURE (F)
RECORD
 HIGH             104   08/19/1935
 LOW               32   08/28/1940
                        08/27/1940
HIGHEST            90   08/18        MM      MM       89  08/25
LOWEST             50   08/10        MM      MM       48  08/30
AVG. MAXIMUM     80.7              78.2     2.5     78.1
AVG. MINIMUM     59.4              55.9     3.5     56.6
MEAN             70.0              67.1     2.9     67.3
DAYS MAX >= 90      1               1.2    -0.2        0
DAYS MAX <= 32      0               0.0     0.0        0
DAYS MIN <= 32      0               0.0     0.0        0
DAYS MIN <= 0       0               0.0     0.0        0

PRECIPITATION (INCHES)
RECORD
 MAXIMUM         8.33   2011
 MINIMUM         0.61   1995
TOTALS           2.63                     -0.35
DAILY AVG.       0.08              0.10   -0.02     0.10
DAYS >= .01        10              10.5    -0.5        9
DAYS >= .10         6               6.0     0.0        9
DAYS >= .50         3               2.1     0.9        2
DAYS >= 1.00        0               0.7    -0.7        0
GREATEST
 24 HR. TOTAL    1.29   08/11 TO 08/12           08/13 TO 08/14
                                                          08/31 TO 08/31
                                                          08/31 TO 08/31

SNOWFALL (INCHES)
RECORDS
 TOTAL             MM   MM
TOTALS            0.0               0.0     0.0      0.0
SINCE 7/1         0.0               0.0     0.0      0.0
SNOWDEPTH AVG.      0                MM      MM        0
DAYS >= 1.0         0               0.0     0.0        0
GREATEST
 SNOW DEPTH         0   MM                             0  MM
 24 HR TOTAL      0.0   08/31 TO 08/31           08/31 TO 08/31
                                                          08/31 TO 08/31
                                                          08/31 TO 08/31

DEGREE_DAYS
HEATING TOTAL       0                40     -40       16
 SINCE 7/1         29                63     -34       21
COOLING TOTAL     162               104      58       95
 SINCE 1/1        309               294      15      314
..................................................

WIND (MPH)
AVERAGE WIND SPEED              5.8
HIGHEST WIND SPEED/DIRECTION    25/300    DATE  08/05
HIGHEST GUST SPEED/DIRECTION    33/300    DATE  08/05

SKY COVER
POSSIBLE SUNSHINE (PERCENT)   MM
AVERAGE SKY COVER           0.60
NUMBER OF DAYS FAIR            8
NUMBER OF DAYS PC             13
NUMBER OF DAYS CLOUDY         10

AVERAGE RH (PERCENT)     75

WEATHER CONDITIONS. NUMBER OF DAYS WITH
THUNDERSTORM              0     MIXED PRECIP               0
HEAVY RAIN                2     RAIN                       4
LIGHT RAIN                9     FREEZING RAIN              0
LT FREEZING RAIN          0     HAIL                       0
HEAVY SNOW                0     SNOW                       0
LIGHT SNOW                0     SLEET                      0
FOG                      23     FOG W/VIS <= 1/4 MILE      4
HAZE                     13

-  INDICATES NEGATIVE NUMBERS.
R  INDICATES RECORD WAS SET OR TIED.
MM INDICATES DATA IS MISSING.
T  INDICATES TRACE AMOUNT.

&&

AUGUST 2015 NORTHERN AND EASTERN MAINE CLIMATE NARRATIVE...PRELIM

AUGUST 2015 WILL BE REMEMBERED FOR SIGNIFICANTLY ABOVE AVERAGE
TEMPERATURES AND MOSTLY SLIGHTLY ABOVE AVERAGE RAINFALL.

FOR SURE...TEMPERATURES SET THIS MONTH APART...WITH AUGUST 2015
REVERSING THE COOL TREND SET IN THIS PAST JUNE AND JULY.
TEMPERATURES AVERAGED FROM 2.0 TO 3.0 DEGREES ABOVE AVERAGE ALONG
THE DOWNEAST COAST TO 3.0 TO 4.5 DEGREES ABOVE AVERAGE OVER THE REST
OF THE REGION. AT CARIBOU...THIS AUGUST...WHICH AVERAGED 4.6 DEGREES
ABOVE AVERAGE...SET A NEW MARK FOR THE WARMEST AUGUST ON RECORD (THE
12TH WARMEST MONTH OVERALL SINCE RECORDS BEGAN IN 1939)...WITH THE
AVERAGE OF 68.2 DEGREES 0.2 DEGREES ABOVE THE PRIOR MARK SET ONLY 3
YEARS AGO IN AUGUST 2012. AT BANGOR WHERE RECORDS BEGAN IN 1925...IT
WAS ONLY THE 11TH WARMEST AUGUST WITH MANY OF THE AUGUSTS IN THE
1930S WARMER.

BELIEVE IT OR NOT...THE FIRST HALF OF THE MONTH BEGAN NEAR NORMAL...
THEN A 10 DAY WARM SPELL BROUGHT MONTHLY TEMPERATURE DEPARTURES
STEADILY UPWARDS. AT CARIBOU...THE 10 DAY STRETCH OF 80+ DEG HIGH
TEMPERATURES EXTENDING FROM THE 14TH THROUGH THE 23RD WAS THE
LONGEST SUCH PERIOD SINCE RECORDS BEGAN IN 1939. SIMILAR TO THE
PRIOR WARMEST AUGUST IN 2012 AT CARIBOU...NO 90 DEGREE HIGH
TEMPERATURES WERE RECORDED IN REACHING THE NEW RECORD AUGUST...WITH
THE WARMEST DAY OF 88 DEGREES RECORDED ON THE 18TH. ONLY ONE 90
DEGREE HIGH TEMPERATURE WAS RECORDED AT BANGOR...ALSO ON THE 18TH.
TEMPERATURES MOSTLY REMAINED ABOVE AVERAGE AFTER THE 23RD THROUGHOUT
THE REST OF THE MONTH.

SIGNIFICANT RAIN DAYS ACROSS PORTIONS OF THE REGION OCCURRED ON THE
3RD...11TH...21ST AND 26TH WITH THE HEAVIEST CLIMATE STATION MONTHLY
TOTALS IN CENTRAL PORTIONS OF THE REGION...AS EVIDENT BY THE 5.88
TOTAL AT MILLINOCKET WHICH IS NEARLY 140 PERCENT OF AVERAGE. SOME
SPOTTER LOCATIONS ACROSS THE SOUTHEAST THIRD OF WASHINGTON COUNTY
RECEIVED UPWARDS OF 8.00 TO 9.00 INCHES (ABOUT 250 PERCENT OF
MONTHLY AVERAGE RAINFALL) IN ONE MORNING ON THE 26TH...RESULTING IN
FLOODED AREAS. THE LOWEST TOTALS WHERE OVER WESTERN DOWNEAST
AREAS...AS EVIDENT BY THE 2.63 INCH TOTAL AT BANGOR WHICH WAS JUST
UNDER 90 PERCENT OF AVERAGE FOR THE MONTH.

$$

VJN
