000
CXUS51 KCAR 032145
CLMBGR

CLIMATE REPORT
NATIONAL WEATHER SERVICE CARIBOU, ME
428 PM EST FRI FEB 3 2017

...................................

...THE BANGOR ME CLIMATE SUMMARY FOR THE MONTH OF JANUARY 2017...

CLIMATE NORMAL PERIOD 1981 TO 2010
CLIMATE RECORD PERIOD 1925 TO 2017

WEATHER         OBSERVED          NORMAL  DEPART  LAST YEAR`S
                 VALUE   DATE(S)  VALUE   FROM    VALUE  DATE(S)
                                          NORMAL
................................................................
TEMPERATURE (F)
RECORD
 HIGH              63   10/07/5881
 LOW              -29   10/07/5881
HIGHEST            50   01/11        MM      MM       52  01/10
LOWEST             -8   01/09        MM      MM       -8  01/05
AVG. MAXIMUM     33.0              27.4     5.6     32.0
AVG. MINIMUM     17.2               6.7    10.5     12.8
MEAN             25.1              17.0     8.1     22.4
DAYS MAX >= 90      0               0.0     0.0        0
DAYS MAX <= 32      8              20.1   -12.1       16
DAYS MIN <= 32     30              30.1    -0.1       31
DAYS MIN <= 0       4              10.0    -6.0        3

PRECIPITATION (INCHES)
RECORD
 MAXIMUM         7.64   1979
 MINIMUM         0.52   1985
TOTALS           3.63                      0.74
DAILY AVG.       0.12              0.09    0.03     0.08
DAYS >= .01        12              10.6     1.4        5
DAYS >= .10         8               6.5     1.5        3
DAYS >= .50         2               1.7     0.3        1
DAYS >= 1.00        1               0.5     0.5        1
GREATEST
 24 HR. TOTAL    1.53   01/24 TO 01/25           01/10 TO 01/10
                                                          01/10 TO 01/10
                                                          01/10 TO 01/10

SNOWFALL (INCHES)
RECORDS
 TOTAL           48.4   1966
TOTALS            6.0              19.2   -13.2      5.4
SINCE 7/1        25.9              36.0   -10.1     19.0
SNOWDEPTH AVG.      3                 6      -3        4
DAYS >= 1.0         3               5.1    -2.1        2
GREATEST
 SNOW DEPTH         9   01/01                          8  01/01
 24 HR TOTAL      1.6   MM                       01/10 TO 01/10
                                                          01/10 TO 01/10
                                                          01/10 TO 01/10

DEGREE_DAYS
HEATING TOTAL    1230              1486    -256     1313
 SINCE 7/1       3968              4407    -439     3767
COOLING TOTAL       0                 0       0        0
 SINCE 1/1          0                 0       0        0
.................................................

WIND (MPH)
AVERAGE WIND SPEED              6.8
HIGHEST WIND SPEED/DIRECTION    30/320    DATE  01/13
HIGHEST GUST SPEED/DIRECTION    42/180    DATE  01/11

SKY COVER
POSSIBLE SUNSHINE (PERCENT)   MM
AVERAGE SKY COVER           0.70
NUMBER OF DAYS FAIR            3
NUMBER OF DAYS PC             16
NUMBER OF DAYS CLOUDY         12

AVERAGE RH (PERCENT)     73

WEATHER CONDITIONS. NUMBER OF DAYS WITH
THUNDERSTORM              0     MIXED PRECIP               1
HEAVY RAIN                0     RAIN                       3
LIGHT RAIN                8     FREEZING RAIN              3
LT FREEZING RAIN          3     HAIL                       0
HEAVY SNOW                0     SNOW                       2
LIGHT SNOW               14     SLEET                      4
FOG                      18     FOG W/VIS <= 1/4 MILE      1
HAZE                      1

-  INDICATES NEGATIVE NUMBERS.
R  INDICATES RECORD WAS SET OR TIED.
MM INDICATES DATA IS MISSING.
T  INDICATES TRACE AMOUNT.

&&

...MONTHLY CLIMATE NARRATIVE FOR NORTHERN AND EASTERN MAINE...

JANUARY 2017 FINISHED MUCH WARMER THAN AVERAGE WITH MOSTLY ABOVE
AVERAGE PRECIPITATION AND BELOW AVERAGE SNOWFALL.

THE REGION AS A WHOLE AVERAGED 6.5 TO 8.0 DEGREES ABOVE AVERAGE WITH
MILD OVERNIGHT LOWS BEING THE LARGEST CONTRIBUTOR TO THE DEPARTURES.
BANGOR...CARIBOU AND HOULTON HAD THEIR 4TH...5TH AND 8TH WARMEST
JANUARIES...RESPECTFULLY...OF RECORD.

PRECIPITATION WAS GENERALLY 100 TO 130 PERCENT OF AVERAGE WITH THE
LARGEST CONTRIBUTION FROM THE EVENT OF THE 24TH AND 25TH. THE LATE
MONTH EVENT PRODUCED 4.2" OF SLEET AT PRESQUE ISLE...AND WAS LIKELY
ONE OF THE ALL-TIME BIGGEST SLEET STORMS ON RECORD ACROSS NORTHERN
MAINE. SNOWFALL FINISHED BELOW AVERAGE RANGING FROM 25 PERCENT OF
AVERAGE ALONG THE DOWNEAST COAST UPWARDS TO 75 PERCENT OF AVERAGE
ACROSS THE ST JOHN VALLEY. AT BANGOR...THE MONTHLY TOTAL OF 6.0
INCHES FINISHED AS THE 5TH LEAST SNOWIEST JANUARY. THIS DISTRIBUTION
OF SNOWFALL IS TYPICAL OF LA-NINA WINTERS.

SUBSEQUENTLY...IT SHOULD BE NO SURPRISE THAT AVERAGE MONTHLY SNOW
DEPTH VARIED GREATLY FROM LITTLE OR NONE ALONG THE DOWNEAST COAST
UPWARDS TO 24 TO 30 INCHES ACROSS THE FAR NORTH WITH NORTHERN AREAS
ABLE TO BUILD UPON ABOVE AVERAGE SNOWFALL/SNOW DEPTH FROM DECEMBER.
AT CARIBOU...THE AVERAGE SNOW DEPTH OF 24.8 INCHES FOR JANUARY WAS
THE 7TH HIGHEST WHILE AT BANGOR...THE AVERAGE OF 3.1 INCHES WAS THE
15TH LOWEST.

THE CLIMATE PREDICTION CENTER OUTLOOK FOR FEBRUARY INDICATES THAT
THERE ARE NO STRONG CLIMATE SIGNALS THAT WOULD POINT TOWARD AN
UNUSUALLY COLD OR MILD FEBRUARY. THERE ARE ALSO NO STRONG CLIMATE
SIGNALS THAT WOULD FAVOR AN UNUSUALLY WET (SNOWY) OR DRY MONTH. ON
AVERAGE...SNOWFALL DURING THE MONTH OF FEBRUARY RANGES FROM AROUND 2
FEET ACROSS THE CROWN OF MAINE, WITH HIGHER AMOUNTS ACROSS THE
HIGHER TERRAIN, AND AROUND 1 FOOT ALONG THE DOWNEAST COAST.

AVERAGE TEMPERATURES BEGIN A SLOW UPWARD SWING DURING THE MONTH OF
FEBRUARY.  THE AVERAGE HIGHS RISE FROM AROUND 20 DEGREES AT THE
START OF THE MONTH ACROSS THE SAINT JOHN VALLEY TO UPPER 20S IN THE
GREATER BANGOR REGION.  BY THE END OF THE MONTH...AVERAGE HIGHS RISE
TO THE MID TO UPPER 20S IN THE SAINT JOHN VALLEY AND TO THE MID 30S
AT BANGOR.  AVERAGE LOWS DURING THE MONTH RISE FROM NEAR ZERO AT THE
START OF THE MONTH IN THE FAR NORTH TO 5 TO 10 ABOVE BY THE END OF
THE MONTH.  AT BANGOR...AVERAGE LOWS RISE FROM 7 DEGREES ON THE 1ST
TO 14 DEGREES BY THE END OF THE MONTH.  THERE IS A GAIN OF JUST OVER
AN HOUR OF AVAILABLE DAYLIGHT DURING THE MONTH OF FEBRUARY.

THE ALL-TIME LOWEST TEMPERATURE EVER OBSERVED AT CARIBOU OCCURRED ON
FEBRUARY 1, 1955...WITH A LOW OF 41 BELOW.  AT BANGOR...THE ALL-TIME
RECORD LOW OF 32 BELOW WAS OBSERVED ON FEBRUARY 10, 1948.

$$

VJN/CB
