000
CXUS51 KCAR 151219
CLMBGR


CLIMATE REPORT
NATIONAL WEATHER SERVICE CARIBOU, ME
719 AM EST THU FEB 15 2018

...................................

...THE BANGOR ME CLIMATE SUMMARY FOR THE MONTH OF JANUARY 2018...

CLIMATE NORMAL PERIOD 1981 TO 2010
CLIMATE RECORD PERIOD 1925 TO 2018

WEATHER         OBSERVED          NORMAL  DEPART  LAST YEAR`S
                 VALUE   DATE(S)  VALUE   FROM    VALUE  DATE(S)
                                          NORMAL
................................................................
TEMPERATURE (F)
RECORD
 HIGH              63   10/07/5881
 LOW              -29   10/07/5881
HIGHEST            51   01/13        MM      MM       50  01/11
                        01/12
LOWEST            -13   01/03        MM      MM       -8  01/09
AVG. MAXIMUM     28.4              27.4     1.0     33.0
AVG. MINIMUM      9.4               6.7     2.7     17.2
MEAN             18.9              17.0     1.9     25.1
DAYS MAX >= 90      0               0.0     0.0        0
DAYS MAX <= 32     20              20.1    -0.1        8
DAYS MIN <= 32     30              30.1    -0.1       30
DAYS MIN <= 0       8              10.0    -2.0        4

PRECIPITATION (INCHES)
RECORD
 MAXIMUM         7.64   1979
 MINIMUM         0.52   1985
TOTALS           5.53                      2.64
DAILY AVG.       0.18              0.09    0.09     0.12
DAYS >= .01        12              10.6     1.4       12
DAYS >= .10         8               6.5     1.5        8
DAYS >= .50         4               1.7     2.3        2
DAYS >= 1.00        2               0.5     1.5        1
GREATEST
 24 HR. TOTAL    1.85   01/13 TO 01/13           01/24 TO 01/25
                                                          01/25 TO 01/25EATHER         OBSERVED          NORMAL  DEPART  LAST YEAR`S
                                                          01/25 TO 01/25EATHER         OBSERVED          NORMAL  DEPART  LAST YEAR`S

SNOWFALL (INCHES)
RECORDS
 TOTAL           48.4   1966
TOTALS           30.1              19.2    10.9      6.0
SINCE 7/1        57.8              36.0    21.8     25.9
SNOWDEPTH AVG.     11                 6       5        3
DAYS >= 1.0         5               5.1    -0.1        3
GREATEST
 SNOW DEPTH        33   01/09                          9  01/01
 24 HR TOTAL     18.3   01/04 TO 01/04           01/25 TO 01/25
                                                          01/25 TO 01/25EATHER         OBSERVED          NORMAL  DEPART  LAST YEAR`S
                                                          01/25 TO 01/25EATHER         OBSERVED          NORMAL  DEPART  LAST YEAR`S

DEGREE_DAYS
HEATING TOTAL    1419              1486     -67     1230
 SINCE 7/1       4125              4407    -282     3968
COOLING TOTAL       0                 0       0        0
 SINCE 1/1          0                 0       0        0
.................................................................

WIND (MPH)
AVERAGE WIND SPEED              8.5
HIGHEST WIND SPEED/DIRECTION    36/010    DATE  01/04
HIGHEST GUST SPEED/DIRECTION    46/010    DATE  01/04

SKY COVER
POSSIBLE SUNSHINE (PERCENT)   MM
AVERAGE SKY COVER           0.60
NUMBER OF DAYS FAIR            5
NUMBER OF DAYS PC             13
NUMBER OF DAYS CLOUDY         13

AVERAGE RH (PERCENT)     71

WEATHER CONDITIONS. NUMBER OF DAYS WITH
  0
  3
  0
  0
  6
  2
  4
HAZE                      7

-  INDICATES NEGATIVE NUMBERS.
R  INDICATES RECORD WAS SET OR TIED.
MM INDICATES DATA IS MISSING.
T  INDICATES TRACE AMOUNT.

$$
