000
CXUS51 KCAR 020629
CLMBGR

CLIMATE REPORT
NATIONAL WEATHER SERVICE CARIBOU, ME
230 AM EDT SUN JUL 2 2017

...................................

...THE BANGOR ME CLIMATE SUMMARY FOR THE MONTH OF JUNE 2017...

CLIMATE NORMAL PERIOD 1981 TO 2010
CLIMATE RECORD PERIOD 1925 TO 2017

WEATHER         OBSERVED          NORMAL  DEPART  LAST YEAR`S
                 VALUE   DATE(S)  VALUE   FROM    VALUE  DATE(S)
                                          NORMAL
................................................................
TEMPERATURE (F)
RECORD
 HIGH              98   06/27/1941
 LOW               29   06/03/1939
HIGHEST            91   06/11        MM      MM       83  06/26
LOWEST             44   06/07        MM      MM       43  06/17
AVG. MAXIMUM     73.8              74.3    -0.5     72.8
AVG. MINIMUM     53.2              52.0     1.2     51.3
MEAN             63.5              63.2     0.3     62.1
DAYS MAX >= 90      1               0.9     0.1        0
DAYS MAX <= 32      0               0.0     0.0        0
DAYS MIN <= 32      0               0.0     0.0        0
DAYS MIN <= 0       0               0.0     0.0        0

PRECIPITATION (INCHES)
RECORD
 MAXIMUM         8.12   2009
 MINIMUM         0.87   1930
TOTALS           4.32                      0.56
DAILY AVG.       0.14              0.13    0.01     0.09
DAYS >= .01        13              12.0     1.0       14
DAYS >= .10        11               7.4     3.6        6
DAYS >= .50         2               2.6    -0.6        3
DAYS >= 1.00        0               0.7    -0.7        0
GREATEST
 24 HR. TOTAL    0.69   06/09 TO 06/09           06/07 TO 06/08
                                                          06/30 TO 06/30
                                                          06/30 TO 06/30

SNOWFALL (INCHES)
RECORDS
 TOTAL             MM   MM
TOTALS              T               0.0     0.0      0.0
SINCE 7/1        82.6              66.1    16.5     44.6
SNOWDEPTH AVG.      0                MM      MM        0
DAYS >= 1.0         0               0.0     0.0        0
GREATEST
 SNOW DEPTH         0   MM                             0  MM
 24 HR TOTAL        T   06/01 TO 06/01           06/30 TO 06/30
                                                          06/30 TO 06/30
                                                          06/30 TO 06/30

DEGREE_DAYS
HEATING TOTAL      91               107     -16      103
 SINCE 7/1       7383              7860    -477     7046
COOLING TOTAL      53                52       1       22
 SINCE 1/1         60                58       2       32
.................................................

WIND (MPH)
AVERAGE WIND SPEED              7.2
HIGHEST WIND SPEED/DIRECTION    22/310    DATE  06/21
HIGHEST GUST SPEED/DIRECTION    30/310    DATE  06/21

SKY COVER
POSSIBLE SUNSHINE (PERCENT)   MM
AVERAGE SKY COVER           0.70
NUMBER OF DAYS FAIR            2
NUMBER OF DAYS PC             15
NUMBER OF DAYS CLOUDY         13

AVERAGE RH (PERCENT)     72

WEATHER CONDITIONS. NUMBER OF DAYS WITH
THUNDERSTORM              0     MIXED PRECIP               0
HEAVY RAIN                4     RAIN                       7
LIGHT RAIN               16     FREEZING RAIN              0
LT FREEZING RAIN          0     HAIL                       1
HEAVY SNOW                0     SNOW                       0
LIGHT SNOW                0     SLEET                      0
FOG                      15     FOG W/VIS <= 1/4 MILE      1
HAZE                      1

-  INDICATES NEGATIVE NUMBERS.
R  INDICATES RECORD WAS SET OR TIED.
MM INDICATES DATA IS MISSING.
T  INDICATES TRACE AMOUNT.

&&

...NORTHERN AND EASTERN MAINE MONTHLY CLIMATE NARRATIVE...

JUNE 2017 FINISHED WITH MOSTLY SLIGHTLY ABOVE AVERAGE TEMPERATURES
AND ABOVE AVERAGE PRECIPITATION FOR NORTHERN AND EASTERN MAINE.

AVERAGE TEMPERATURES ACROSS THE REGION RANGED FROM 0.5 DEGREES BELOW
AVERAGE TO 1.5 DEGREES ABOVE AVERAGE. THE MONTH BEGAN ON THE COOL
SIDE THE FIRST WEEK BUT THEN WARMED SIGNIFICANTLY DURING THE SECOND
WEEK WITH A FEW DAYS WITH HIGH TEMPS IN THE 80S AND EVEN A 90+
DEGREE HIGH TEMP FOR SOME LOCATIONS ON THE 11TH...WHICH INCLUDED
RECORD HIGH TEMPS FOR CARIBOU...HOULTON...MILLINOCKET AND BANGOR.
AFTER ANOTHER BRIEF COOL DOWN IN THE BEGINNING OF WEEK THREE...
TEMPERATURES SETTLED TO NEAR NORMAL FOR THE REMAINDER OF THE MONTH.

THE TEMPERATURE DROPPED BELOW FREEZING ON THE MORNING OF THE 27TH AT
ESTCOURT STATION IN FAR NORTHWEST MAINE WITH A LOW OF 31F.  THERE WERE
SEVERAL VALLEY LOCATIONS IN NORTHERN MAINE WITH LOWS IN THE MID TO UPPER
30S THAT MORNING.

TYPICAL OF MANY SUMMER MONTHS...MONTHLY TOTAL RAINFALL VARIED FROM
PLACE TO PLACE WITH LITTLE IN THE WAY OF ANY COHERENT PATTERN DUE TO
THE RANDOMNESS OF DAY TO DAY SHOWER AND THUNDERSTORM LOCATION
OCCURRENCE. HOULTON WITH ONLY A 2.92 INCH TOTAL RECEIVED ABOUT 80
PERCENT OF AVERAGE JUNE RAINFALL WHILE FRENCHVILLE AND MILLINOCKET
WITH 5.84 AND 6.16 INCHES RECEIVED ABOUT 140 TO 150 PERCENT OF
AVERAGE JUNE RAINFALL. MANY OF THE REMAINDER CLIMATE SITES SUCH AS
CARIBOU AND BANGOR RECEIVED ABOUT A 110 TO 120 PERCENT OF AVERAGE
JUNE RAINFALL. THE RAINFALL CHARACTER OF THE MONTH BEGAN QUITE DRY
OVER THE FIRST TWO WEEKS, THEN BECAME MUCH RAINIER THROUGH THE
REMAINDER OF THE MONTH.

THE OFFICIAL OUTLOOK FOR JULY 2017 FROM THE CLIMATE PREDICTION
CENTER INDICATES AN INCREASED LIKELIHOOD OF ABOVE AVERAGE
TEMPERATURES. THERE ARE NO STRONG CLIMATE SIGNALS THAT WOULD TILT
THE ODDS TOWARD AN UNUSUALLY WET OR DRY JULY.

THE AVERAGE HIGH TEMPERATURE AT CARIBOU PEAKS AT 76 DEGREES FROM THE
11TH THROUGH THE END OF THE MONTH.  THE AVERAGE LOW PEAKS OUT AT 55
DEGREES FROM THE 10TH THROUGH THE END OF THE MONTH.  JULY IS ON
AVERAGE THE WETTEST MONTH AT CARIBOU WITH AN AVERAGE OF 4.08" OF
RAIN.  AT BANGOR, THE AVERAGE HIGH TEMPERATURE PEAKS OUT AT 80
DEGREES FROM THE 13TH THROUGH THE END OF THE MONTH.  THE AVERAGE LOW
PEAKS AT 58 DEGREES FROM THE 10TH THROUGH THE END OF THE MONTH.  ON
AVERAGE, A TOTAL OF 3.46" OF RAIN IS OBSERVED DURING THE MONTH OF
JULY.  CLOSE TO AN HOUR OF AVAILABLE DAYLIGHT IS LOST DURING THE
MONTH OF JULY. THE SEVERE WEATHER SEASON PEAKS DURING JULY WITH MORE
REPORTS OF DAMAGING WIND AND LARGE HAIL DURING THE MONTH OF JULY
THAN DURING ANY OTHER MONTH OF THE YEAR.

$$

VJN/CB
