000
CXUS51 KCAR 011234
CLMBGR

CLIMATE REPORT
NATIONAL WEATHER SERVICE CARIBOU, ME
833 AM EDT WED JUL 1 2015

...................................

...THE BANGOR ME CLIMATE SUMMARY FOR THE MONTH OF JUNE 2015...

CLIMATE NORMAL PERIOD 1981 TO 2010
CLIMATE RECORD PERIOD 1925 TO 2015

WEATHER         OBSERVED          NORMAL  DEPART  LAST YEAR`S
                 VALUE   DATE(S)  VALUE   FROM    VALUE  DATE(S)
                                          NORMAL
................................................................
TEMPERATURE (F)
RECORD
 HIGH              98   06/27/1941
 LOW               29   06/03/1939
HIGHEST            84   06/11        MM      MM       89  06/09
LOWEST             36   06/07        MM      MM       41  06/01
AVG. MAXIMUM     69.1              74.3    -5.2     75.2
AVG. MINIMUM     50.0              52.0    -2.0     52.7
MEAN             59.5              63.2    -3.7     63.9
DAYS MAX >= 90      0               0.9    -0.9        0
DAYS MAX <= 32      0               0.0     0.0        0
DAYS MIN <= 32      0               0.0     0.0        0
DAYS MIN <= 0       0               0.0     0.0        0

PRECIPITATION (INCHES)
RECORD
 MAXIMUM         8.12   2009
 MINIMUM         0.87   1930
TOTALS           4.90                      1.14
DAILY AVG.       0.16              0.13    0.03     0.12
DAYS >= .01        15              12.0     3.0       11
DAYS >= .10         9               7.4     1.6        8
DAYS >= .50         4               2.6     1.4        4
DAYS >= 1.00        1               0.7     0.3        0
GREATEST
 24 HR. TOTAL    1.46   06/21 TO 06/21           06/25 TO 06/26
                                                          06/30 TO 06/30
                                                          06/30 TO 06/30

SNOWFALL (INCHES)
RECORDS
 TOTAL             MM   MM
TOTALS            0.0               0.0     0.0      0.0
SINCE 7/1       139.0              66.1    72.9     80.0
SNOWDEPTH AVG.      0                MM      MM        0
DAYS >= 1.0         0               0.0     0.0        0
GREATEST
 SNOW DEPTH         0   MM                             0  MM
 24 HR TOTAL      0.0   06/30 TO 06/30           06/30 TO 06/30
                                                          06/30 TO 06/30
                                                          06/30 TO 06/30

DEGREE_DAYS
HEATING TOTAL     179               107      72       71
 SINCE 7/1       8295              7860     435     8134
COOLING TOTAL      24                52     -28       46
 SINCE 1/1         47                58     -11       46
.................................................

WIND (MPH)
AVERAGE WIND SPEED              7.8
HIGHEST WIND SPEED/DIRECTION    25/310    DATE  06/23
HIGHEST GUST SPEED/DIRECTION    36/180    DATE  06/08

SKY COVER
POSSIBLE SUNSHINE (PERCENT)   MM
AVERAGE SKY COVER           0.70
NUMBER OF DAYS FAIR            2
NUMBER OF DAYS PC             15
NUMBER OF DAYS CLOUDY         13

AVERAGE RH (PERCENT)     72

WEATHER CONDITIONS. NUMBER OF DAYS WITH
THUNDERSTORM              0     MIXED PRECIP               0
HEAVY RAIN                2     RAIN                       7
LIGHT RAIN               16     FREEZING RAIN              0
LT FREEZING RAIN          0     HAIL                       0
HEAVY SNOW                0     SNOW                       0
LIGHT SNOW                0     SLEET                      0
FOG                      20     FOG W/VIS <= 1/4 MILE      5
HAZE                      3

-  INDICATES NEGATIVE NUMBERS.
R  INDICATES RECORD WAS SET OR TIED.
MM INDICATES DATA IS MISSING.
T  INDICATES TRACE AMOUNT.
---------------------------------------------------------------------
...NORTHERN AND EASTERN MAINE MONTHLY AREA CLIMATE NARRATIVE...

JUNE 2015 FEATURED WELL BELOW NORMAL TEMPERATURES AND ABOVE NORMAL
PRECIPITATION. TEMPERATURES AVERAGED FROM 2.5 TO 4 DEGREES BELOW
NORMAL. PRECIPITATION WAS MORE VARIABLE ACROSS THE REGION...BUT IN
MOST AREAS RANGED FROM 120 TO 170 PERCENT OF NORMAL.

AT CARIBOU...THE AVERAGE TEMPERATURE OF 57.9 DEGREES WAS 2.7 DEGREES
BELOW NORMAL.  IT WAS THE COOLEST JUNE SINCE 2002 AND RANKED AS THE
12TH COOLEST JUNE ON RECORD.  THERE WERE ONLY 7 DAYS DURING THE
ENTIRE MONTH WHEN THE AVERAGE TEMPERATURE WAS ABOVE NORMAL.  THE 2ND
WAS AN UNUSUALLY COOL DAY WITH A HIGH OF ONLY 48 DEGREES. THE HIGH
TEMPERATURE FOR THE ENTIRE MONTH WAS 77 DEGREES ON THE 18TH. THIS
WAS ONLY THE 2ND TIME THAT THE HIGH TEMPERATURE DID NOT REACH 80
DEGREES DURING THE MONTH OF JUNE.  THE LAST TIME WAS IN 1985.

AT BANGOR...THE AVERAGE TEMPERATURE OF 59.5 DEGREES WAS 3.7 DEGREES
BELOW NORMAL.  IT WAS THE COOLEST JUNE SINCE 1977...AND RANKED AS
THE 5TH COOLEST JUNE ON RECORD.  THERE WERE ONLY 6 DAYS ALL MONTH
WHEN THE AVERAGE TEMPERATURE WAS ABOVE NORMAL.  THE 2ND WAS
UNUSUALLY COOL WITH A RECORD LOW HIGH TEMPERATURE OF ONLY 47
DEGREES. THIS WAS ONLY THE 2ND TIME ON RECORD WHEN THE HIGH
TEMPERATURE FAILED TO GET OUT OF THE 40S DURING THE MONTH OF
JUNE...AND WAS ONLY 1 DEGREE SHY OF THE ALL-TIME RECORD LOW HIGH
TEMPERATURE FOR THE MONTH OF 46 DEGREES...WHICH WAS SET ON JUNE 9,
1956.  ON THE MORNING OF THE 7TH THE LOW OF 36 DEGREES WAS A DAILY
RECORD...AND BROKE THE RECORD OF 37 DEGREES SET IN 1958.

THE FIRST HALF OF THE YEAR FROM JANUARY 1 THROUGH JUNE 30TH WAS THE
COLDEST EVER ON RECORD AT BANGOR WITH AN AVERAGE TEMPERATURE OF 34
DEGREES. AT CARIBOU IT TIED WITH 1994 AS THE 7TH COLDEST FIRST HALF
OF THE YEAR ON RECORD WITH AN AVERAGE TEMPERATURE OF 30.4 DEGREES.

A TOTAL OF 4.25 INCHES OF RAIN WAS OBSERVED AT CARIBOU...WHICH WAS
77 HUNDREDTHS OF AN INCH (0.77") ABOVE NORMAL.  AT BANGOR...A TOTAL
OF 4.90 INCHES OF RAIN WAS OBSERVED...WHICH WAS 1.14 INCHES ABOVE
NORMAL.

THE OUTLOOK FROM THE CLIMATE PREDICATION CENTER
HTTP://WWW.CPC.NCEP.NOAA.GOV/ FOR JULY INDICATES NO STRONG CLIMATE
SIGNALS THAT WOULD POINT TOWARD AN UNUSUALLY HOT OR COOL JULY OR AN
UNUSUALLY WET OR DRY MONTH. JULY IS TYPICALLY THE WARMEST MONTH OF
THE YEAR WITH AVERAGE TEMPERATURES PEAKING OUT AROUND THE MIDDLE OF
THE MONTH.  THE AVERAGE HIGH PEAKS OUT AT 76 (80) AT CARIBOU
(BANGOR) AND THE AVERAGE LOW PEAKS OUT AT 56 (58) AT BANGOR. NEARLY
AN HOUR OF DAYLIGHT IS LOST DURING THE MONTH OF JULY. SEVERE WEATHER
TYPICALLY PEAKS DURING THE MONTH OF JULY WITH ON AVERAGE MORE
REPORTS OF HAIL...DAMAGING WINDS...AND TORNADOES THAN ANY OTHER
MONTH.

$$

CB/VJN
