000
CXUS51 KCAR 101915
CLMBGR

CLIMATE REPORT
NATIONAL WEATHER SERVICE CARIBOU, ME
207 PM EDT TUE MAR 10 2015

...................................

...THE BANGOR ME CLIMATE SUMMARY FOR THE SEASON, FROM
12/1/2014 TO 2/28/2015...

CLIMATE NORMAL PERIOD 1981 TO 2010
CLIMATE RECORD PERIOD 1925 TO 2015

WEATHER         OBSERVED          NORMAL  DEPART  LAST YEAR`S
                 VALUE   DATE(S)  VALUE   FROM    VALUE  DATE(S)
                                          NORMAL
................................................................
TEMPERATURE (F)
RECORD
 HIGH              65   12/07/1998
                        12/04/1982
 LOW              -32   02/10/1948
HIGHEST            55   12/01        MM      MM       52  01/06
LOWEST            -23   02/14        MM      MM      -20  01/04
AVG. MAXIMUM     26.5              30.8    -4.3     28.2
AVG. MINIMUM      6.5              10.8    -4.3      8.7
MEAN             16.5              20.8    -4.3     18.5
DAYS MAX >= 90      0               0.0     0.0        0
DAYS MAX <= 32     61              47.9    13.1       59
DAYS MIN <= 32     84              85.9    -1.9       86
DAYS MIN <= 0      34              19.2    14.8       30

PRECIPITATION (INCHES)
RECORD
 MAXIMUM        10.98   2008
 MINIMUM         6.50   2013
TOTALS          10.12                      1.23
DAILY AVG.       0.11              0.10    0.01     0.09
DAYS >= .01        38              31.9     6.1       35
DAYS >= .10        26              19.0     7.0       23
DAYS >= .50         7               5.3     1.7        4
DAYS >= 1.00        1               1.5    -0.5        1
GREATEST
 24 HR. TOTAL    1.67   MM                       02/28 TO 02/28
                                                          02/28 TO 02/28
                                                          02/28 TO 02/28

SNOWFALL (INCHES)
RECORDS
 TOTAL             MM   MM
TOTALS           90.7              48.3    42.4     62.5
SINCE 7/1       116.6              50.7    65.9     63.2
SNOWDEPTH AVG.     17                 6      11        7
DAYS >= 1.0        21              13.4     7.6       20
GREATEST
 SNOW DEPTH        MM                                 24  01/05
                                                          01/04

 24 HR TOTAL     14.9   MM                       02/28 TO 02/28
                                                          02/28 TO 02/28
                                                          02/28 TO 02/28

DEGREE_DAYS
HEATING TOTAL    4306              3977     329     4166
 SINCE 7/1         MM              5646      MM       MM
COOLING TOTAL       0                 0       0        0
 SINCE 1/1          0                 0       0        0
.........................................................

WIND (MPH)
AVERAGE WIND SPEED              7.8
HIGHEST WIND SPEED/DIRECTION    37/320    DATE  02/15
HIGHEST GUST SPEED/DIRECTION   154/210    DATE  12/22

SKY COVER
POSSIBLE SUNSHINE (PERCENT)   MM
AVERAGE SKY COVER           0.60
NUMBER OF DAYS FAIR           19
NUMBER OF DAYS PC             32
NUMBER OF DAYS CLOUDY         39

AVERAGE RH (PERCENT)     70

WEATHER CONDITIONS. NUMBER OF DAYS WITH
THUNDERSTORM              0     MIXED PRECIP               1
HEAVY RAIN                0     RAIN                       5
LIGHT RAIN               17     FREEZING RAIN              0
LT FREEZING RAIN          4     HAIL                       0
HEAVY SNOW                4     SNOW                      22
LIGHT SNOW               42     SLEET                      3
FOG                      47     FOG W/VIS <= 1/4 MILE     10
HAZE                     21

-  INDICATES NEGATIVE NUMBERS.
R  INDICATES RECORD WAS SET OR TIED.
MM INDICATES DATA IS MISSING.
T  INDICATES TRACE AMOUNT.
--------------------------------------------------------------------------------------
..NORTHERN AND EASTERN MAINE WINTER 2014-15 CLIMATE NARRATIVE...

OVERALL...THE METEOROLOGICAL WINTER (DECEMBER THROUGH FEBRUARY)
OF 2014-15 FINISHED WITH ABOVE NORMAL PRECIPITATION...AND BELOW
NORMAL TEMPERATURES. FOR THE THREE MONTH PERIOD IT WAS THE 2ND
SNOWIEST ON RECORD AT BANGOR. FEBRUARY WAS THE COLDEST ON RECORD
AT BOTH BANGOR AND CARIBOU...AND WAS THE ALL-TIME COLDEST MONTH ON
RECORD AT BANGOR.

WINTER PRECIPITATION RANGED FROM 70 TO 90 PERCENT OF NORMAL ACROSS
THE SAINT JOHN VALLEY TO WELL OVER 200 PERCENT OF NORMAL ACROSS
WASHINGTON COUNTY. THE WINTER BEGAN QUITE WET WITH WELL ABOVE
AVERAGE PRECIPITATION IN DECEMBER THAT RANGED FROM 130-200 OF
NORMAL. JANUARY FEATURED NEAR NORMAL PRECIPITATION...BUT ABOVE
NORMAL SNOWFALL...ESPECIALLY DOWN EAST. FEBRUARY HAD WELL BELOW
NORMAL PRECIPITATION AND SNOWFALL ACROSS FAR NORTHERN MAINE AND
WELL ABOVE NORMAL DOWN EAST. IT WAS THE ALL-TIME SNOWIEST MONTH
ON RECORD IN PARTS OF WASHINGTON COUNTY.

TEMPERATURES RANGED FROM 3-6 DEGREES ABOVE NORMAL IN
DECEMBER...1-3 DEGREES BELOW NORMAL IN JANUARY...AND 10 TO 15
DEGREES BELOW NORMAL IN FEBRUARY.

THE WINTER BEGAN QUITE WARM IN DECEMBER...AND CHRISTMAS DAY WAS
THE WARMEST ON RECORD AT BOTH CARIBOU AND BANGOR. JANUARY WAS A
MUCH COLDER MONTH...AND WITH THE EXCEPTION OF A BRIEF JANUARY
THAW ON THE 18TH INTO THE 19TH THE MONTH HAD BELOW NORMAL
TEMPERATURES. FEBRUARY WAS THE COLDEST ON RECORD ACROSS ALL OF
NORTHERN AND EASTERN MAINE...AND WAS THE ALL-TIME COLDEST MONTH
AT BANGOR. A SERIES OF SNOW STORMS IN LATE JANUARY AND FEBRUARY
PRODUCED RECORD SNOWFALL ACROSS PARTS OF DOWN EAST MAINE.
AT THE END OF FEBRUARY THE SNOW DEPTHS WERE BELOW NORMAL ACROSS
FAR NORTHERN MAINE AND RANGED FROM 12 TO 20 INCHES. SNOW DEPTHS
RANGED FROM 30 TO 45 INCHES ACROSS DOWN EAST MAINE...WHICH IS WELL
ABOVE NORMAL.

THE METEOROLOGICAL WINTER ENDED WITH A TOTAL OF 91.2 INCHES OF
SNOW AT BANGOR...WHICH WAS THE 2ND MOST ON RECORD. AT CARIBOU A
TOTAL OF 79.5 INCHES WAS OBSERVED...WHICH RANKED AS THE 23RD
SNOWIEST ON RECORD. THE AVERAGE TEMPERATURE AT BANGOR OF 16.8
DEGREES RANKED AS THE 11TH COLDEST ON RECORD...AND THE AVERAGE
TEMPERATURE OF 11.5 DEGREES AT CARIBOU RANKED AS THE 21ST COLDEST
ON RECORD.

$$

CB/VJN
