000
CXUS51 KCAR 101124
CLMBGR


CLIMATE REPORT
NATIONAL WEATHER SERVICE CARIBOU, ME
419 AM EDT SUN SEP 10 2017

...................................

...THE BANGOR ME CLIMATE SUMMARY FOR THE SEASON, FROM
6/1/2017 TO 8/31/2017...

CLIMATE NORMAL PERIOD 1981 TO 2010
CLIMATE RECORD PERIOD 1925 TO 2017

WEATHER         OBSERVED          NORMAL  DEPART  LAST YEAR`S
                 VALUE   DATE(S)  VALUE   FROM    VALUE  DATE(S)
                                          NORMAL
................................................................
TEMPERATURE (F)
RECORD
 HIGH             104   08/19/1935
 LOW               29   06/03/1939
HIGHEST            91   06/11        MM      MM       91  08/11
LOWEST             42   08/28        MM      MM       43  06/17
AVG. MAXIMUM     77.3              77.3     0.0     78.3
AVG. MINIMUM     54.9              55.3    -0.4     56.6
MEAN             66.1              66.3    -0.2     67.4
DAYS MAX >= 90      1               3.6    -2.6        1
DAYS MAX <= 32      0               0.0     0.0        0
DAYS MIN <= 32      0               0.0     0.0        0
DAYS MIN <= 0       0               0.0     0.0        0

PRECIPITATION (INCHES)
RECORD
 MAXIMUM        17.07   2006
 MINIMUM         7.78   2016
TOTALS           7.87                     -2.33
DAILY AVG.       0.08              0.11   -0.03     0.08
DAYS >= .01        30              33.7    -3.7       35
DAYS >= .10        23              20.6     2.4       19
DAYS >= .50         4               7.0    -3.0        8
DAYS >= 1.00        0               2.1    -2.1        0
GREATEST
 24 HR. TOTAL    0.69   MM                       08/31 TO 08/31
                                                          08/31 TO 08/31
                                                          08/31 TO 08/31

SNOWFALL (INCHES)
RECORDS
 TOTAL              T   2017
TOTALS              TR              0.0     0.0      0.0
SINCE 7/1         0.0               0.0     0.0      0.0
SNOWDEPTH AVG.      0                MM      MM        0
DAYS >= 1.0         0               0.0     0.0        0
GREATEST
 SNOW DEPTH         0   MM                             0  MM
 24 HR TOTAL      0.0   MM                       08/31 TO 08/31
                                                          08/31 TO 08/31
                                                          08/31 TO 08/31

DEGREE_DAYS
HEATING TOTAL     138               170     -32      130
 SINCE 7/1         47                63     -16       27
COOLING TOTAL     268               288     -20      379
 SINCE 1/1        275               294     -19      389
..................................................

WIND (MPH)
AVERAGE WIND SPEED              6.8
HIGHEST WIND SPEED/DIRECTION    25/340    DATE  08/31
HIGHEST GUST SPEED/DIRECTION    32/310    DATE  08/13

SKY COVER
POSSIBLE SUNSHINE (PERCENT)   MM
AVERAGE SKY COVER           0.60
NUMBER OF DAYS FAIR           14
NUMBER OF DAYS PC             48
NUMBER OF DAYS CLOUDY         30

AVERAGE RH (PERCENT)     70

WEATHER CONDITIONS. NUMBER OF DAYS WITH
THUNDERSTORM              0     MIXED PRECIP               0
HEAVY RAIN                5     RAIN                      16
LIGHT RAIN               41     FREEZING RAIN              0
LT FREEZING RAIN          0     HAIL                       1
HEAVY SNOW                0     SNOW                       0
LIGHT SNOW                0     SLEET                      0
FOG                      58     FOG W/VIS <= 1/4 MILE      5
HAZE                     10

-  INDICATES NEGATIVE NUMBERS.
R  INDICATES RECORD WAS SET OR TIED.
MM INDICATES DATA IS MISSING.
T  INDICATES TRACE AMOUNT.

$$
