478
CXUS54 KBMX 021219
CLMBHM


CLIMATE REPORT
NATIONAL WEATHER SERVICE BIRMINGHAM, AL
619 AM CST THU MAR 2 2017

...................................

...THE BIRMINGHAM CLIMATE SUMMARY FOR THE MONTH OF FEBRUARY 2017...

CLIMATE NORMAL PERIOD 1981 TO 2010
CLIMATE RECORD PERIOD 1895 TO 2017

WEATHER         OBSERVED          NORMAL  DEPART  LAST YEAR`S
                 VALUE   DATE(S)  VALUE   FROM    VALUE  DATE(S)
                                          NORMAL
................................................................
TEMPERATURE (F)
RECORD
 HIGH              83   02/23/1996
                        02/13/1962
 LOW              -10   02/13/1899
HIGHEST            81   02/24        MM      MM       77  02/02
LOWEST             24   02/04        MM      MM       23  02/10
AVG. MAXIMUM     66.0              58.4     7.6     60.1
AVG. MINIMUM     44.7              37.1     7.6     40.4
MEAN             55.4                               50.2
DAYS MAX >= 90      0               0.0     0.0        0
DAYS MAX <= 32      0               0.2    -0.2        0
DAYS MIN <= 32      4               9.7    -5.7        9
DAYS MIN <= 0       0               0.0     0.0        0

PRECIPITATION (INCHES)
RECORD
 MAXIMUM        17.67   1961
 MINIMUM         1.13   1968
TOTALS           2.95              4.53   -1.58     7.46
DAILY AVG.       0.11              0.16   -0.05     0.26
DAYS >= .01        12              10.0     2.0        8
DAYS >= .10         8               6.9     1.1        6
DAYS >= .50         1               3.6    -2.6        5
DAYS >= 1.00        0               1.2    -1.2        4

DEGREE_DAYS
HEATING TOTAL     267               485    -218      429
 SINCE 7/1       1372              2190    -818     1670
COOLING TOTAL       4                 3       1        7
 SINCE 1/1         15                 4      11        7
.................................................................

WIND (MPH)
AVERAGE WIND SPEED              6.7
HIGHEST WIND SPEED/DIRECTION    28/330    DATE  02/08
HIGHEST GUST SPEED/DIRECTION    36/320    DATE  02/08

AVERAGE RH (PERCENT)     67

WEATHER CONDITIONS. NUMBER OF DAYS WITH
THUNDERSTORM              0     MIXED PRECIP               0
HEAVY RAIN                3     RAIN                       7
LIGHT RAIN               12     FREEZING RAIN              0
LT FREEZING RAIN          0     HAIL                       0
HEAVY SNOW                0     SNOW                       0
LIGHT SNOW                0     SLEET                      0
FOG                      12     FOG W/VIS <= 1/4 MILE      0
HAZE                      2

-  INDICATES NEGATIVE NUMBERS.
R  INDICATES RECORD WAS SET OR TIED.
MM INDICATES DATA IS MISSING.
T  INDICATES TRACE AMOUNT.

$$
