000
CXUS54 KBMX 011154
CLMBHM


CLIMATE REPORT
NATIONAL WEATHER SERVICE BIRMINGHAM, AL
553 AM CST THU DEC 1 2016

...................................

...THE BIRMINGHAM CLIMATE SUMMARY FOR THE MONTH OF NOVEMBER 2016...

CLIMATE NORMAL PERIOD 1981 TO 2010
CLIMATE RECORD PERIOD 1895 TO 2016

WEATHER         OBSERVED          NORMAL  DEPART  LAST YEAR`S
                 VALUE   DATE(S)  VALUE   FROM    VALUE  DATE(S)
                                          NORMAL
................................................................
TEMPERATURE (F)
RECORD
 HIGH              88   11/01/2016
 LOW                5   11/25/1950
HIGHEST            88R  11/01        MM      MM       81  11/06
LOWEST             29   11/21        MM      MM       27  11/23
AVG. MAXIMUM     72.0              65.4     6.6     68.5
AVG. MINIMUM     45.0              43.5     1.5     50.5
MEAN             58.5                               59.5
DAYS MAX >= 90      0               0.0     0.0        0
DAYS MAX <= 32      0               0.0     0.0        0
DAYS MIN <= 32      4               4.7    -0.7        3
DAYS MIN <= 0       0               0.0     0.0        0

PRECIPITATION (INCHES)
RECORD
 MAXIMUM        15.25   1948
 MINIMUM         0.01   1924
TOTALS           2.07              4.85   -2.78     4.54
DAILY AVG.       0.07              0.16   -0.09     0.15
DAYS >= .01         4               9.1    -5.1       10
DAYS >= .10         2               6.6    -4.6        5
DAYS >= .50         2               3.1    -1.1        3
DAYS >= 1.00        1               1.8    -0.8        2

DEGREE_DAYS
HEATING TOTAL     213               331    -118      205
 SINCE 7/1        232               458    -226      271
COOLING TOTAL      26                15      11       45
 SINCE 1/1       2674              2055     619     2257
.................................................................

WIND (MPH)
AVERAGE WIND SPEED              4.9
HIGHEST WIND SPEED/DIRECTION    32/260    DATE  11/30
HIGHEST GUST SPEED/DIRECTION    47/270    DATE  11/30

AVERAGE RH (PERCENT)     57

WEATHER CONDITIONS. NUMBER OF DAYS WITH
THUNDERSTORM              0     MIXED PRECIP               0
HEAVY RAIN                3     RAIN                       3
LIGHT RAIN                4     FREEZING RAIN              0
LT FREEZING RAIN          0     HAIL                       0
HEAVY SNOW                0     SNOW                       0
LIGHT SNOW                0     SLEET                      0
FOG                       7     FOG W/VIS <= 1/4 MILE      4
HAZE                      4

-  INDICATES NEGATIVE NUMBERS.
R  INDICATES RECORD WAS SET OR TIED.
MM INDICATES DATA IS MISSING.
T  INDICATES TRACE AMOUNT.

$$
