826
CXUS54 KBMX 041405
CLMBHM


CLIMATE REPORT
NATIONAL WEATHER SERVICE BIRMINGHAM, AL
903 AM CDT TUE JUL 4 2017

...................................

...THE BIRMINGHAM CLIMATE SUMMARY FOR THE MONTH OF JUNE 2017...

CLIMATE NORMAL PERIOD 1981 TO 2010
CLIMATE RECORD PERIOD 1895 TO 2017

WEATHER         OBSERVED          NORMAL  DEPART  LAST YEAR`S
                 VALUE   DATE(S)  VALUE   FROM    VALUE  DATE(S)
                                          NORMAL
................................................................
TEMPERATURE (F)
RECORD
 HIGH             106   06/29/1931
 LOW               42   06/01/1966
HIGHEST            93   06/15        MM      MM      100  06/26
LOWEST             58   06/08        MM      MM       61  06/09
                                                          06/08
AVG. MAXIMUM     85.0              87.7    -2.7     91.4
AVG. MINIMUM     68.5              67.7     0.8     70.1
MEAN             76.8                               80.7
DAYS MAX >= 90      3              10.6    -7.6       21
DAYS MAX <= 32      0               0.0     0.0        0
DAYS MIN <= 32      0               0.0     0.0        0
DAYS MIN <= 0       0               0.0     0.0        0

PRECIPITATION (INCHES)
RECORD
 MAXIMUM        12.09   1900
 MINIMUM         0.47   1931
TOTALS          10.80              4.38    6.42     3.96
DAILY AVG.       0.36              0.15    0.21     0.13
DAYS >= .01        16              11.0     5.0       12
DAYS >= .10        13               7.9     5.1        6
DAYS >= .50         8               3.3     4.7        2
DAYS >= 1.00        4               1.1     2.9        2

DEGREE_DAYS
HEATING TOTAL       0                 1      -1        0
 SINCE 7/1       1689              2677    -988     1957
COOLING TOTAL     360               382     -22      479
 SINCE 1/1        822               664     158      802
.................................................................

WIND (MPH)
AVERAGE WIND SPEED              5.2
HIGHEST WIND SPEED/DIRECTION    37/340    DATE  06/15
HIGHEST GUST SPEED/DIRECTION    47/350    DATE  06/15

AVERAGE RH (PERCENT)     73

WEATHER CONDITIONS. NUMBER OF DAYS WITH
THUNDERSTORM              0     MIXED PRECIP               0
HEAVY RAIN               10     RAIN                      13
LIGHT RAIN               15     FREEZING RAIN              0
LT FREEZING RAIN          0     HAIL                       0
HEAVY SNOW                0     SNOW                       0
LIGHT SNOW                0     SLEET                      0
FOG                      18     FOG W/VIS <= 1/4 MILE      1
HAZE                      5

-  INDICATES NEGATIVE NUMBERS.
R  INDICATES RECORD WAS SET OR TIED.
MM INDICATES DATA IS MISSING.
T  INDICATES TRACE AMOUNT.

$$
