000
CXUS54 KBMX 011937
CLMBHM


CLIMATE REPORT
NATIONAL WEATHER SERVICE BIRMINGHAM, AL
136 PM CST SUN FEB 1 2015

...................................

...THE BIRMINGHAM CLIMATE SUMMARY FOR THE MONTH OF JANUARY 2015...

CLIMATE NORMAL PERIOD 1981 TO 2010
CLIMATE RECORD PERIOD 2014 TO 2015

WEATHER         OBSERVED          NORMAL  DEPART  LAST YEAR`S
                 VALUE   DATE(S)  VALUE   FROM    VALUE  DATE(S)
                                          NORMAL
................................................................
TEMPERATURE (F)
RECORD
 HIGH              81   01/10/1949
 LOW               -6   01/21/1985
HIGHEST            68   01/19        MM      MM       65  01/11
LOWEST              8   01/08        MM      MM        7  01/07
AVG. MAXIMUM     53.1              53.8    -0.7     48.2
AVG. MINIMUM     31.4              33.8    -2.4     24.1
MEAN             42.3                               36.1
DAYS MAX >= 90      0               0.0     0.0        0
DAYS MAX <= 32      0               0.7    -0.7        4
DAYS MIN <= 32     17              14.9     2.1       27
DAYS MIN <= 0       0               0.1    -0.1        0

PRECIPITATION (INCHES)
RECORD
 MAXIMUM        13.37   1937
 MINIMUM         1.09   1981
TOTALS           4.38              4.84   -0.46     1.56
DAILY AVG.       0.14              0.16   -0.02     0.05
DAYS >= .01        10              10.5    -0.5        8
DAYS >= .10         6               7.5    -1.5        4
DAYS >= .50         5               3.6     1.4        1
DAYS >= 1.00        1               1.3    -0.3        0

DEGREE_DAYS
HEATING TOTAL     699               658      41      888
 SINCE 7/1       1757              1705      52     1971
COOLING TOTAL       0                 1      -1        0
 SINCE 1/1          0                 0       0        0
.................................................................

WIND (MPH)
AVERAGE WIND SPEED              6.5
HIGHEST WIND SPEED/DIRECTION    43/270    DATE  01/25
HIGHEST GUST SPEED/DIRECTION    57/260    DATE  01/25

AVERAGE RH (PERCENT)     65

WEATHER CONDITIONS. NUMBER OF DAYS WITH
THUNDERSTORM              0     MIXED PRECIP               0
HEAVY RAIN                4     RAIN                       5
LIGHT RAIN                9     FREEZING RAIN              0
LT FREEZING RAIN          0     HAIL                       0
HEAVY SNOW                0     SNOW                       0
LIGHT SNOW                0     SLEET                      1
FOG                      14     FOG W/VIS <= 1/4 MILE      2
HAZE                      2

-  INDICATES NEGATIVE NUMBERS.
R  INDICATES RECORD WAS SET OR TIED.
MM INDICATES DATA IS MISSING.
T  INDICATES TRACE AMOUNT.

$$
