000
CXUS54 KBMX 011441
CLMBHM


CLIMATE REPORT
NATIONAL WEATHER SERVICE BIRMINGHAM, AL
840 AM CST SUN MAR 1 2015

...................................

...THE BIRMINGHAM CLIMATE SUMMARY FOR THE MONTH OF FEBRUARY 2015...

CLIMATE NORMAL PERIOD 1981 TO 2010
CLIMATE RECORD PERIOD 2014 TO 2015

WEATHER         OBSERVED          NORMAL  DEPART  LAST YEAR`S
                 VALUE   DATE(S)  VALUE   FROM    VALUE  DATE(S)
                                          NORMAL
................................................................
TEMPERATURE (F)
RECORD
 HIGH              83   02/23/1996
                        02/13/1962
 LOW              -10   02/13/1899
HIGHEST            69   02/08        MM      MM       72  02/23
                                                          02/20
LOWEST             13   02/19        MM      MM       20  02/27
AVG. MAXIMUM     50.4              58.4    -8.0     56.8
AVG. MINIMUM     28.5              37.1    -8.6     35.2
MEAN             39.4                               46.0
DAYS MAX >= 90      0               0.0     0.0        0
DAYS MAX <= 32      1               0.2     0.8        0
DAYS MIN <= 32     23               9.7    13.3       12
DAYS MIN <= 0       0               0.0     0.0        0

PRECIPITATION (INCHES)
RECORD
 MAXIMUM        17.67   1961
 MINIMUM         1.13   1968
TOTALS           4.32              4.53   -0.21     5.37
DAILY AVG.       0.15              0.16   -0.01     0.19
DAYS >= .01         9              10.0    -1.0       15
DAYS >= .10         6               6.9    -0.9       10
DAYS >= .50         3               3.6    -0.6        4
DAYS >= 1.00        2               1.2     0.8        1

DEGREE_DAYS
HEATING TOTAL     709               485     224      527
 SINCE 7/1       2466              2190     276     2498
COOLING TOTAL       0                 3      -3        3
 SINCE 1/1          0                 4      -4        3
.................................................................

WIND (MPH)
AVERAGE WIND SPEED              7.9
HIGHEST WIND SPEED/DIRECTION    29/280    DATE  02/18
HIGHEST GUST SPEED/DIRECTION    39/290    DATE  02/18

AVERAGE RH (PERCENT)     59

WEATHER CONDITIONS. NUMBER OF DAYS WITH
THUNDERSTORM              0     MIXED PRECIP               0
HEAVY RAIN                2     RAIN                       6
LIGHT RAIN                8     FREEZING RAIN              0
LT FREEZING RAIN          3     HAIL                       1
HEAVY SNOW                0     SNOW                       1
LIGHT SNOW                1     SLEET                      2
FOG                      10     FOG W/VIS <= 1/4 MILE      0
HAZE                      3

-  INDICATES NEGATIVE NUMBERS.
R  INDICATES RECORD WAS SET OR TIED.
MM INDICATES DATA IS MISSING.
T  INDICATES TRACE AMOUNT.

$$
