000
CXUS55 KVEF 011124
CLMBIH

CLIMATE REPORT
NATIONAL WEATHER SERVICE LAS VEGAS, NV
406 AM PDT TUE JUL 1 2014

...................................

...THE BISHOP CA CLIMATE SUMMARY FOR THE MONTH OF JUNE 2014...

CLIMATE NORMAL PERIOD 1981 TO 2010
CLIMATE RECORD PERIOD 1943 TO 2014

WEATHER         OBSERVED          NORMAL  DEPART  LAST YEAR`S
                 VALUE   DATE(S)  VALUE   FROM    VALUE  DATE(S)
                                          NORMAL
................................................................
TEMPERATURE (F)
RECORD
 HIGH             109   06/30/2013
 LOW               25   06/02/2011
HIGHEST           106   06/30        91      15      109  06/30
                        06/29
LOWEST             42   06/03        51      -9       48  06/16
AVG. MAXIMUM     95.6              92.0     3.6     96.7
AVG. MINIMUM     53.6              51.0     2.6     54.9
MEAN             74.6              71.5     3.1     75.8
DAYS MAX >= 90     26              19.7     6.3       25
DAYS MAX <= 32      0               0.0     0.0        0
DAYS MIN <= 32      0               0.1    -0.1        0
DAYS MIN <= 0       0               0.0     0.0        0

PRECIPITATION (INCHES)
RECORD
 MAXIMUM         1.31   1998
 MINIMUM         0.00   2012
                        2010
                        2008
TOTALS              T              0.19   -0.19        T
DAILY AVG.          T              0.01   -0.01        T
DAYS >= .01         0               1.5    -1.5        0
DAYS >= .10         0               0.5    -0.5        0
DAYS >= .50         0               0.1    -0.1        0
DAYS >= 1.00        0               0.0     0.0        0
GREATEST
 24 HR. TOTAL       T   06/10 TO 06/10

DEGREE_DAYS
HEATING TOTAL       0                19     -19        0
 SINCE 7/1       3682              4177    -495     3851
COOLING TOTAL     296               214      82      330
 SINCE 1/1        381               282      99      416

FREEZE DATES
RECORD
 EARLIEST     09/20/1986
 LATEST       06/07/1988
EARLIEST      10/05             10/15
LATEST        03/31             05/03
.................................................................

WIND (MPH)
AVERAGE WIND SPEED              8.2
HIGHEST WIND SPEED/DIRECTION    33/340    DATE  06/13
HIGHEST GUST SPEED/DIRECTION    45/360    DATE  06/26

SKY COVER
POSSIBLE SUNSHINE (PERCENT)   MM
AVERAGE SKY COVER           0.00
NUMBER OF DAYS FAIR           30
NUMBER OF DAYS PC              0
NUMBER OF DAYS CLOUDY          0

AVERAGE RH (PERCENT)     21

WEATHER CONDITIONS. NUMBER OF DAYS WITH
THUNDERSTORM              0     MIXED PRECIP               0
HEAVY RAIN                0     RAIN                       0
LIGHT RAIN                1     FREEZING RAIN              0
LT FREEZING RAIN          0     HAIL                       0
HEAVY SNOW                0     SNOW                       0
LIGHT SNOW                0     SLEET                      0
FOG                       0     FOG W/VIS <= 1/4 MILE      0
HAZE                      2

-  INDICATES NEGATIVE NUMBERS.
R  INDICATES RECORD WAS SET OR TIED.
MM INDICATES DATA IS MISSING.
T  INDICATES TRACE AMOUNT.

$$
