000
CXUS55 KVEF 201608
CLMBIH

CLIMATE REPORT
NATIONAL WEATHER SERVICE LAS VEGAS, NV
908 AM PDT WED JUL 20 2016

...................................

...THE BISHOP CA CLIMATE SUMMARY FOR THE MONTH OF JUNE 2016...

CLIMATE NORMAL PERIOD 1981 TO 2010
CLIMATE RECORD PERIOD 1943 TO 2016

WEATHER         OBSERVED          NORMAL  DEPART  LAST YEAR`S
                 VALUE   DATE(S)  VALUE   FROM    VALUE  DATE(S)
                                          NORMAL
................................................................
TEMPERATURE (F)
RECORD
 HIGH             109   06/30/2013
 LOW               25   06/02/2011
HIGHEST           106   06/28        91      15      108  06/20
                        06/27
LOWEST             42   06/16        51      -9       47  06/22
                                                          06/02
AVG. MAXIMUM     97.5              92.0     5.5     96.5
AVG. MINIMUM     55.8              51.0     4.8     55.2
MEAN             76.6              71.5     5.1     75.9
DAYS MAX >= 90     25              19.7     5.3       24
DAYS MAX <= 32      0               0.0     0.0        0
DAYS MIN <= 32      0               0.1    -0.1        0
DAYS MIN <= 0       0               0.0     0.0        0

PRECIPITATION (INCHES)
RECORD
 MAXIMUM         1.31   1998
 MINIMUM         0.00   2012
                        2010
                        2008
TOTALS           0.50              0.19    0.31     0.39
DAILY AVG.       0.02              0.01    0.01     0.01
DAYS >= .01         2               1.5     0.5        3
DAYS >= .10         2               0.5     1.5        1
DAYS >= .50         0               0.1    -0.1        0
DAYS >= 1.00        0               0.0     0.0        0
GREATEST
 24 HR. TOTAL    0.50   06/11 TO 06/12

DEGREE_DAYS
HEATING TOTAL       3                19     -16        0
 SINCE 7/1       3757              4177    -420     3118
COOLING TOTAL     360               214     146      334
 SINCE 1/1        407               282     125      385

FREEZE DATES
RECORD
 EARLIEST     09/20/1986
 LATEST       06/07/1988
EARLIEST      12/01             10/15
LATEST        03/31             05/03
.................................................................

WIND (MPH)
AVERAGE WIND SPEED              8.3
HIGHEST WIND SPEED/DIRECTION    36/360    DATE  06/27
HIGHEST GUST SPEED/DIRECTION    61/010    DATE  06/27

SKY COVER
POSSIBLE SUNSHINE (PERCENT)   MM
AVERAGE SKY COVER           0.00
NUMBER OF DAYS FAIR           28
NUMBER OF DAYS PC              2
NUMBER OF DAYS CLOUDY          0

AVERAGE RH (PERCENT)     27

WEATHER CONDITIONS. NUMBER OF DAYS WITH
THUNDERSTORM             MM     MIXED PRECIP               0
HEAVY RAIN                1     RAIN                       1
LIGHT RAIN                5     FREEZING RAIN              0
LT FREEZING RAIN          0     HAIL                       0
HEAVY SNOW                0     SNOW                       0
LIGHT SNOW                0     SLEET                      0
FOG                       1     FOG W/VIS <= 1/4 MILE      0
HAZE                      1

-  INDICATES NEGATIVE NUMBERS.
R  INDICATES RECORD WAS SET OR TIED.
MM INDICATES DATA IS MISSING.
T  INDICATES TRACE AMOUNT.

$$
