000
CXUS53 KBIS 011757
CLMBIS

CLIMATE REPORT
NATIONAL WEATHER SERVICE BISMARCK ND
1156 AM CST SUN MAR 1 2015

...................................

...THE BISMARCK ND CLIMATE SUMMARY FOR THE MONTH OF FEBRUARY 2015...

CLIMATE NORMAL PERIOD 1981 TO 2010
CLIMATE RECORD PERIOD 1875 TO 2015

WEATHER         OBSERVED          NORMAL  DEPART  LAST YEAR`S
                 VALUE   DATE(S)  VALUE   FROM    VALUE  DATE(S)
                                          NORMAL
................................................................
TEMPERATURE (F)
RECORD
 HIGH              68   02/25/1958
 LOW              -45   02/16/1936
HIGHEST            48   02/07                         46  02/19
LOWEST            -16   02/27                        -18  02/10
AVG. MAXIMUM     23.0              28.3    -5.3     20.9
AVG. MINIMUM      1.1               7.9    -6.8     -1.6
MEAN             12.0              18.1    -6.1      9.6
DAYS MAX >= 90      0               0.0     0.0        0
DAYS MAX <= 32     22              16.3     5.7       21
DAYS MIN <= 32     28              27.4     0.6       28
DAYS MIN <= 0      16               8.8     7.2       18

PRECIPITATION (INCHES)
RECORD
 MAXIMUM         1.74   2000
 MINIMUM         0.03   1934
                        1985
TOTALS           0.39              0.51   -0.12     0.19
DAILY AVG.       0.01              0.02   -0.01     0.01
DAYS >= .01        12               7.0     5.0        4
DAYS >= .10         1               1.6    -0.6        0
DAYS >= .50         0               0.0     0.0        0
DAYS >= 1.00        0               0.0     0.0        0
GREATEST
 24 HR. TOTAL    0.12   01/31 TO 02/01              0.09

SNOWFALL (INCHES)
RECORDS
 TOTAL           25.6   5
                        0
                        -26215
TOTALS            5.4               8.1    -2.7      2.3
SINCE 7/1        22.9              37.5   -14.6     25.2
SNOWDEPTH AVG.      1                 4      -3        1
DAYS >= 1.0         2               2.7    -0.7        1
GREATEST
 SNOW DEPTH         3   02/05                          2  02/17
                        02/04                             02/14
 24 HR TOTAL      2.0   02/03 TO 02/03               1.2

DEGREE_DAYS
HEATING TOTAL    1476              1313     163
 SINCE 7/1       6361              6431     -70
.................................................................

WIND (MPH)
HIGHEST WIND SPEED/DIRECTION    35/320    DATE  02/23
HIGHEST GUST SPEED/DIRECTION    43/320    DATE  02/23

SKY COVER
POSSIBLE SUNSHINE (PERCENT)   MM
NUMBER OF DAYS FAIR            9
NUMBER OF DAYS PC             10
NUMBER OF DAYS CLOUDY          9


WEATHER CONDITIONS. NUMBER OF DAYS WITH
THUNDERSTORM              0     MIXED PRECIP               0
HEAVY RAIN                0     RAIN                       0
LIGHT RAIN                1     FREEZING RAIN              0
LT FREEZING RAIN          3     HAIL                       0
HEAVY SNOW                0     SNOW                       0
LIGHT SNOW               14     SLEET                      0
FOG                      13     FOG W/VIS <= 1/4 MILE      0
HAZE                      9

-  INDICATES NEGATIVE NUMBERS.
R  INDICATES RECORD WAS SET OR TIED.
MM INDICATES DATA IS MISSING.
T  INDICATES TRACE AMOUNT.

$$
