000
CXUS53 KGRR 011220
CLMBIV

CLIMATE REPORT
NATIONAL WEATHER SERVICE GRAND RAPIDS, MI
820 AM EDT SUN MAY 1 2016

...................................

...THE HOLLAND/TULIP CITY MI CLIMATE SUMMARY FOR THE MONTH OF APRIL 2016...

CLIMATE NORMAL PERIOD 1981 TO 2010
CLIMATE RECORD PERIOD 1996 TO 2016

WEATHER         OBSERVED          NORMAL  DEPART  LAST YEAR`S
                 VALUE   DATE(S)  VALUE   FROM    VALUE  DATE(S)
                                          NORMAL
................................................................
TEMPERATURE (F)
HIGHEST            80   04/17        MM      MM       77  04/18
LOWEST             21   04/05        MM      MM       23  04/04
AVG. MAXIMUM     56.2              58.0    -1.8     59.1
AVG. MINIMUM     37.1              38.6    -1.5     37.6
MEAN             46.7              48.3    -1.6     48.3
DAYS MAX >= 90      0               0.0     0.0        0
DAYS MAX <= 32      0               0.1    -0.1        0
DAYS MIN <= 32     10               6.5     3.5        4
DAYS MIN <= 0       0               0.0     0.0        0

PRECIPITATION (INCHES)
TOTALS           3.05              3.25   -0.20     3.92
DAILY AVG.       0.10              0.11   -0.01     0.13
DAYS >= .01        15                MM      MM       10
DAYS >= .10         9                MM      MM        7
DAYS >= .50         2                MM      MM        2
DAYS >= 1.00        0                MM      MM        1
GREATEST
 24 HR. TOTAL    0.77   04/10 TO 04/11

DEGREE_DAYS
HEATING TOTAL     547               505      42      493
 SINCE 7/1       5293              5879    -586     6437
COOLING TOTAL       1                 4      -3        0
 SINCE 1/1          1                 4      -3        0
.................................................................

WIND (MPH)
AVERAGE WIND SPEED              8.6
RESULTANT WIND SPEED/DIRECTION   2/085
HIGHEST WIND SPEED/DIRECTION    35/210    DATE  04/03
HIGHEST GUST SPEED/DIRECTION    43/230    DATE  04/03

SKY COVER
POSSIBLE SUNSHINE (PERCENT)   MM
AVERAGE SKY COVER           0.50
NUMBER OF DAYS FAIR           11
NUMBER OF DAYS PC             10
NUMBER OF DAYS CLOUDY          9

AVERAGE RH (PERCENT)     65

WEATHER CONDITIONS. NUMBER OF DAYS WITH
THUNDERSTORM              2     MIXED PRECIP               0
HEAVY RAIN                2     RAIN                       6
LIGHT RAIN               13     FREEZING RAIN              0
LT FREEZING RAIN          1     HAIL                       0
HEAVY SNOW                1     SNOW                       3
LIGHT SNOW                7     SLEET                      0
FOG                      15     FOG W/VIS <= 1/4 MILE      4
HAZE                      4

-  INDICATES NEGATIVE NUMBERS.
R  INDICATES RECORD WAS SET OR TIED.
MM INDICATES DATA IS MISSING.
T  INDICATES TRACE AMOUNT.

&&

APRIL 2016 FEATURED BELOW NORMAL TEMPERATURES ACROSS SOUTHWEST LOWER
MICHIGAN FOR THE FIRST TIME SINCE AUGUST 2015. PRECIPITATION WAS
VARIABLE... BUT AVERAGED NEAR NORMAL ACROSS THE AREA. SNOWFALL WAS
ABOVE NORMAL.

THE FIRST HALF OF APRIL WAS LARGELY COOLER THAN NORMAL ACROSS
SOUTHWEST LOWER MICHIGAN... WITH HIGHS JUST IN THE 30S AND 40S FOR
SEVERAL DAYS. THE WEATHER PATTERN THEN FLIPPED AND PRODUCED WELL
ABOVE NORMAL TEMPERATURES FOR A WEEK BETWEEN APRIL 15-21. AFTER A
FEW 70 DEGREE DAYS... MOST LOCATIONS HIT 80 DEGREES ON APRIL 18.
HOWEVER... APRIL 2016 ENDED RATHER GLOOMILY WITH COOL AND DAMP
CONDITIONS.

WITH MUCH COOLER THAN NORMAL TEMPERATURES IN PLACE DURING THE FIRST
HALF OF APRIL... SOUTHWEST LOWER MICHIGAN RECEIVED BOUTS OF SNOW
MIXED WITH RAIN...SLEET... AND FREEZING RAIN AT TIMES. CENTRAL AND
NORTHERN LOWER MICHIGAN SAW THE HEAVIEST SNOW... BUT MOST LOCATIONS
RECEIVED ACCUMULATING SNOW ON APRIL 2 AND AGAIN APRIL 8-10. GRAND
RAPIDS AND LANSING RECEIVED 4-6 INCHES OF SNOW ON APRIL 8.

THE LAST WEEK OF APRIL FEATURED 1 OR 2 SUNNY DAYS... BUT OTHERWISE A
FAIR AMOUNT OF CLOUD COVER. SEVERE WEATHER STRUCK SOUTHWEST LOWER
MICHIGAN ON APRIL 25. THE STORMS BROUGHT FREQUENT LIGHTNING... LARGE
HAIL... MODERATE TO HEAVY RAIN... AND GUSTY WINDS. THE MONTH ENDED
WITH COOLER TEMPERATURES AND SOME STEADY RAIN ON APRIL 28 AND APRIL
30.

$$

EBW
