000
CXUS53 KGRR 011250
CLMBIV


CLIMATE REPORT
NATIONAL WEATHER SERVICE GRAND RAPIDS, MI
747 AM EST FRI DEC 1 2017

...................................

...THE HOLLAND/TULIP CITY MI CLIMATE SUMMARY FOR THE MONTH OF NOVEMBER 2017...

CLIMATE NORMAL PERIOD 1981 TO 2010
CLIMATE RECORD PERIOD 1996 TO 2017

WEATHER         OBSERVED          NORMAL  DEPART  LAST YEAR`S
                 VALUE   DATE(S)  VALUE   FROM    VALUE  DATE(S)
                                          NORMAL
................................................................
TEMPERATURE (F)
HIGHEST            60   11/24        MM      MM       73  11/01
LOWEST             20   11/10        MM      MM       22  11/22
AVG. MAXIMUM     46.6              48.6    -2.0     53.7
AVG. MINIMUM     33.0              34.9    -1.9     38.8
MEAN             39.8              41.7    -1.9     46.2
DAYS MAX >= 90      0               0.0     0.0        0
DAYS MAX <= 32      1               1.1    -0.1        0
DAYS MIN <= 32     16              11.4     4.6        4
DAYS MIN <= 0       0               0.0     0.0        0

PRECIPITATION (INCHES)
TOTALS           2.73              3.46   -0.73     3.32
DAILY AVG.       0.09              0.12   -0.03     0.11
DAYS >= .01        12                MM      MM        9
DAYS >= .10         6                MM      MM        6
DAYS >= .50         3                MM      MM        2
DAYS >= 1.00        0                MM      MM        1
GREATEST
 24 HR. TOTAL    0.68   11/15 TO 11/15

DEGREE_DAYS
HEATING TOTAL     750               698      52      553
 SINCE 7/1       1167              1223     -56      898
COOLING TOTAL       0                 0       0        0
 SINCE 1/1        613               693     -80      785
.................................................................

WIND (MPH)
AVERAGE WIND SPEED              9.2
RESULTANT WIND SPEED/DIRECTION   3/230
HIGHEST WIND SPEED/DIRECTION    31/220    DATE  11/28
HIGHEST GUST SPEED/DIRECTION    42/210    DATE  11/28

SKY COVER
POSSIBLE SUNSHINE (PERCENT)   MM
AVERAGE SKY COVER           0.60
NUMBER OF DAYS FAIR            7
NUMBER OF DAYS PC             12
NUMBER OF DAYS CLOUDY         11

AVERAGE RH (PERCENT)     70

WEATHER CONDITIONS. NUMBER OF DAYS WITH
THUNDERSTORM              0     MIXED PRECIP               0
HEAVY RAIN                2     RAIN                       4
LIGHT RAIN               16     FREEZING RAIN              0
LT FREEZING RAIN          0     HAIL                       0
HEAVY SNOW                0     SNOW                       0
LIGHT SNOW                4     SLEET                      0
FOG                      12     FOG W/VIS <= 1/4 MILE      1
HAZE                      2

-  INDICATES NEGATIVE NUMBERS.
R  INDICATES RECORD WAS SET OR TIED.
MM INDICATES DATA IS MISSING.
T  INDICATES TRACE AMOUNT.

$$
