000
CXUS53 KGRR 011934
CLMBIV

CLIMATE REPORT
NATIONAL WEATHER SERVICE GRAND RAPIDS, MI
231 PM EST SUN MAR 1 2015...CORRECTED FOR NARRATIVE INFORMATION

...................................

...THE HOLLAND/TULIP CITY MI CLIMATE SUMMARY FOR THE MONTH OF FEBRUARY 2015...

CLIMATE NORMAL PERIOD 1981 TO 2010
CLIMATE RECORD PERIOD 1996 TO 2015

WEATHER         OBSERVED          NORMAL  DEPART  LAST YEAR`S
                 VALUE   DATE(S)  VALUE   FROM    VALUE  DATE(S)
                                          NORMAL
................................................................
TEMPERATURE (F)
HIGHEST            42   02/07        MM      MM       46  02/20
LOWEST            -14   02/20        MM      MM      -11  02/12
AVG. MAXIMUM     24.2              35.1   -10.9     25.1
AVG. MINIMUM      7.8              21.6   -13.8      9.9
MEAN             16.0              28.3   -12.3     17.5
DAYS MAX >= 90      0               0.0     0.0        0
DAYS MAX <= 32     25              10.9    14.1       24
DAYS MIN <= 32     28              24.4     3.6       28
DAYS MIN <= 0       6               0.4     5.6        6

PRECIPITATION (INCHES)
TOTALS           0.84              1.80   -0.96     1.67
DAILY AVG.       0.03              0.06   -0.03     0.06
DAYS >= .01        11                MM      MM       14
DAYS >= .10         3                MM      MM        5
DAYS >= .50         0                MM      MM        1
DAYS >= 1.00        0                MM      MM        0
GREATEST
 24 HR. TOTAL    0.31   02/01 TO 02/02           02/20 TO 02/21

DEGREE_DAYS
HEATING TOTAL    1366              1026     340     1322
 SINCE 7/1       4967              4500     467     5158
COOLING TOTAL       0                 0       0        0
 SINCE 1/1          0                 0       0        0
..................................................

WIND (MPH)
AVERAGE WIND SPEED              9.1
RESULTANT WIND SPEED/DIRECTION   1/257
HIGHEST WIND SPEED/DIRECTION    36/230    DATE  02/24
HIGHEST GUST SPEED/DIRECTION    45/240    DATE  02/24

SKY COVER
POSSIBLE SUNSHINE (PERCENT)   MM
AVERAGE SKY COVER           0.70
NUMBER OF DAYS FAIR            4
NUMBER OF DAYS PC              8
NUMBER OF DAYS CLOUDY         16

AVERAGE RH (PERCENT)     68

WEATHER CONDITIONS. NUMBER OF DAYS WITH
THUNDERSTORM              0     MIXED PRECIP               0
HEAVY RAIN                0     RAIN                       0
LIGHT RAIN                0     FREEZING RAIN              0
LT FREEZING RAIN          2     HAIL                       0
HEAVY SNOW                6     SNOW                       9
LIGHT SNOW               20     SLEET                      0
FOG                      15     FOG W/VIS <= 1/4 MILE      5
HAZE                     20

-  INDICATES NEGATIVE NUMBERS.
R  INDICATES RECORD WAS SET OR TIED.
MM INDICATES DATA IS MISSING.
T  INDICATES TRACE AMOUNT.

&&

THE MONTH STARTED OUT ACTIVE... WITH WINTER STORMS DEPOSITING
MEASURABLE SNOW ON THE 1ST THROUGH THE 4TH AND TEMPERATURES BELOW
AVERAGE. TEMPERATURES THEN WARMED CLOSER TO NORMAL FOR UNDER A WEEK
WITH ZERO OR TRACE AMOUNTS OF PRECIPITATION RECORDED FROM THE 5TH
THROUGH THE 10TH. TEMPERATURES THEN FELL MUCH BELOW NORMAL FOR MOST
OF THE REMAINDER OF THE MONTH... AND ACTIVE WEATHER DOMINATED. SNOW
FALL WAS RECORDED ON MOST DAYS THROUGH THE END OF THE MONTH.

THE AVERAGE TEMPERATURE FOR GRAND RAPIDS IN FEBRUARY WAS 13.3
DEGREES. THIS WAS THE COLDEST FEBRUARY ON RECORD. THE PREVIOUS
RECORD WAS 14.0 DEGREES FROM 1904. LANSING WITH A VALUE OF 11.4
DEGREES EXPERIENCED ITS 4TH COLDEST FEBRUARY ON RECORD. MUSKEGAN
HAD ITS 6TH COLDEST FEBRUARY WITH 15.9 DEGREES. MANY DAILY RECORD
TEMPERATURES WERE ALSO SET IN FEBRUARY 2015.

PRECIPITATION TOTALS VARIED FROM HALF AN INCH UP TO 2 INCHES FOR
FEBRUARY 2015. THE HIGHEST AMOUNTS WERE IN FAR SOUTHWEST LOWER
MICHIGAN WITH VALUES FALLING OFF TO THE NORTHEAST. THE SOUTHWEST SAW
CLOSE TO NORMAL PRECIPITATION WITH VALUES ONLY ABOUT HALF OF NORMAL
LEVELS RECORDED IN THE NORTHEAST.

SNOWFALL IN FEBRUARY 2015 RANGED FROM 20 TO 30 INCHES ACROSS THE
WESTERN THIRD OF LOWER MICHIGAN WITH 15 TO 20 INCHES ACROSS
SOUTHEAST LOWER MICHIGAN. LESSER AMOUNTS FELL IN NORTHEAST LOWER.
SOUTHERN LOWER MICHIGAN ENDED UP WITH CLOSE TO TWICE THEIR NORMAL
SNOWFALL WITH TOTALS CLOSE TO NORMAL ACROSS NORTHERN LOWER MICHIGAN.

$$

JAM
63
