000
CXUS53 KGRR 030555 CCA
CLMBIV

CLIMATE REPORT
NATIONAL WEATHER SERVICE GRAND RAPIDS, MI
616 AM EST THU JAN 1 2015

...................................

...THE HOLLAND/TULIP CITY MI CLIMATE SUMMARY FOR THE MONTH OF DECEMBER 2014...

CLIMATE NORMAL PERIOD 1981 TO 2010
CLIMATE RECORD PERIOD 1996 TO 2014

WEATHER         OBSERVED          NORMAL  DEPART  LAST YEAR`S
                 VALUE   DATE(S)  VALUE   FROM    VALUE  DATE(S)
                                          NORMAL
................................................................
TEMPERATURE (F)
HIGHEST            52   12/15        MM      MM       58  12/04
LOWEST             16   12/31        MM      MM        8  12/24
AVG. MAXIMUM     39.2              36.5     2.7     32.1
AVG. MINIMUM     29.9              26.1     3.8     21.2
MEAN             34.6              31.3     3.3     26.7
DAYS MAX >= 90      0               0.0     0.0        0
DAYS MAX <= 32      4               9.2    -5.2       18
DAYS MIN <= 32     20              23.7    -3.7       30
DAYS MIN <= 0       0               0.1    -0.1        0

PRECIPITATION (INCHES)
TOTALS           1.39              2.30   -0.91     1.63
DAILY AVG.       0.04              0.07   -0.03     0.05
DAYS >= .01         9                MM      MM       16
DAYS >= .10         5                MM      MM        7
DAYS >= .50         1                MM      MM        0
DAYS >= 1.00        0                MM      MM        0
GREATEST
 24 HR. TOTAL    0.61   12/24 TO 12/24

DEGREE_DAYS
HEATING TOTAL     935              1045    -110     1180
 SINCE 7/1       2326              2268      58     2416
COOLING TOTAL       0                 0       0        0
 SINCE 1/1        570               693    -123      813
.....................................................

WIND (MPH)
AVERAGE WIND SPEED              8.8
RESULTANT WIND SPEED/DIRECTION   3/242
HIGHEST WIND SPEED/DIRECTION    37/240    DATE  12/27
HIGHEST GUST SPEED/DIRECTION    46/250    DATE  12/31

SKY COVER
POSSIBLE SUNSHINE (PERCENT)   MM
AVERAGE SKY COVER           0.70
NUMBER OF DAYS FAIR            4
NUMBER OF DAYS PC             12
NUMBER OF DAYS CLOUDY         15

AVERAGE RH (PERCENT)     73

WEATHER CONDITIONS. NUMBER OF DAYS WITH
THUNDERSTORM              0     MIXED PRECIP               0
HEAVY RAIN                0     RAIN                       3
LIGHT RAIN               10     FREEZING RAIN              0
LT FREEZING RAIN          0     HAIL                       0
HEAVY SNOW                0     SNOW                       1
LIGHT SNOW               10     SLEET                      0
FOG                      17     FOG W/VIS <= 1/4 MILE      1
HAZE                     14

-  INDICATES NEGATIVE NUMBERS.
R  INDICATES RECORD WAS SET OR TIED.
MM INDICATES DATA IS MISSING.
T  INDICATES TRACE AMOUNT.

&&

DECEMBER 2014 WAS A RELATIVELY QUIET MONTH. ABOVE NORMAL
TEMPERATURES... BELOW NORMAL PRECIPITATION... AND WELL BELOW NORMAL
SNOWFALL WAS THE STORY ACROSS THE AREA.

DECEMBER STARTED OUT ON THE COOL SIDE OF NORMAL BUT GRADUALLY WARMED
UP TO WELL ABOVE NORMAL BY MID-MONTH. A FEW EPISODES OF
PRECIPITATION AND MINOR SNOW ACCUMULATIONS OCCURRED IN THE FIRST
HALF OF THE MONTH. AFTER SEVERAL DAYS WITH TEMPERATURES IN THE
40S... MORE SEASONABLE AIR RETURNED ON THE 17TH AND STAYED THROUGH
THE 22ND. OCCASIONAL LIGHT SNOW AND FREEZING DRIZZLE ACCOMPANIED THE
COOLER AIR. A LARGE STORM SYSTEM AFFECTED THE AREA FROM THE 23RD
INTO THE 25TH. THIS SYSTEM HAD TOO MUCH WARM AIR TO PRODUCE
SIGNIFICANT SNOW ACCUMULATIONS ACROSS THE AREA... THOUGH IT DID
PRODUCE THREE QUARTERS TO ONE INCH OF RAIN AND UP TO A HALF INCH OF
SNOW. TEMPERATURES WERE AGAIN WELL ABOVE NORMAL FROM THE 23RD
THROUGH THE 27TH. THE MONTH ENDED WITH A SHARP COOL DOWN AND LIGHT
ACCUMULATING LAKE EFFECT SNOW.

THIS WAS GENERALLY AMONG THE TOP 5 LEAST SNOWY DECEMBERS ACROSS THE
AREA... DUE TO A LACK OF SIGNIFICANT LAKE-EFFECT SNOW AND A LACK OF
SNOW-PRODUCING STORM SYSTEMS. IN MUSKEGON... THIS WAS THE LEAST
SNOWY DECEMBER ON RECORD. REMARKABLY... THIS LARGELY UNEVENTFUL
MONTH FOLLOWED THE SNOWIEST NOVEMBER ON RECORD IN GRAND RAPIDS AND
THE SECOND SNOWIEST NOVEMBER IN MUSKEGON.


$$

CAS/EBW
