000
CXUS51 KRLX 030649
CLMBKW


CLIMATE REPORT
NATIONAL WEATHER SERVICE CHARLESTON WV
148 AM EST FRI MAR 3 2017

...................................

...THE BECKLEY CLIMATE SUMMARY FOR THE MONTH OF FEBRUARY 2017...

CLIMATE NORMAL PERIOD 1981 TO 2010
CLIMATE RECORD PERIOD 1963 TO 2017

WEATHER         OBSERVED          NORMAL  DEPART  LAST YEAR`S
                 VALUE   DATE(S)  VALUE   FROM    VALUE  DATE(S)
                                          NORMAL
................................................................
TEMPERATURE (F)
RECORD
 HIGH              74   02/26/1977
 LOW              -16   02/05/1996
HIGHEST            73   02/24                         64
LOWEST              9   02/04                         -2
AVG. MAXIMUM     52.8              43.1     9.7     41.9
AVG. MINIMUM     32.4              25.7     6.7     26.9
MEAN             42.6              34.4     8.2     34.4
DAYS MAX >= 90      0               0.0     0.0        0
DAYS MAX <= 32      1               5.7    -4.7        9
DAYS MIN <= 32     16              20.9    -4.9       20
DAYS MIN <= 0       0               0.3    -0.3        1

PRECIPITATION (INCHES)
RECORD
 MAXIMUM         6.02   1939
 MINIMUM         0.69   2002
TOTALS           1.66              2.76   -1.10     3.44
DAILY AVG.       0.06              0.10   -0.04     0.12
DAYS >= .01         9              13.9    -4.9       16
DAYS >= .10         4               6.9    -2.9        9
DAYS >= .50         0               1.5    -1.5        1
DAYS >= 1.00        0               0.4    -0.4        0
GREATEST
 24 HR. TOTAL    0.47   02/21 TO 02/22           02/21 TO 02/21
                                                          02/21 TO 02/21
                                                          02/21 TO 02/21

SNOWFALL (INCHES)
RECORDS
 TOTAL           45.0   2010
TOTALS            0.5              16.6   -16.1     18.1
SINCE 7/1        18.8              50.5   -31.7     36.8
SNOWDEPTH AVG.      0                 3      -3        1
DAYS >= 1.0         0               4.7    -4.7        7
GREATEST
 SNOW DEPTH         1   02/10                          8
 24 HR TOTAL      0.5   02/09 TO 02/09               4.8

DEGREE_DAYS
HEATING TOTAL     620               857    -237      879
 SINCE 7/1       3134              4001    -867     3375
COOLING TOTAL       0                 0       0        0
 SINCE 1/1          0                 0       0        0
..................................................

WIND (MPH)
AVERAGE WIND SPEED              8.6
HIGHEST WIND SPEED/DIRECTION    33/250    DATE  02/07
HIGHEST GUST SPEED/DIRECTION    47/220    DATE  02/07

SKY COVER
POSSIBLE SUNSHINE (PERCENT)   MM
AVERAGE SKY COVER           0.50
NUMBER OF DAYS FAIR           11
NUMBER OF DAYS PC             11
NUMBER OF DAYS CLOUDY          6

AVERAGE RH (PERCENT)     59

WEATHER CONDITIONS. NUMBER OF DAYS WITH
THUNDERSTORM              0     MIXED PRECIP               0
HEAVY RAIN                3     RAIN                       3
LIGHT RAIN               11     FREEZING RAIN              0
LT FREEZING RAIN          0     HAIL                       0
HEAVY SNOW                1     SNOW                       0
LIGHT SNOW                3     SLEET                      0
FOG                      12     FOG W/VIS <= 1/4 MILE      3
HAZE                      1

-  INDICATES NEGATIVE NUMBERS.
R  INDICATES RECORD WAS SET OR TIED.
MM INDICATES DATA IS MISSING.
T  INDICATES TRACE AMOUNT.

$$
