000
CXUS51 KRLX 071802
CLMBKW


CLIMATE REPORT
NATIONAL WEATHER SERVICE CHARLESTON WV
151 PM EDT THU JUL 7 2016

...................................

...THE BECKLEY CLIMATE SUMMARY FOR THE MONTH OF JUNE 2016...

CLIMATE NORMAL PERIOD 1981 TO 2010
CLIMATE RECORD PERIOD 1963 TO 2016

WEATHER         OBSERVED          NORMAL  DEPART  LAST YEAR`S
                 VALUE   DATE(S)  VALUE   FROM    VALUE  DATE(S)
                                          NORMAL
................................................................
TEMPERATURE (F)
RECORD
 HIGH              96   06/29/2012
 LOW               32   06/11/1972
HIGHEST            86   06/11                         86
LOWEST             47   06/13                         51
                        06/09
AVG. MAXIMUM     78.6              77.0     1.6     79.6
AVG. MINIMUM     59.2              57.8     1.4     61.7
MEAN             68.9              67.4     1.5     70.7
DAYS MAX >= 90      0               0.0     0.0        0
DAYS MAX <= 32      0               0.0     0.0        0
DAYS MIN <= 32      0               0.0     0.0        0
DAYS MIN <= 0       0               0.0     0.0        0

PRECIPITATION (INCHES)
RECORD
 MAXIMUM         8.07   2016
 MINIMUM         1.26   1999
TOTALS           8.07              4.00    4.07     5.37
DAILY AVG.       0.27              0.13    0.14     0.18
DAYS >= .01        13              13.2    -0.2       17
DAYS >= .10        12               8.5     3.5       13
DAYS >= .50         6               2.8     3.2        2
DAYS >= 1.00        3               0.7     2.3        2
GREATEST
 24 HR. TOTAL    1.86   06/26 TO 06/27           06/26 TO 06/27
                        06/27 TO 06/27                    06/30 TO 06/30
                        06/27 TO 06/28                    06/30 TO 06/30

SNOWFALL (INCHES)
RECORDS
 TOTAL             MM   MM
TOTALS            0.0               0.0     0.0      0.0
SINCE 7/1        45.5              62.0   -16.5     66.2
SNOWDEPTH AVG.      0                MM      MM        0
DAYS >= 1.0         0               0.0     0.0        0
GREATEST
 SNOW DEPTH         0   MM                             0
 24 HR TOTAL      0.0   06/30 TO 06/30               0.0

DEGREE_DAYS
HEATING TOTAL      16                39     -23       10
 SINCE 7/1       4395              5340    -945     5454
COOLING TOTAL     139               111      28      188
 SINCE 1/1        180               152      28      294
.................................................

WIND (MPH)
AVERAGE WIND SPEED              6.3
HIGHEST WIND SPEED/DIRECTION    25/360    DATE  06/23
HIGHEST GUST SPEED/DIRECTION    40/340    DATE  06/23

SKY COVER
POSSIBLE SUNSHINE (PERCENT)   MM
AVERAGE SKY COVER           0.40
NUMBER OF DAYS FAIR           17
NUMBER OF DAYS PC             11
NUMBER OF DAYS CLOUDY          2

AVERAGE RH (PERCENT)     71

WEATHER CONDITIONS. NUMBER OF DAYS WITH
THUNDERSTORM              0     MIXED PRECIP               0
HEAVY RAIN               10     RAIN                       9
LIGHT RAIN               15     FREEZING RAIN              0
LT FREEZING RAIN          0     HAIL                       0
HEAVY SNOW                0     SNOW                       0
LIGHT SNOW                0     SLEET                      0
FOG                      15     FOG W/VIS <= 1/4 MILE      4
HAZE                      4

-  INDICATES NEGATIVE NUMBERS.
R  INDICATES RECORD WAS SET OR TIED.
MM INDICATES DATA IS MISSING.
T  INDICATES TRACE AMOUNT.

$$
