000
CXUS51 KRLX 011357
CLMBKW


CLIMATE REPORT
NATIONAL WEATHER SERVICE CHARLESTON WV
956 AM EDT TUE AUG 1 2017

...................................

...THE BECKLEY WV CLIMATE SUMMARY FOR THE MONTH OF JULY 2017...

CLIMATE NORMAL PERIOD 1981 TO 2010
CLIMATE RECORD PERIOD 1963 TO 2017

WEATHER         OBSERVED          NORMAL  DEPART  LAST YEAR`S
                 VALUE   DATE(S)  VALUE   FROM    VALUE  DATE(S)
                                          NORMAL
................................................................
TEMPERATURE (F)
RECORD
 HIGH              94   07/16/1988
                        07/08/1988
 LOW               41   07/01/1988
                        07/07/1972
                        07/10/1963
HIGHEST            89   07/22                         91
LOWEST             52   07/30                         57
AVG. MAXIMUM     81.0              79.8     1.2     81.9
AVG. MINIMUM     62.0              61.4     0.6     63.8
MEAN             71.5              70.6     0.9     72.9
DAYS MAX >= 90      0               0.4    -0.4        1
DAYS MAX <= 32      0               0.0     0.0        0
DAYS MIN <= 32      0               0.0     0.0        0
DAYS MIN <= 0       0               0.0     0.0        0

PRECIPITATION (INCHES)
RECORD
 MAXIMUM        10.44   1910
 MINIMUM         0.17   2013
TOTALS           3.50              5.03   -1.53     5.69
DAILY AVG.       0.11              0.16   -0.05     0.18
DAYS >= .01        13              13.1    -0.1       14
DAYS >= .10         9               8.6     0.4       11
DAYS >= .50         2               3.4    -1.4        5
DAYS >= 1.00        0               1.2    -1.2        1
GREATEST
 24 HR. TOTAL    0.86   07/28 TO 07/28           07/04 TO 07/05
                                                          07/31 TO 07/31
                                                          07/31 TO 07/31

SNOWFALL (INCHES)
RECORDS
 TOTAL             MM   MM
TOTALS            0.0               0.0     0.0      0.0
SINCE 7/1         0.0               0.0     0.0      0.0
SNOWDEPTH AVG.      0                MM      MM        0
DAYS >= 1.0         0               0.0     0.0        0
GREATEST
 SNOW DEPTH         0   MM                             0
 24 HR TOTAL      0.0   07/31 TO 07/31               0.0

DEGREE_DAYS
HEATING TOTAL       4                 8      -4        0
 SINCE 7/1          4                 8      -4        0
COOLING TOTAL     216               181      35      251
 SINCE 1/1        382               333      49      431
..................................................

WIND (MPH)
AVERAGE WIND SPEED              5.1
HIGHEST WIND SPEED/DIRECTION    22/330    DATE  07/21
HIGHEST GUST SPEED/DIRECTION    32/310    DATE  07/21

SKY COVER
AVERAGE SKY COVER           0.30

AVERAGE RH (PERCENT)     73

WEATHER CONDITIONS. NUMBER OF DAYS WITH
THUNDERSTORM              0     MIXED PRECIP               0
HEAVY RAIN                6     RAIN                      11
LIGHT RAIN               15     FREEZING RAIN              0
LT FREEZING RAIN          0     HAIL                       0
HEAVY SNOW                0     SNOW                       0
LIGHT SNOW                0     SLEET                      0
FOG                      17     FOG W/VIS <= 1/4 MILE      1
HAZE                      0

-  INDICATES NEGATIVE NUMBERS.
R  INDICATES RECORD WAS SET OR TIED.
MM INDICATES DATA IS MISSING.
T  INDICATES TRACE AMOUNT.

$$
