000
CXUS51 KRLX 012050
CLMBKW


CLIMATE REPORT
NATIONAL WEATHER SERVICE CHARLESTON WV
450 PM EDT TUE SEP 1 2015

...................................

...THE BECKLEY CLIMATE SUMMARY FOR THE MONTH OF AUGUST 2015...

CLIMATE NORMAL PERIOD 1981 TO 2010
CLIMATE RECORD PERIOD 1963 TO 2015

WEATHER         OBSERVED          NORMAL  DEPART  LAST YEAR`S
                 VALUE   DATE(S)  VALUE   FROM    VALUE  DATE(S)
                                          NORMAL
................................................................
TEMPERATURE (F)
RECORD
 HIGH              96   08/17/1988
 LOW               36   08/29/1986
HIGHEST            84   08/19                         85
                        08/16
LOWEST             50   08/27                         50
AVG. MAXIMUM     79.0              79.2    -0.2     77.1
AVG. MINIMUM     59.9              60.3    -0.4     60.3
MEAN             69.5              69.7    -0.2     68.7
DAYS MAX >= 90      0               0.5    -0.5        0
DAYS MAX <= 32      0               0.0     0.0        0
DAYS MIN <= 32      0               0.0     0.0        0
DAYS MIN <= 0       0               0.0     0.0        0

PRECIPITATION (INCHES)
RECORD
 MAXIMUM         9.09   1940
 MINIMUM         1.05   2002
TOTALS           2.65              3.47   -0.82     4.11
DAILY AVG.       0.09              0.11   -0.02     0.13
DAYS >= .01        10              10.7    -0.7       14
DAYS >= .10         6               6.9    -0.9        7
DAYS >= .50         2               2.2    -0.2        2
DAYS >= 1.00        0               0.7    -0.7        1
GREATEST
 24 HR. TOTAL    0.86   08/07 TO 08/07           08/21 TO 08/22
                                                          08/31 TO 08/31
                                                          08/31 TO 08/31

SNOWFALL (INCHES)
RECORDS
 TOTAL             MM   MM
TOTALS            0.0               0.0     0.0      0.0
SINCE 7/1         0.0               0.0     0.0      0.0
SNOWDEPTH AVG.      0                MM      MM        0
DAYS >= 1.0         0               0.0     0.0        0
GREATEST
 SNOW DEPTH         0   MM                             0
 24 HR TOTAL      0.0   08/31 TO 08/31               0.0

DEGREE_DAYS
HEATING TOTAL      12                13      -1        7
 SINCE 7/1         12                21      -9       29
COOLING TOTAL     155               160      -5      127
 SINCE 1/1        658               493     165      524
..................................................

WIND (MPH)
AVERAGE WIND SPEED              4.6
HIGHEST WIND SPEED/DIRECTION    22/340    DATE  08/11
HIGHEST GUST SPEED/DIRECTION    32/260    DATE  08/03

SKY COVER
POSSIBLE SUNSHINE (PERCENT)   MM
AVERAGE SKY COVER           0.40
NUMBER OF DAYS FAIR           19
NUMBER OF DAYS PC              8
NUMBER OF DAYS CLOUDY          4

AVERAGE RH (PERCENT)     71

WEATHER CONDITIONS. NUMBER OF DAYS WITH
THUNDERSTORM              0     MIXED PRECIP               0
HEAVY RAIN                6     RAIN                       7
LIGHT RAIN               11     FREEZING RAIN              0
LT FREEZING RAIN          0     HAIL                       0
HEAVY SNOW                0     SNOW                       0
LIGHT SNOW                0     SLEET                      0
FOG                      15     FOG W/VIS <= 1/4 MILE      2
HAZE                      2

-  INDICATES NEGATIVE NUMBERS.
R  INDICATES RECORD WAS SET OR TIED.
MM INDICATES DATA IS MISSING.
T  INDICATES TRACE AMOUNT.

$$
