000
CXUS51 KRNK 010958
CLMBLF


CLIMATE REPORT
NATIONAL WEATHER SERVICE BLACKSBURG VA
550 AM EDT MON AUG 1 2016

...................................

...THE BLUEFIELD WV CLIMATE SUMMARY FOR THE MONTH OF JULY 2016...

CLIMATE NORMAL PERIOD 1981 TO 2010
CLIMATE RECORD PERIOD 1959 TO 2016

WEATHER         OBSERVED          NORMAL  DEPART  LAST YEAR`S
                 VALUE   DATE(S)  VALUE   FROM    VALUE
                                          NORMAL
.............................................................
TEMPERATURE (F)
RECORD
 HIGH              96   07/16/1988
 LOW               40   07/10/1963
HIGHEST            89   07/24                         88
                        07/23
LOWEST             58   07/11                         59
AVG. MAXIMUM     80.8              81.3    -0.5     81.8
AVG. MINIMUM     64.1              64.6    -0.5     65.7
MEAN             72.5              73.0    -0.5     73.8
DAYS MAX >= 90      0               1.1    -1.1        0
DAYS MAX <= 32      0               0.0     0.0        0
DAYS MIN <= 32      0               0.0     0.0        0
DAYS MIN <= 0       0               0.0     0.0        0

PRECIPITATION (INCHES)
RECORD
 MAXIMUM        10.24   1980
 MINIMUM         0.97   1995
TOTALS           5.55              4.17    1.38     5.14
DAILY AVG.       0.18              0.13    0.05     0.17
DAYS >= .01        13              13.0     0.0       18
DAYS >= .10         8               8.1    -0.1       11
DAYS >= .50         3               2.7     0.3        4
DAYS >= 1.00        2               1.0     1.0        0
GREATEST
 24 HR. TOTAL    1.75                               1.24

SNOWFALL (INCHES)
TOTALS            0.0                                0.0
DAYS >= TRACE       0                                  0
DAYS >= 1.0         0                                  0
GREATEST
 24 HR TOTAL      0.0                                0.0

DEGREE_DAYS
HEATING TOTAL       0                 2      -2        0
COOLING TOTAL     235               248     -13      280
..............................................................

WIND (MPH)
AVERAGE WIND SPEED              5.3
HIGHEST WIND SPEED/DIRECTION    37/240    DATE  07/28
HIGHEST GUST SPEED/DIRECTION    51/240    DATE  07/28

SKY COVER
AVERAGE SKY COVER           0.30

AVERAGE RH (PERCENT)     75

WEATHER CONDITIONS. NUMBER OF DAYS WITH
THUNDERSTORM             11     MIXED PRECIP               0
HEAVY RAIN                7     RAIN                       9
LIGHT RAIN               17     FREEZING RAIN              0
LT FREEZING RAIN          0     HAIL                       0
HEAVY SNOW                0     SNOW                       0
LIGHT SNOW                0     SLEET                      0
FOG                      14     FOG W/VIS <= 1/4 MILE      2
HAZE                      2

-  INDICATES NEGATIVE NUMBERS.
R  INDICATES RECORD WAS SET OR TIED.
MM INDICATES DATA IS MISSING.
T  INDICATES TRACE AMOUNT.

$$

PW
