000
CXUS51 KRNK 011119
CLMBLF


CLIMATE REPORT
NATIONAL WEATHER SERVICE BLACKSBURG VA
611 AM EST MON DEC 1 2014

...................................

...THE BLUEFIELD WV CLIMATE SUMMARY FOR THE MONTH OF NOVEMBER 2014...

CLIMATE NORMAL PERIOD 1981 TO 2010
CLIMATE RECORD PERIOD 1959 TO 2014

WEATHER         OBSERVED          NORMAL  DEPART  LAST YEAR`S
                 VALUE   DATE(S)  VALUE   FROM    VALUE
                                          NORMAL
.............................................................
TEMPERATURE (F)
RECORD
 HIGH              81   11/14/1993
 LOW                7   11/25/1970
                        11/24/1970
HIGHEST            74   11/11                14
LOWEST             12   11/19               -18
AVG. MAXIMUM     49.3              55.6    -6.3     52.8
AVG. MINIMUM     31.2              38.6    -7.4     33.6
MEAN             40.2              47.1    -6.9     43.2
DAYS MAX >= 90      0               0.0     0.0
DAYS MAX <= 32      3               0.8     2.2
DAYS MIN <= 32     18               8.3     9.7
DAYS MIN <= 0       0               0.0     0.0

PRECIPITATION (INCHES)
RECORD
 MAXIMUM         5.63   1985
 MINIMUM         0.46   2001
TOTALS           2.46              2.69   -0.23     3.17
DAILY AVG.       0.08              0.09   -0.01     0.11
DAYS >= .01        11              11.0     0.0
DAYS >= .10         6               5.9     0.1
DAYS >= .50         2               1.6     0.4
DAYS >= 1.00        0               0.4    -0.4
GREATEST
 24 HR. TOTAL    0.57   11/16 TO 11/17

SNOWFALL (INCHES)
TOTALS            4.8                                3.4
SINCE 7/1         4.8
SNOWDEPTH AVG.      0
DAYS >= 1.0         2
GREATEST
 SNOW DEPTH         2

DEGREE_DAYS
HEATING TOTAL     734               539     195
 SINCE 7/1       1085               903     182
COOLING TOTAL       0                 2      -2
 SINCE 1/1        827               853     -26
..............................................................

WIND (MPH)
AVERAGE WIND SPEED              8.5
HIGHEST WIND SPEED/DIRECTION    35/240    DATE  11/24
HIGHEST GUST SPEED/DIRECTION    45/240    DATE  11/24

SKY COVER
POSSIBLE SUNSHINE (PERCENT)   MM
AVERAGE SKY COVER           0.50
NUMBER OF DAYS FAIR           11
NUMBER OF DAYS PC              8
NUMBER OF DAYS CLOUDY         11

AVERAGE RH (PERCENT)     57

WEATHER CONDITIONS. NUMBER OF DAYS WITH
THUNDERSTORM              0     MIXED PRECIP               0
HEAVY RAIN                0     RAIN                       3
LIGHT RAIN                9     FREEZING RAIN              0
LT FREEZING RAIN          0     HAIL                       0
HEAVY SNOW                0     SNOW                       1
LIGHT SNOW                9     SLEET                      0
FOG                       8     FOG W/VIS <= 1/4 MILE      2
HAZE                      2

-  INDICATES NEGATIVE NUMBERS.
R  INDICATES RECORD WAS SET OR TIED.
MM INDICATES DATA IS MISSING.
T  INDICATES TRACE AMOUNT.

REMARKS:
DUE TO A POWER FAILURE CAUSING A MISSING LOW TEMPERATURE ON
MAY 30...THE SEASONAL TOTAL AND DEPARTURE FROM NORMAL FOR CDD
WILL BE CALCULATED WITHOUT DATA FROM THAT DATE.

$$
