000
CXUS51 KRNK 011527
CLMBLF


CLIMATE REPORT
NATIONAL WEATHER SERVICE BLACKSBURG VA
1011 AM EST SUN MAR 1 2015

...................................

...THE BLUEFIELD WV CLIMATE SUMMARY FOR THE MONTH OF FEBRUARY 2015...

CLIMATE NORMAL PERIOD 1981 TO 2010
CLIMATE RECORD PERIOD 1959 TO 2015

WEATHER         OBSERVED          NORMAL  DEPART  LAST YEAR`S
                 VALUE   DATE(S)  VALUE   FROM    VALUE
                                          NORMAL
.............................................................
TEMPERATURE (F)
RECORD
 HIGH              75   02/26/1977
 LOW               -9   02/05/1996
HIGHEST            61   02/08                 8
LOWEST             -7   02/20               -24
AVG. MAXIMUM     36.0              45.7    -9.7     44.4
AVG. MINIMUM     17.0              29.1   -12.1     26.9
MEAN             26.5              37.4   -10.9     35.6
DAYS MAX >= 90      0               0.0     0.0
DAYS MAX <= 32     10               4.0     6.0
DAYS MIN <= 32     25              17.2     7.8
DAYS MIN <= 0       2               0.1     1.9

PRECIPITATION (INCHES)
RECORD
 MAXIMUM         6.16   2003
 MINIMUM         0.60   1968
TOTALS           2.08              2.76   -0.68     2.56
DAILY AVG.       0.07              0.10   -0.03     0.09
DAYS >= .01        12              13.1    -1.1
DAYS >= .10         5               6.6    -1.6
DAYS >= .50         1               1.4    -0.4
DAYS >= 1.00        0               0.4    -0.4
GREATEST
 24 HR. TOTAL    0.80   02/21 TO 02/22

SNOWFALL (INCHES)
TOTALS           28.8                               17.4
SINCE 7/1        36.6
SNOWDEPTH AVG.      6
DAYS >= 1.0         7
GREATEST
 SNOW DEPTH        13

DEGREE_DAYS
HEATING TOTAL    1070               773     297
 SINCE 7/1       3920              3493     427
COOLING TOTAL       0                 0       0
 SINCE 1/1          0                 0       0
..............................................................

WIND (MPH)
AVERAGE WIND SPEED              9.1
HIGHEST WIND SPEED/DIRECTION    35/290    DATE  02/14
HIGHEST GUST SPEED/DIRECTION    53/280    DATE  02/14

SKY COVER
POSSIBLE SUNSHINE (PERCENT)   MM
AVERAGE SKY COVER           0.60
NUMBER OF DAYS FAIR            8
NUMBER OF DAYS PC              8
NUMBER OF DAYS CLOUDY         12

AVERAGE RH (PERCENT)     60

WEATHER CONDITIONS. NUMBER OF DAYS WITH
THUNDERSTORM              0     MIXED PRECIP               0
HEAVY RAIN                0     RAIN                       1
LIGHT RAIN                5     FREEZING RAIN              0
LT FREEZING RAIN          3     HAIL                       0
HEAVY SNOW                6     SNOW                       6
LIGHT SNOW               18     SLEET                      0
FOG                      11     FOG W/VIS <= 1/4 MILE      7
HAZE                      4

-  INDICATES NEGATIVE NUMBERS.
R  INDICATES RECORD WAS SET OR TIED.
MM INDICATES DATA IS MISSING.
T  INDICATES TRACE AMOUNT.

$$

PW
