000
CXUS56 KSEW 011033
CLMBLI


CLIMATE REPORT
NATIONAL WEATHER SERVICE SEATTLE WA
233 AM PST SUN MAR 1 2015

...................................

...THE BELLINGHAM WA AIRPORT CLIMATE SUMMARY FOR THE MONTH OF FEBRUARY 2015...

CLIMATE NORMAL PERIOD 1981 TO 2010
CLIMATE RECORD PERIOD 1949 TO 2015

WEATHER         OBSERVED          NORMAL  DEPART  LAST YEAR`S
                 VALUE   DATE(S)  VALUE   FROM    VALUE  DATE(S)
                                          NORMAL
................................................................
TEMPERATURE (F)
RECORD
 HIGH              68   02/27/1986
 LOW                5   02/02/1989
                        02/03/1950
                        02/02/1950
HIGHEST            61   02/08        MM      MM       54  02/15
                                                          02/14
LOWEST             28   02/22        MM      MM       20  02/07
                                                          02/06
AVG. MAXIMUM     54.2              48.3     5.9     42.8
AVG. MINIMUM     39.8              33.2     6.6     32.4
MEAN             47.0              40.8     6.2     37.6
DAYS MAX >= 90      0               0.0     0.0        0
DAYS MAX <= 32      0               0.4    -0.4        3
DAYS MIN <= 32      5              12.1    -7.1       16
DAYS MIN <= 0       0               0.0     0.0        0

PRECIPITATION (INCHES)
RECORD
 MAXIMUM         8.65   1982
 MINIMUM         0.49   1993
TOTALS           2.48              3.02   -0.54     2.67
DAILY AVG.       0.09              0.11   -0.02     0.10
DAYS >= .01        17              15.1     1.9       14
DAYS >= .10        10               8.3     1.7        8
DAYS >= .50         1               1.2    -0.2        0
DAYS >= 1.00        0               0.4    -0.4        0
GREATEST
 24 HR. TOTAL    0.60   02/06 TO 02/07

DEGREE_DAYS
HEATING TOTAL     495               679    -184      762
COOLING TOTAL       0                 0       0        0
 SINCE 1/1          0                 0       0        0
.................................................................

WIND (MPH)
AVERAGE WIND SPEED              5.8
HIGHEST WIND SPEED/DIRECTION    32/150    DATE  02/05
HIGHEST GUST SPEED/DIRECTION    51/150    DATE  02/06

SKY COVER
POSSIBLE SUNSHINE (PERCENT)   MM
AVERAGE SKY COVER           0.60
NUMBER OF DAYS FAIR            8
NUMBER OF DAYS PC              6
NUMBER OF DAYS CLOUDY         14

AVERAGE RH (PERCENT)     77

WEATHER CONDITIONS. NUMBER OF DAYS WITH
THUNDERSTORM              0     MIXED PRECIP               0
HEAVY RAIN                0     RAIN                       2
LIGHT RAIN               19     FREEZING RAIN              0
LT FREEZING RAIN          0     HAIL                       0
HEAVY SNOW                0     SNOW                       0
LIGHT SNOW                0     SLEET                      0
FOG                      16     FOG W/VIS <= 1/4 MILE      4
HAZE                      0

-  INDICATES NEGATIVE NUMBERS.
R  INDICATES RECORD WAS SET OR TIED.
MM INDICATES DATA IS MISSING.
T  INDICATES TRACE AMOUNT.

$$
