000
CXUS56 KSEW 011050
CLMBLI


CLIMATE REPORT
NATIONAL WEATHER SERVICE SEATTLE WA
250 AM PST MON DEC 1 2014

...................................

...THE BELLINGHAM WA AIRPORT CLIMATE SUMMARY FOR THE MONTH OF NOVEMBER 2014...

CLIMATE NORMAL PERIOD 1981 TO 2010
CLIMATE RECORD PERIOD 1949 TO 2014

WEATHER         OBSERVED          NORMAL  DEPART  LAST YEAR`S
                 VALUE   DATE(S)  VALUE   FROM    VALUE  DATE(S)
                                          NORMAL
................................................................
TEMPERATURE (F)
RECORD
 HIGH              79   11/07/2001
 LOW                3   11/15/1955
HIGHEST            63   11/06        MM      MM       58  11/11
LOWEST             18   11/30        MM      MM       23  11/21
AVG. MAXIMUM     50.6              49.7     0.9     50.0
AVG. MINIMUM     37.3              36.7     0.6     37.2
MEAN             43.9              43.2     0.7     43.6
DAYS MAX >= 90      0               0.0     0.0        0
DAYS MAX <= 32      1               0.8     0.2        0
DAYS MIN <= 32      9               8.3     0.7       11
DAYS MIN <= 0       0               0.0     0.0        0

PRECIPITATION (INCHES)
RECORD
 MAXIMUM        11.60   1990
 MINIMUM         1.37   1952
TOTALS           4.37              5.80   -1.43     5.00
DAILY AVG.       0.15              0.19   -0.04     0.17
DAYS >= .01        15              20.3    -5.3       17
DAYS >= .10        12              13.1    -1.1       11
DAYS >= .50         2               3.4    -1.4        4
DAYS >= 1.00        1               0.8     0.2        1
GREATEST
 24 HR. TOTAL    1.11   11/24 TO 11/25

DEGREE_DAYS
HEATING TOTAL     626               654     -28      633
COOLING TOTAL       0                 0       0        0
 SINCE 1/1        117                42      75       95
.................................................................

WIND (MPH)
AVERAGE WIND SPEED              8.0
HIGHEST WIND SPEED/DIRECTION    37/150    DATE  11/06
HIGHEST GUST SPEED/DIRECTION    54/150    DATE  11/06

SKY COVER
POSSIBLE SUNSHINE (PERCENT)   MM
AVERAGE SKY COVER           0.50
NUMBER OF DAYS FAIR           12
NUMBER OF DAYS PC              4
NUMBER OF DAYS CLOUDY         14

AVERAGE RH (PERCENT)     67

WEATHER CONDITIONS. NUMBER OF DAYS WITH
THUNDERSTORM              0     MIXED PRECIP               0
HEAVY RAIN                3     RAIN                       6
LIGHT RAIN               16     FREEZING RAIN              0
LT FREEZING RAIN          0     HAIL                       0
HEAVY SNOW                0     SNOW                       0
LIGHT SNOW                1     SLEET                      0
FOG                      17     FOG W/VIS <= 1/4 MILE      4
HAZE                      0

-  INDICATES NEGATIVE NUMBERS.
R  INDICATES RECORD WAS SET OR TIED.
MM INDICATES DATA IS MISSING.
T  INDICATES TRACE AMOUNT.

$$
