000
CXUS56 KSEW 011033
CLMBLI


CLIMATE REPORT
NATIONAL WEATHER SERVICE SEATTLE WA
333 AM PDT SAT NOV 1 2014

...................................

...THE BELLINGHAM WA AIRPORT CLIMATE SUMMARY FOR THE MONTH OF OCTOBER 2014...

CLIMATE NORMAL PERIOD 1981 TO 2010
CLIMATE RECORD PERIOD 1949 TO 2014

WEATHER         OBSERVED          NORMAL  DEPART  LAST YEAR`S
                 VALUE   DATE(S)  VALUE   FROM    VALUE  DATE(S)
                                          NORMAL
................................................................
TEMPERATURE (F)
RECORD
 HIGH              78   10/05/1980
 LOW               20   10/31/1984
HIGHEST            75   10/19        MM      MM       71  10/06
LOWEST             39   10/27        MM      MM       30  10/29
AVG. MAXIMUM     62.8              57.9     4.9     57.0
AVG. MINIMUM     49.9              41.6     8.3     41.3
MEAN             56.4              49.8     6.6     49.1
DAYS MAX >= 90      0               0.0     0.0        0
DAYS MAX <= 32      0               0.0     0.0        0
DAYS MIN <= 32      0               2.2    -2.2        2
DAYS MIN <= 0       0               0.0     0.0        0

PRECIPITATION (INCHES)
RECORD
 MAXIMUM         8.29   2003
 MINIMUM         0.29   1987
TOTALS           5.57              3.68    1.89     2.17
DAILY AVG.       0.18              0.12    0.06     0.07
DAYS >= .01        21              15.4     5.6        9
DAYS >= .10        13               8.4     4.6        5
DAYS >= .50         4               1.8     2.2        1
DAYS >= 1.00        0               0.6    -0.6        0
GREATEST
 24 HR. TOTAL    1.08   10/19 TO 10/20

DEGREE_DAYS
HEATING TOTAL     264               473    -209      483
COOLING TOTAL       0                 0       0        0
 SINCE 1/1        117                42      75       95
.................................................................

WIND (MPH)
AVERAGE WIND SPEED              5.8
HIGHEST WIND SPEED/DIRECTION    36/140    DATE  10/21
HIGHEST GUST SPEED/DIRECTION    49/140    DATE  10/21

SKY COVER
POSSIBLE SUNSHINE (PERCENT)   MM
AVERAGE SKY COVER           0.70
NUMBER OF DAYS FAIR            3
NUMBER OF DAYS PC             14
NUMBER OF DAYS CLOUDY         14

AVERAGE RH (PERCENT)     78

WEATHER CONDITIONS. NUMBER OF DAYS WITH
THUNDERSTORM              0     MIXED PRECIP               0
HEAVY RAIN                3     RAIN                       8
LIGHT RAIN               22     FREEZING RAIN              0
LT FREEZING RAIN          0     HAIL                       0
HEAVY SNOW                0     SNOW                       0
LIGHT SNOW                0     SLEET                      0
FOG                      23     FOG W/VIS <= 1/4 MILE      4
HAZE                      0

-  INDICATES NEGATIVE NUMBERS.
R  INDICATES RECORD WAS SET OR TIED.
MM INDICATES DATA IS MISSING.
T  INDICATES TRACE AMOUNT.

$$
