000
CXUS53 KIND 011742
CLMBMG


CLIMATE REPORT
NATIONAL WEATHER SERVICE INDIANAPOLIS IN
1236 PM EST SUN FEB 1 2015

...................................

...THE BLOOMINGTON IN CLIMATE SUMMARY FOR THE MONTH OF JANUARY 2015...

CLIMATE NORMAL PERIOD 1981 TO 2010
CLIMATE RECORD PERIOD 9999 TO 9999

WEATHER         OBSERVED          NORMAL  DEPART  LAST YEAR`S
                 VALUE   DATE(S)  VALUE   FROM    VALUE  DATE(S)
                                          NORMAL
................................................................
TEMPERATURE (F)
HIGHEST            58   01/03                         53  01/13
LOWEST             -4   01/08                        -11  01/06
AVG. MAXIMUM     37.2              38.4    -1.2     34.0
AVG. MINIMUM     19.2              20.5    -1.3     12.3
MEAN             28.2              29.4    -1.2     23.1
DAYS MAX >= 90      0               0.0     0.0        0
DAYS MAX <= 32     10               9.8     0.2       11
DAYS MIN <= 32     29              25.5     3.5       28
DAYS MIN <= 0       3               1.9     1.1        8

PRECIPITATION (INCHES)
TOTALS           2.21              3.31   -1.10     2.32
DAILY AVG.       0.07              0.11   -0.04     0.07
DAYS >= .01        10                MM      MM       10
DAYS >= .10         4                MM      MM        4
DAYS >= .50         1                MM      MM        1
DAYS >= 1.00        1                MM      MM        1
GREATEST
 24 HR. TOTAL    1.60   01/03 TO 01/03

DEGREE_DAYS
HEATING TOTAL    1133              1102      31     1291
 SINCE 7/1       3331              3175     156     3442
COOLING TOTAL       0                 0       0        0
 SINCE 1/1          0                 0       0        0
.................................................................

WIND (MPH)
AVERAGE WIND SPEED              7.3
HIGHEST WIND SPEED/DIRECTION    30/220    DATE  01/17
HIGHEST GUST SPEED/DIRECTION    39/210    DATE  01/17

SKY COVER
POSSIBLE SUNSHINE (PERCENT)   MM
AVERAGE SKY COVER           0.50
NUMBER OF DAYS FAIR           11
NUMBER OF DAYS PC             11
NUMBER OF DAYS CLOUDY          9

AVERAGE RH (PERCENT)     73

WEATHER CONDITIONS. NUMBER OF DAYS WITH
THUNDERSTORM              0     MIXED PRECIP               0
HEAVY RAIN                1     RAIN                       2
LIGHT RAIN               11     FREEZING RAIN              1
LT FREEZING RAIN          1     HAIL                       0
HEAVY SNOW                0     SNOW                       0
LIGHT SNOW               11     SLEET                      0
FOG                      22     FOG W/VIS <= 1/4 MILE      0
HAZE                     15

-  INDICATES NEGATIVE NUMBERS.
R  INDICATES RECORD WAS SET OR TIED.
MM INDICATES DATA IS MISSING.
T  INDICATES TRACE AMOUNT.

$$
