000
CXUS53 KIND 011518
CLMBMG


CLIMATE REPORT
NATIONAL WEATHER SERVICE INDIANAPOLIS IN
1114 AM EDT MON SEP 1 2014

...................................

...THE BLOOMINGTON IN CLIMATE SUMMARY FOR THE MONTH OF AUGUST 2014...

CLIMATE NORMAL PERIOD 1981 TO 2010
CLIMATE RECORD PERIOD 9999 TO 9999

WEATHER         OBSERVED          NORMAL  DEPART  LAST YEAR`S
                 VALUE   DATE(S)  VALUE   FROM    VALUE  DATE(S)
                                          NORMAL
................................................................
TEMPERATURE (F)
HIGHEST            92   08/26                         95  08/31
                        08/25
LOWEST             50   08/15                         45  08/15
AVG. MAXIMUM     83.0              84.4    -1.4     84.4
AVG. MINIMUM     64.3              61.5     2.8     60.6
MEAN             73.6              73.0     0.6     72.5
DAYS MAX >= 90      2               4.1    -2.1        4
DAYS MAX <= 32      0               0.0     0.0        0
DAYS MIN <= 32      0               0.0     0.0        0
DAYS MIN <= 0       0               0.0     0.0        0

PRECIPITATION (INCHES)
TOTALS           3.11              3.52   -0.41     1.48
DAILY AVG.       0.10              0.11   -0.01     0.05
DAYS >= .01        11                MM      MM        3
DAYS >= .10         7                MM      MM        2
DAYS >= .50         2                MM      MM        1
DAYS >= 1.00        0                MM      MM        1
GREATEST
 24 HR. TOTAL    1.75   08/08 TO 08/09

DEGREE_DAYS
HEATING TOTAL       1                 5      -4       10
 SINCE 7/1          6                 7      -1       14
COOLING TOTAL     275               251      24      253
 SINCE 1/1        830               817      13      841
.................................................................

WIND (MPH)
AVERAGE WIND SPEED              4.0
HIGHEST WIND SPEED/DIRECTION    23/020    DATE  08/01
HIGHEST GUST SPEED/DIRECTION    34/020    DATE  08/01

SKY COVER
POSSIBLE SUNSHINE (PERCENT)   MM
AVERAGE SKY COVER           0.40
NUMBER OF DAYS FAIR           15
NUMBER OF DAYS PC             11
NUMBER OF DAYS CLOUDY          5

AVERAGE RH (PERCENT)     76

WEATHER CONDITIONS. NUMBER OF DAYS WITH
THUNDERSTORM              7     MIXED PRECIP               0
HEAVY RAIN                8     RAIN                       8
LIGHT RAIN               16     FREEZING RAIN              0
LT FREEZING RAIN          0     HAIL                       0
HEAVY SNOW                0     SNOW                       0
LIGHT SNOW                0     SLEET                      0
FOG                      25     FOG W/VIS <= 1/4 MILE     13
HAZE                      8

-  INDICATES NEGATIVE NUMBERS.
R  INDICATES RECORD WAS SET OR TIED.
MM INDICATES DATA IS MISSING.
T  INDICATES TRACE AMOUNT.

$$
