000
CXUS53 KIND 011612
CLMBMG


CLIMATE REPORT
NATIONAL WEATHER SERVICE INDIANAPOLIS IN
1112 AM EST SUN JAN 1 2017

...................................

...THE BLOOMINGTON IN CLIMATE SUMMARY FOR THE MONTH OF DECEMBER 2016...

CLIMATE NORMAL PERIOD 1981 TO 2010
CLIMATE RECORD PERIOD 9999 TO 9999

WEATHER         OBSERVED          NORMAL  DEPART  LAST YEAR`S
                 VALUE   DATE(S)  VALUE   FROM    VALUE  DATE(S)
                                          NORMAL
................................................................
TEMPERATURE (F)
HIGHEST            66   12/26                         70  12/27
                                                          12/12
LOWEST              2   12/19                         22  12/04
AVG. MAXIMUM     38.8              40.5    -1.7     51.8
AVG. MINIMUM     24.5              23.9     0.6     35.6
MEAN             31.7              32.2    -0.5     43.7
DAYS MAX >= 90      0               0.0     0.0        0
DAYS MAX <= 32      8               7.3     0.7        1
DAYS MIN <= 32     22              24.0    -2.0       14
DAYS MIN <= 0       0               1.1    -1.1        0

PRECIPITATION (INCHES)
TOTALS           2.48              3.54   -1.06     5.26
DAILY AVG.       0.08              0.11   -0.03     0.17
DAYS >= .01        12                MM      MM       13
DAYS >= .10         7                MM      MM        7
DAYS >= .50         2                MM      MM        5
DAYS >= 1.00        0                MM      MM        2
GREATEST
 24 HR. TOTAL    0.64   12/26 TO 12/26

DEGREE_DAYS
HEATING TOTAL    1026              1017       9      653
 SINCE 7/1       1709              2073    -364     1445
COOLING TOTAL       0                 0       0        0
 SINCE 1/1       1322               927     395     1044
.................................................................

WIND (MPH)
AVERAGE WIND SPEED              7.1
HIGHEST WIND SPEED/DIRECTION    28/230    DATE  12/31
HIGHEST GUST SPEED/DIRECTION    38/250    DATE  12/31

SKY COVER
POSSIBLE SUNSHINE (PERCENT)   MM
AVERAGE SKY COVER           0.60
NUMBER OF DAYS FAIR            8
NUMBER OF DAYS PC              8
NUMBER OF DAYS CLOUDY         15

AVERAGE RH (PERCENT)     71

WEATHER CONDITIONS. NUMBER OF DAYS WITH
THUNDERSTORM              0     MIXED PRECIP               0
HEAVY RAIN                1     RAIN                       4
LIGHT RAIN               11     FREEZING RAIN              2
LT FREEZING RAIN          4     HAIL                       0
HEAVY SNOW                0     SNOW                       1
LIGHT SNOW                4     SLEET                      0
FOG                      15     FOG W/VIS <= 1/4 MILE      4
HAZE                      9

-  INDICATES NEGATIVE NUMBERS.
R  INDICATES RECORD WAS SET OR TIED.
MM INDICATES DATA IS MISSING.
T  INDICATES TRACE AMOUNT.

$$
