000
CXUS53 KIND 011613
CLMBMG


CLIMATE REPORT
NATIONAL WEATHER SERVICE INDIANAPOLIS IN
1113 AM EST WED FEB 1 2017

...................................

...THE BLOOMINGTON IN CLIMATE SUMMARY FOR THE MONTH OF JANUARY 2017...

CLIMATE NORMAL PERIOD 1981 TO 2010
CLIMATE RECORD PERIOD 9999 TO 9999

WEATHER         OBSERVED          NORMAL  DEPART  LAST YEAR`S
                 VALUE   DATE(S)  VALUE   FROM    VALUE  DATE(S)
                                          NORMAL
................................................................
TEMPERATURE (F)
HIGHEST            67   01/21                         63  01/31
LOWEST             -5   01/07                         -1  01/13
AVG. MAXIMUM     43.7              38.4     5.3     39.1
AVG. MINIMUM     28.0              20.5     7.5     21.3
MEAN             35.9              29.4     6.5     30.2
DAYS MAX >= 90      0               0.0     0.0        0
DAYS MAX <= 32      4               9.8    -5.8       10
DAYS MIN <= 32     16              25.5    -9.5       28
DAYS MIN <= 0       3               1.9     1.1        2

PRECIPITATION (INCHES)
TOTALS           3.90              3.31    0.59     1.51
DAILY AVG.       0.13              0.11    0.02     0.05
DAYS >= .01        14                MM      MM        8
DAYS >= .10         8                MM      MM        4
DAYS >= .50         2                MM      MM        1
DAYS >= 1.00        0                MM      MM        0
GREATEST
 24 HR. TOTAL    1.29   01/19 TO 01/20

DEGREE_DAYS
HEATING TOTAL     893              1102    -209     1071
 SINCE 7/1       2602              3175    -573     2516
COOLING TOTAL       0                 0       0        0
 SINCE 1/1          0                 0       0        0
.................................................................

WIND (MPH)
AVERAGE WIND SPEED              8.1
HIGHEST WIND SPEED/DIRECTION    32/190    DATE  01/10
HIGHEST GUST SPEED/DIRECTION    47/210    DATE  01/10

SKY COVER
POSSIBLE SUNSHINE (PERCENT)   MM
AVERAGE SKY COVER           0.70
NUMBER OF DAYS FAIR            8
NUMBER OF DAYS PC              7
NUMBER OF DAYS CLOUDY         16

AVERAGE RH (PERCENT)     76

WEATHER CONDITIONS. NUMBER OF DAYS WITH
THUNDERSTORM              1     MIXED PRECIP               0
HEAVY RAIN                6     RAIN                       7
LIGHT RAIN               13     FREEZING RAIN              0
LT FREEZING RAIN          1     HAIL                       1
HEAVY SNOW                0     SNOW                       1
LIGHT SNOW                5     SLEET                      0
FOG                      21     FOG W/VIS <= 1/4 MILE      5
HAZE                      9

-  INDICATES NEGATIVE NUMBERS.
R  INDICATES RECORD WAS SET OR TIED.
MM INDICATES DATA IS MISSING.
T  INDICATES TRACE AMOUNT.

$$
