000
CXUS53 KIND 011510
CLMBMG


CLIMATE REPORT
NATIONAL WEATHER SERVICE INDIANAPOLIS IN
1110 AM EDT FRI MAY 1 2015

...................................

...THE BLOOMINGTON IN CLIMATE SUMMARY FOR THE MONTH OF APRIL 2015...

CLIMATE NORMAL PERIOD 1981 TO 2010
CLIMATE RECORD PERIOD 9999 TO 9999

WEATHER         OBSERVED          NORMAL  DEPART  LAST YEAR`S
                 VALUE   DATE(S)  VALUE   FROM    VALUE  DATE(S)
                                          NORMAL
................................................................
TEMPERATURE (F)
HIGHEST            79   04/09                         79  04/26
                                                          04/12
LOWEST             29   04/24                         27  04/16
                        04/04
AVG. MAXIMUM     66.3              65.0     1.3     66.6
AVG. MINIMUM     43.8              42.2     1.6     43.0
MEAN             55.1              53.6     1.5     54.8
DAYS MAX >= 90      0               0.0     0.0        0
DAYS MAX <= 32      0               0.1    -0.1        0
DAYS MIN <= 32      2               4.5    -2.5        3
DAYS MIN <= 0       0               0.0     0.0        0

PRECIPITATION (INCHES)
TOTALS           4.80              4.70    0.10     7.62
DAILY AVG.       0.16              0.16    0.00     0.25
DAYS >= .01        11                MM      MM       13
DAYS >= .10         9                MM      MM        8
DAYS >= .50         5                MM      MM        6
DAYS >= 1.00        1                MM      MM        3
GREATEST
 24 HR. TOTAL    1.26   04/19 TO 04/20

DEGREE_DAYS
HEATING TOTAL     296               358     -62      308
 SINCE 7/1       5611              5114     497     5707
COOLING TOTAL       6                16     -10        9
 SINCE 1/1          6                19     -13        9
.................................................................

WIND (MPH)
AVERAGE WIND SPEED              7.8
HIGHEST WIND SPEED/DIRECTION    29/220    DATE  04/09
HIGHEST GUST SPEED/DIRECTION    43/240    DATE  04/09

SKY COVER
POSSIBLE SUNSHINE (PERCENT)   MM
AVERAGE SKY COVER           0.40
NUMBER OF DAYS FAIR           14
NUMBER OF DAYS PC              9
NUMBER OF DAYS CLOUDY          7

AVERAGE RH (PERCENT)     62

WEATHER CONDITIONS. NUMBER OF DAYS WITH
THUNDERSTORM              8     MIXED PRECIP               0
HEAVY RAIN                5     RAIN                       8
LIGHT RAIN               15     FREEZING RAIN              0
LT FREEZING RAIN          0     HAIL                       0
HEAVY SNOW                0     SNOW                       0
LIGHT SNOW                0     SLEET                      0
FOG                      13     FOG W/VIS <= 1/4 MILE      5
HAZE                      3

-  INDICATES NEGATIVE NUMBERS.
R  INDICATES RECORD WAS SET OR TIED.
MM INDICATES DATA IS MISSING.
T  INDICATES TRACE AMOUNT.

$$
