000
CXUS53 KIND 011515
CLMBMG


CLIMATE REPORT
NATIONAL WEATHER SERVICE INDIANAPOLIS IN
1108 AM EDT FRI JUL 1 2016

...................................

...THE BLOOMINGTON IN CLIMATE SUMMARY FOR THE MONTH OF JUNE 2016...

CLIMATE NORMAL PERIOD 1981 TO 2010
CLIMATE RECORD PERIOD 9999 TO 9999

WEATHER         OBSERVED          NORMAL  DEPART  LAST YEAR`S
                 VALUE   DATE(S)  VALUE   FROM    VALUE  DATE(S)
                                          NORMAL
................................................................
TEMPERATURE (F)
HIGHEST            93   06/12                         90  06/11
LOWEST             51   06/09                         47  06/03
                        06/08
AVG. MAXIMUM     84.8              82.5     2.3     81.3
AVG. MINIMUM     63.7              60.4     3.3     63.7
MEAN             74.2              71.4     2.8     72.5
DAYS MAX >= 90      8               2.3     5.7        1
DAYS MAX <= 32      0               0.0     0.0        0
DAYS MIN <= 32      0               0.0     0.0        0
DAYS MIN <= 0       0               0.0     0.0        0

PRECIPITATION (INCHES)
TOTALS           3.63              4.89   -1.26    10.57
DAILY AVG.       0.12              0.16   -0.04     0.35
DAYS >= .01         9                MM      MM       16
DAYS >= .10         6                MM      MM       12
DAYS >= .50         2                MM      MM        6
DAYS >= 1.00        2                MM      MM        4
GREATEST
 24 HR. TOTAL    1.00   06/26 TO 06/26
                        06/22 TO 06/22

DEGREE_DAYS
HEATING TOTAL       1                15     -14       17
 SINCE 7/1       4276              5266    -990     5706
COOLING TOTAL     288               208      80      249
 SINCE 1/1        378               290      88      376
.................................................................

WIND (MPH)
AVERAGE WIND SPEED              5.6
HIGHEST WIND SPEED/DIRECTION    29/260    DATE  06/15
HIGHEST GUST SPEED/DIRECTION    37/270    DATE  06/15

SKY COVER
POSSIBLE SUNSHINE (PERCENT)   MM
AVERAGE SKY COVER           0.20
NUMBER OF DAYS FAIR           25
NUMBER OF DAYS PC              4
NUMBER OF DAYS CLOUDY          1

AVERAGE RH (PERCENT)     67

WEATHER CONDITIONS. NUMBER OF DAYS WITH
THUNDERSTORM              7     MIXED PRECIP               0
HEAVY RAIN                6     RAIN                       5
LIGHT RAIN               10     FREEZING RAIN              0
LT FREEZING RAIN          0     HAIL                       0
HEAVY SNOW                0     SNOW                       0
LIGHT SNOW                0     SLEET                      0
FOG                      11     FOG W/VIS <= 1/4 MILE      2
HAZE                      4

-  INDICATES NEGATIVE NUMBERS.
R  INDICATES RECORD WAS SET OR TIED.
MM INDICATES DATA IS MISSING.
T  INDICATES TRACE AMOUNT.

$$
