000
CXUS53 KIND 011607
CLMBMG


CLIMATE REPORT
NATIONAL WEATHER SERVICE INDIANAPOLIS IN
1107 AM EST MON DEC 1 2014

...................................

...THE BLOOMINGTON IN CLIMATE SUMMARY FOR THE MONTH OF NOVEMBER 2014...

CLIMATE NORMAL PERIOD 1981 TO 2010
CLIMATE RECORD PERIOD 9999 TO 9999

WEATHER         OBSERVED          NORMAL  DEPART  LAST YEAR`S
                 VALUE   DATE(S)  VALUE   FROM    VALUE  DATE(S)
                                          NORMAL
................................................................
TEMPERATURE (F)
HIGHEST            66   11/03                         68  11/17
LOWEST             11   11/19                         13  11/24
                        11/18
AVG. MAXIMUM     45.3              53.8    -8.5     50.1
AVG. MINIMUM     27.9              33.8    -5.9     30.4
MEAN             36.6              43.8    -7.2     40.3
DAYS MAX >= 90      0               0.0     0.0        0
DAYS MAX <= 32      6               0.4     5.6        2
DAYS MIN <= 32     20              13.9     6.1       17
DAYS MIN <= 0       0               0.0     0.0        0

PRECIPITATION (INCHES)
TOTALS           2.47              3.94   -1.47     2.20
DAILY AVG.       0.08              0.13   -0.05     0.07
DAYS >= .01         9                MM      MM        8
DAYS >= .10         4                MM      MM        2
DAYS >= .50         1                MM      MM        2
DAYS >= 1.00        1                MM      MM        1
GREATEST
 24 HR. TOTAL    1.65   11/23 TO 11/24

DEGREE_DAYS
HEATING TOTAL     845               637     208      736
 SINCE 7/1       1276              1056     220     1140
COOLING TOTAL       0                 1      -1        0
 SINCE 1/1        904               927     -23     1006
.................................................................

WIND (MPH)
AVERAGE WIND SPEED              8.3
HIGHEST WIND SPEED/DIRECTION    29/240    DATE  11/24
HIGHEST GUST SPEED/DIRECTION    45/280    DATE  11/24

SKY COVER
POSSIBLE SUNSHINE (PERCENT)   MM
AVERAGE SKY COVER           0.50
NUMBER OF DAYS FAIR            8
NUMBER OF DAYS PC             13
NUMBER OF DAYS CLOUDY          9

AVERAGE RH (PERCENT)     71

WEATHER CONDITIONS. NUMBER OF DAYS WITH
THUNDERSTORM              1     MIXED PRECIP               0
HEAVY RAIN                2     RAIN                       3
LIGHT RAIN                8     FREEZING RAIN              0
LT FREEZING RAIN          0     HAIL                       0
HEAVY SNOW                0     SNOW                       1
LIGHT SNOW                6     SLEET                      0
FOG                      14     FOG W/VIS <= 1/4 MILE      1
HAZE                      7

-  INDICATES NEGATIVE NUMBERS.
R  INDICATES RECORD WAS SET OR TIED.
MM INDICATES DATA IS MISSING.
T  INDICATES TRACE AMOUNT.

$$
