000
CXUS53 KIND 011610
CLMBMG


CLIMATE REPORT
NATIONAL WEATHER SERVICE INDIANAPOLIS IN
1110 AM EST MON FEB 1 2016

...................................

...THE BLOOMINGTON IN CLIMATE SUMMARY FOR THE MONTH OF JANUARY 2016...

CLIMATE NORMAL PERIOD 1981 TO 2010
CLIMATE RECORD PERIOD 9999 TO 9999

WEATHER         OBSERVED          NORMAL  DEPART  LAST YEAR`S
                 VALUE   DATE(S)  VALUE   FROM    VALUE  DATE(S)
                                          NORMAL
................................................................
TEMPERATURE (F)
HIGHEST            63   01/31                         58  01/03
LOWEST             -1   01/13                         -4  01/08
AVG. MAXIMUM     39.1              38.4     0.7     37.2
AVG. MINIMUM     21.3              20.5     0.8     19.2
MEAN             30.2              29.4     0.8     28.2
DAYS MAX >= 90      0               0.0     0.0        0
DAYS MAX <= 32     10               9.8     0.2       10
DAYS MIN <= 32     28              25.5     2.5       29
DAYS MIN <= 0       2               1.9     0.1        3

PRECIPITATION (INCHES)
TOTALS           1.51              3.31   -1.80     2.21
DAILY AVG.       0.05              0.11   -0.06     0.07
DAYS >= .01         8                MM      MM       10
DAYS >= .10         4                MM      MM        4
DAYS >= .50         1                MM      MM        1
DAYS >= 1.00        0                MM      MM        1
GREATEST
 24 HR. TOTAL    1.01   01/09 TO 01/10

DEGREE_DAYS
HEATING TOTAL    1071              1102     -31     1133
 SINCE 7/1       2516              3175    -659     3331
COOLING TOTAL       0                 0       0        0
 SINCE 1/1          0                 0       0        0
.................................................................

WIND (MPH)
AVERAGE WIND SPEED              8.3
HIGHEST WIND SPEED/DIRECTION    29/230    DATE  01/31
HIGHEST GUST SPEED/DIRECTION    39/300    DATE  01/12

SKY COVER
POSSIBLE SUNSHINE (PERCENT)   MM
AVERAGE SKY COVER           0.50
NUMBER OF DAYS FAIR           11
NUMBER OF DAYS PC             11
NUMBER OF DAYS CLOUDY          9

AVERAGE RH (PERCENT)     71

WEATHER CONDITIONS. NUMBER OF DAYS WITH
THUNDERSTORM              0     MIXED PRECIP               0
HEAVY RAIN                0     RAIN                       4
LIGHT RAIN                6     FREEZING RAIN              0
LT FREEZING RAIN          1     HAIL                       0
HEAVY SNOW                1     SNOW                       4
LIGHT SNOW                7     SLEET                      0
FOG                      15     FOG W/VIS <= 1/4 MILE      2
HAZE                      6

-  INDICATES NEGATIVE NUMBERS.
R  INDICATES RECORD WAS SET OR TIED.
MM INDICATES DATA IS MISSING.
T  INDICATES TRACE AMOUNT.

$$
