359
CXUS54 KOHX 012214 RRA
CLMBNA

CLIMATE REPORT
NATIONAL WEATHER SERVICE NASHVILLE TN
511 PM CDT FRI JUL 1 2016

...................................

...THE NASHVILLE CLIMATE SUMMARY FOR THE MONTH OF JUNE 2016...

CLIMATE NORMAL PERIOD 1981 TO 2010
CLIMATE RECORD PERIOD 1871 TO 2016

WEATHER         OBSERVED          NORMAL  DEPART  LAST YEAR`S
                 VALUE   DATE(S)  VALUE   FROM    VALUE
                                          NORMAL
.............................................................
TEMPERATURE (F)
RECORD
 HIGH             109   06/29/2012
 LOW               42   06/01/1966
                        06/01/1894
HIGHEST            98   06/16
LOWEST             56   06/09
                        06/08
AVG. MAXIMUM     90.8              86.0     4.8
AVG. MINIMUM     67.9              65.4     2.5
MEAN             79.4              75.7     3.7     77.9
DAYS MAX >= 90     19
DAYS MAX <= 32      0
DAYS MIN <= 32      0
DAYS MIN <= 0       0

PRECIPITATION (INCHES)
RECORD
 MAXIMUM        11.95   1998
 MINIMUM         0.21   1936
TOTALS           4.45              4.14    0.31
DAYS >= .01        13
DAYS >= .10         8
DAYS >= .50         2
DAYS >= 1.00        1
GREATEST
 24 HR. TOTAL    2.00   06/23 TO 06/24

SNOWFALL (INCHES)
TOTALS            0.0               0.0     0.0
SINCE 7/1        11.3                       5.0
DAYS >= TRACE       0
DAYS >= 1.0         0

DEGREE_DAYS
HEATING TOTAL       0                 3      -3
 SINCE 7/1       2736              3688    -952
COOLING TOTAL     438               324     114
 SINCE 1/1        675               503     172
..............................................................

WIND (MPH)
AVERAGE WIND SPEED              4.7
HIGHEST GUST SPEED/DIRECTION    53/320    DATE  06/15

SKY COVER
POSSIBLE SUNSHINE (PERCENT)    0
AVERAGE SKY COVER           0.50
NUMBER OF DAYS CLEAR           8
NUMBER OF DAYS PARTLY CLOUDY  21
NUMBER OF DAYS CLOUDY          1

AVERAGE RH (PERCENT)     63

WEATHER CONDITIONS. NUMBER OF DAYS WITH
THUNDERSTORM             12     MIXED PRECIP               0
HEAVY RAIN                5     RAIN                       6
LIGHT RAIN               11     FREEZING RAIN              0
LT FREEZING RAIN          0     HAIL                       0
HEAVY SNOW                0     SNOW                       0
LIGHT SNOW                0     SLEET                      0
FOG                      14     FOG W/VIS <= 1/4 MILE      1
HAZE                      7

-  INDICATES NEGATIVE NUMBERS.
R  INDICATES RECORD WAS SET OR TIED.
MM INDICATES DATA IS MISSING.
T  INDICATES TRACE AMOUNT.

$$
BOYD
