000
CXUS54 KOHX 101408
CLMBNA


CLIMATE REPORT
NATIONAL WEATHER SERVICE NASHVILLE TN
808 AM CST FRI NOV 10 2017

...................................

...THE NASHVILLE CLIMATE SUMMARY FOR THE MONTH OF OCTOBER 2017...

CLIMATE NORMAL PERIOD 1981 TO 2010
CLIMATE RECORD PERIOD 1871 TO 2017

WEATHER         OBSERVED          NORMAL  DEPART  LAST YEAR`S
                 VALUE   DATE(S)  VALUE   FROM    VALUE
                                          NORMAL
.............................................................
TEMPERATURE (F)
RECORD
 HIGH              94   10/01/1953
 LOW               26   10/22/1987
                        10/30/1952
                        10/29/1925
HIGHEST            86   10/14
                        10/03
LOWEST             30   10/30
AVG. MAXIMUM     74.7              71.7     3.0
AVG. MINIMUM     50.4              48.9     1.5
MEAN             62.6              60.3     2.3     67.7
DAYS MAX >= 90      0
DAYS MAX <= 32      0
DAYS MIN <= 32      2
DAYS MIN <= 0       0

PRECIPITATION (INCHES)
RECORD
 MAXIMUM         8.43   2014
 MINIMUM            T   1963
TOTALS           3.48              3.04    0.44
DAYS >= .01         9
DAYS >= .10         5
DAYS >= .50         2
DAYS >= 1.00        2
GREATEST
 24 HR. TOTAL    1.33   10/23 TO 10/23

SNOWFALL (INCHES)
TOTALS            0.0                 T     0.0
SINCE 7/1         0.0                       0.0
DAYS >= TRACE       0
DAYS >= 1.0         0

DEGREE_DAYS
HEATING TOTAL     163               191     -28
 SINCE 7/1        175               215     -40
COOLING TOTAL      97                46      51
 SINCE 1/1       1900              1640     260
..............................................................

WIND (MPH)
AVERAGE WIND SPEED              6.6
HIGHEST GUST SPEED/DIRECTION    36/170    DATE  10/22

SKY COVER
POSSIBLE SUNSHINE (PERCENT)   MM
AVERAGE SKY COVER           0.50
NUMBER OF DAYS FAIR            8
NUMBER OF DAYS PC             15
NUMBER OF DAYS CLOUDY          8

AVERAGE RH (PERCENT)     68

WEATHER CONDITIONS. NUMBER OF DAYS WITH
THUNDERSTORM              0     MIXED PRECIP               0
HEAVY RAIN                3     RAIN                       5
LIGHT RAIN                8     FREEZING RAIN              0
LT FREEZING RAIN          0     HAIL                       0
HEAVY SNOW                0     SNOW                       0
LIGHT SNOW                0     SLEET                      0
FOG                      13     FOG W/VIS <= 1/4 MILE      1
HAZE                      4

-  INDICATES NEGATIVE NUMBERS.
R  INDICATES RECORD WAS SET OR TIED.
MM INDICATES DATA IS MISSING.
T  INDICATES TRACE AMOUNT.

$$
