000
CXUS54 KOHX 012231
CLMBNA

CLIMATE REPORT
NATIONAL WEATHER SERVICE NASHVILLE TN
430 PM CST SUN MAR 1 2015

...................................

...THE NASHVILLE CLIMATE SUMMARY FOR THE MONTH OF FEBRUARY 2015...

CLIMATE NORMAL PERIOD 1981 TO 2010
CLIMATE RECORD PERIOD 1871 TO 2015

WEATHER         OBSERVED          NORMAL  DEPART  LAST YEAR`S
                 VALUE   DATE(S)  VALUE   FROM    VALUE
                                          NORMAL
.............................................................
TEMPERATURE (F)
RECORD
 HIGH              84   02/13/1962
 LOW              -13   02/02/1951
                        02/13/1899
HIGHEST            65   02/07
LOWEST              5   02/19
AVG. MAXIMUM     42.5              51.8    -9.3
AVG. MINIMUM     22.4              31.6    -9.2
MEAN             32.5              41.7    -9.2     39.2
DAYS MAX >= 90      0
DAYS MAX <= 32      7
DAYS MIN <= 32     25
DAYS MIN <= 0       0

PRECIPITATION (INCHES)
RECORD
 MAXIMUM        12.37   1880
 MINIMUM         0.63   1898
TOTALS           4.60              3.94    0.66
DAYS >= .01         7
DAYS >= .10         4
DAYS >= .50         3
DAYS >= 1.00        2
GREATEST
 24 HR. TOTAL    2.56   02/20 TO 02/21

SNOWFALL (INCHES)
TOTALS            2.1               2.3    -0.2
SINCE 7/1         3.2                      -2.2
DAYS >= TRACE       7
DAYS >= 1.0         0

DEGREE_DAYS
HEATING TOTAL     905               653     252
 SINCE 7/1       3190              2938     252
COOLING TOTAL       0                 0       0
 SINCE 1/1          0                 0       0
..............................................................

WIND (MPH)
AVERAGE WIND SPEED              8.6
HIGHEST GUST SPEED/DIRECTION    41/170    DATE  02/21

SKY COVER
POSSIBLE SUNSHINE (PERCENT)   MM
AVERAGE SKY COVER           0.70
NUMBER OF DAYS FAIR            4
NUMBER OF DAYS PC             12
NUMBER OF DAYS CLOUDY         12

AVERAGE RH (PERCENT)     61

WEATHER CONDITIONS. NUMBER OF DAYS WITH
THUNDERSTORM              0     MIXED PRECIP               0
HEAVY RAIN                2     RAIN                       2
LIGHT RAIN                4     FREEZING RAIN              1
LT FREEZING RAIN          3     HAIL                       1
HEAVY SNOW                1     SNOW                       2
LIGHT SNOW                9     SLEET                      2
FOG                      12     FOG W/VIS <= 1/4 MILE      0
HAZE                      5

-  INDICATES NEGATIVE NUMBERS.
R  INDICATES RECORD WAS SET OR TIED.
MM INDICATES DATA IS MISSING.
T  INDICATES TRACE AMOUNT.

$$
BOYD
01
