000
CXUS54 KOHX 061439
CLMBNA


CLIMATE REPORT
NATIONAL WEATHER SERVICE NASHVILLE TN
839 AM CST MON MAR 6 2017

...................................

...THE NASHVILLE CLIMATE SUMMARY FOR THE MONTH OF FEBRUARY 2017...

CLIMATE NORMAL PERIOD 1981 TO 2010
CLIMATE RECORD PERIOD 1871 TO 2017

WEATHER         OBSERVED          NORMAL  DEPART  LAST YEAR`S
                 VALUE   DATE(S)  VALUE   FROM    VALUE
                                          NORMAL
.............................................................
TEMPERATURE (F)
RECORD
 HIGH              84   02/13/1962
 LOW              -13   02/02/1951
                        02/13/1899
HIGHEST            81   02/24
LOWEST             20   02/04
AVG. MAXIMUM     62.2              51.8    10.4
AVG. MINIMUM     40.3              31.6     8.7
MEAN             51.3              41.7     9.6     44.1
DAYS MAX >= 90      0
DAYS MAX <= 32      0
DAYS MIN <= 32      6
DAYS MIN <= 0       0

PRECIPITATION (INCHES)
RECORD
 MAXIMUM        12.37   1880
 MINIMUM         0.63   1898
TOTALS           1.56              3.94   -2.38
DAYS >= .01         9
DAYS >= .10         5
DAYS >= .50         0
DAYS >= 1.00        0
GREATEST
 24 HR. TOTAL    0.64   02/14 TO 02/15

SNOWFALL (INCHES)
TOTALS            0.0               2.3    -2.3
SINCE 7/1         0.7                      -4.7
DAYS >= TRACE       0
DAYS >= 1.0         0

DEGREE_DAYS
HEATING TOTAL     385               653    -268
 SINCE 7/1       1968              2938    -970
COOLING TOTAL       7                 0       7
 SINCE 1/1          7                 0       7
..............................................................

WIND (MPH)
AVERAGE WIND SPEED              8.4
HIGHEST GUST SPEED/DIRECTION    47/230    DATE  02/24

SKY COVER
POSSIBLE SUNSHINE (PERCENT)   MM
AVERAGE SKY COVER           0.60
NUMBER OF DAYS FAIR            4
NUMBER OF DAYS PC             14
NUMBER OF DAYS CLOUDY         10

AVERAGE RH (PERCENT)     60

WEATHER CONDITIONS. NUMBER OF DAYS WITH
THUNDERSTORM              3     MIXED PRECIP               0
HEAVY RAIN                3     RAIN                       5
LIGHT RAIN               12     FREEZING RAIN              0
LT FREEZING RAIN          0     HAIL                       0
HEAVY SNOW                0     SNOW                       0
LIGHT SNOW                0     SLEET                      0
FOG                      14     FOG W/VIS <= 1/4 MILE      1
HAZE                      5

-  INDICATES NEGATIVE NUMBERS.
R  INDICATES RECORD WAS SET OR TIED.
MM INDICATES DATA IS MISSING.
T  INDICATES TRACE AMOUNT.

$$
