000
CXUS56 KBOI 011620
CLMBNO


CLIMATE REPORT
NATIONAL WEATHER SERVICE BOISE ID
920 AM MST SUN MAR 1 2015

...................................

...THE BURNS OR CLIMATE SUMMARY FOR THE MONTH OF FEBRUARY 2015...

CLIMATE NORMAL PERIOD 1981 TO 2010
CLIMATE RECORD PERIOD 1939 TO 2015

WEATHER         OBSERVED          NORMAL  DEPART
                 VALUE   DATE(S)  VALUE   FROM
                                          NORMAL
................................................
TEMPERATURE (F)
HIGHEST            62   02/24        MM      MM
                        02/18
                        02/14
LOWEST             12   02/23        MM      MM
AVG. MAXIMUM     51.9              39.3    12.6
AVG. MINIMUM     25.9              18.2     7.7
MEAN             38.9              28.8    10.1
DAYS MAX >= 90      0
DAYS MAX <= 32      0
DAYS MIN <= 32     23
DAYS MIN <= 0       0

PRECIPITATION (INCHES)
RECORD
 MAXIMUM         3.85   1940
TOTALS           0.75              1.02   -0.27
DAYS >= .01         6
DAYS >= .10         4
DAYS >= .50         0
DAYS >= 1.00        0
GREATEST
 24 HR. TOTAL    0.28   02/06 TO 02/07

DEGREE_DAYS
HEATING TOTAL     697              1015    -318
 SINCE 7/1       4474              5528   -1054
COOLING TOTAL       0                 0       0
 SINCE 1/1          0                 0       0
.................................................

WIND (MPH)
AVERAGE WIND SPEED              6.4
RESULTANT WIND SPEED/DIRECTION   2/277
HIGHEST WIND SPEED/DIRECTION    35/210    DATE  02/07
HIGHEST GUST SPEED/DIRECTION    45/200    DATE  02/07

AVERAGE RH (PERCENT)     64


-  INDICATES NEGATIVE NUMBERS.
R  INDICATES RECORD WAS SET OR TIED.
MM INDICATES DATA IS MISSING.
T  INDICATES TRACE AMOUNT.

$$
