000
CXUS56 KBOI 011725
CLMBNO


CLIMATE REPORT
NATIONAL WEATHER SERVICE BOISE ID
1124 AM MDT MON MAY 1 2017

...................................

...THE BURNS OR CLIMATE SUMMARY FOR THE MONTH OF APRIL 2017...

CLIMATE NORMAL PERIOD 1981 TO 2010
CLIMATE RECORD PERIOD 1938 TO 2017

WEATHER         OBSERVED          NORMAL  DEPART
                 VALUE   DATE(S)  VALUE   FROM
                                          NORMAL
................................................
TEMPERATURE (F)
HIGHEST            64   04/30        MM      MM
                        04/22
LOWEST             20   04/09        MM      MM
AVG. MAXIMUM     54.0              57.1    -3.1
AVG. MINIMUM     29.3              29.2     0.1
MEAN             41.7              43.2    -1.5
DAYS MAX >= 90      0
DAYS MAX <= 32      0
DAYS MIN <= 32     22
DAYS MIN <= 0       0

PRECIPITATION (INCHES)
RECORD
 MAXIMUM         2.21   1993
TOTALS           1.18              0.93    0.25
DAYS >= .01        14
DAYS >= .10         5
DAYS >= .50         0
DAYS >= 1.00        0
GREATEST
 24 HR. TOTAL    0.20   04/24 TO 04/24

DEGREE_DAYS
HEATING TOTAL     695               655      40
 SINCE 7/1       7364              7040     324
COOLING TOTAL       0                 0       0
 SINCE 1/1          0                 0       0
.................................................

WIND (MPH)
AVERAGE WIND SPEED              9.1
RESULTANT WIND SPEED/DIRECTION   3/238
HIGHEST WIND SPEED/DIRECTION    41/180    DATE  04/07
HIGHEST GUST SPEED/DIRECTION    53/200    DATE  04/07

AVERAGE RH (PERCENT)     62


-  INDICATES NEGATIVE NUMBERS.
R  INDICATES RECORD WAS SET OR TIED.
MM INDICATES DATA IS MISSING.
T  INDICATES TRACE AMOUNT.

$$
