000
CXUS56 KBOI 011721
CLMBNO


CLIMATE REPORT
NATIONAL WEATHER SERVICE BOISE ID
1120 AM MDT FRI JUL 1 2016

...................................

...THE BURNS OR CLIMATE SUMMARY FOR THE MONTH OF JUNE 2016...

CLIMATE NORMAL PERIOD 1981 TO 2010
CLIMATE RECORD PERIOD 1938 TO 2016

WEATHER         OBSERVED          NORMAL  DEPART
                 VALUE   DATE(S)  VALUE   FROM
                                          NORMAL
................................................
TEMPERATURE (F)
HIGHEST            94   06/29        MM      MM
LOWEST             28   06/19        MM      MM
AVG. MAXIMUM     79.7              75.0     4.7
AVG. MINIMUM     41.6              41.8    -0.2
MEAN             60.6              58.4     2.2
DAYS MAX >= 90      8
DAYS MAX <= 32      0
DAYS MIN <= 32      5
DAYS MIN <= 0       0

PRECIPITATION (INCHES)
RECORD
 MAXIMUM         3.20   1947
TOTALS           0.40              0.76   -0.36
DAYS >= .01         5
DAYS >= .10         2
DAYS >= .50         0
DAYS >= 1.00        0
GREATEST
 24 HR. TOTAL    0.20   06/17 TO 06/18

DEGREE_DAYS
HEATING TOTAL     180               218     -38
 SINCE 7/1       6959              7688    -729
COOLING TOTAL      58                20      38
 SINCE 1/1         58                23      35
.................................................

WIND (MPH)
AVERAGE WIND SPEED              7.6
RESULTANT WIND SPEED/DIRECTION   4/256
HIGHEST WIND SPEED/DIRECTION    32/270    DATE  06/10
HIGHEST GUST SPEED/DIRECTION    43/280    DATE  06/10

AVERAGE RH (PERCENT)     46


-  INDICATES NEGATIVE NUMBERS.
R  INDICATES RECORD WAS SET OR TIED.
MM INDICATES DATA IS MISSING.
T  INDICATES TRACE AMOUNT.

$$
