000
CXUS51 KBOX 011525
CLMBOS


CLIMATE REPORT
NATIONAL WEATHER SERVICE TAUNTON MA
1112 AM EDT SAT NOV 1 2014

...................................

...THE BOSTON MA CLIMATE SUMMARY FOR THE MONTH OF OCTOBER 2014...

CLIMATE NORMAL PERIOD 1981 TO 2010
CLIMATE RECORD PERIOD 1872 TO 2014

WEATHER         OBSERVED          NORMAL  DEPART
                 VALUE   DATE(S)  VALUE   FROM
                                          NORMAL
................................................
TEMPERATURE (F)
RECORD
 HIGH              90   10/07/1963
 LOW               25   10/27/1936
HIGHEST            81   10/15
LOWEST             39   10/20
AVG. MAXIMUM     63.0              61.4     1.6
AVG. MINIMUM     49.7              46.5     3.2
MEAN             56.4              54.0     2.4
DAYS MAX >= 90      0               0.0     0.0
DAYS MAX <= 32      0               0.0     0.0
DAYS MIN <= 32      0               0.0     0.0
DAYS MIN <= 0       0               0.0     0.0

PRECIPITATION (INCHES)
RECORD
 MAXIMUM        10.66   1996
 MINIMUM         0.06   1924
TOTALS           5.83              3.94    1.89
DAILY AVG.       0.19              0.13    0.06
DAYS >= .01        12               9.4     2.6
DAYS >= .10         7               5.9     1.1
DAYS >= .50         4               2.8     1.2
DAYS >= 1.00        2               1.1     0.9
GREATEST
 24 HR. TOTAL    2.93   10/22 TO 10/23

SNOWFALL (INCHES)
RECORDS
 TOTAL             MM   MM
 SNOW DEPTH        MM   MM
TOTALS            0.0                 T     0.0
SINCE 7/1         0.0                 T     0.0
SNOWDEPTH AVG.     MM
DAYS >= 1.0         0               0.0     0.0
GREATEST
 SNOW DEPTH        MM
 24 HR TOTAL      0.0   10/31 TO 10/31

DEGREE_DAYS
HEATING TOTAL     271               350     -79
 SINCE 7/1        347               447    -100
COOLING TOTAL      10                 7       3
 SINCE 1/1        769               747      22
.................................................

WIND (MPH)
AVERAGE WIND SPEED              11.1
RESULTANT WIND SPEED/DIRECTION   3/275
HIGHEST WIND SPEED/DIRECTION    44/030    DATE  10/22
HIGHEST GUST SPEED/DIRECTION    54/020    DATE  10/22

SKY COVER
POSSIBLE SUNSHINE (PERCENT)   MM
AVERAGE SKY COVER           0.60
NUMBER OF DAYS FAIR            7
NUMBER OF DAYS PC             13
NUMBER OF DAYS CLOUDY         11

AVERAGE RH (PERCENT)     73

WEATHER CONDITIONS. NUMBER OF DAYS WITH
THUNDERSTORM              0     MIXED PRECIP               0
HEAVY RAIN                6     RAIN                       8
LIGHT RAIN               13     FREEZING RAIN              0
LT FREEZING RAIN          0     HAIL                       0
HEAVY SNOW                0     SNOW                       0
LIGHT SNOW                0     SLEET                      0
FOG                      11     FOG W/VIS <= 1/4 MILE      0
HAZE                      1

-  INDICATES NEGATIVE NUMBERS.
R  INDICATES RECORD WAS SET OR TIED.
MM INDICATES DATA IS MISSING.
T  INDICATES TRACE AMOUNT.

$$

SIPPRELL
