000
CXUS51 KBOX 101338 CCA
CLMBOS

CLIMATE REPORT
NATIONAL WEATHER SERVICE TAUNTON MA
938 AM EDT WED JUL 10 2014

...................................

...THE BOSTON MA CLIMATE SUMMARY FOR THE MONTH OF JUNE 2014...

CLIMATE NORMAL PERIOD 1981 TO 2010
CLIMATE RECORD PERIOD 1872 TO 2014

WEATHER         OBSERVED          NORMAL  DEPART
                 VALUE   DATE(S)  VALUE   FROM
                                          NORMAL
................................................
TEMPERATURE (F)
RECORD
 HIGH             100   06/26/1952
                        06/06/1925
 LOW               41   06/01/1945
HIGHEST            89   06/30
                        06/25
LOWEST             51   06/01
AVG. MAXIMUM     76.6              75.9     0.7
AVG. MINIMUM     60.1              59.5     0.6
MEAN             68.4              67.7     0.7
DAYS MAX >= 90      0               2.3    -2.3
DAYS MAX <= 32      0               0.0     0.0
DAYS MIN <= 32      0               0.0     0.0
DAYS MIN <= 0       0               0.0     0.0

PRECIPITATION (INCHES)
RECORD
 MAXIMUM        13.20   1982
 MINIMUM            T   1999
TOTALS           2.62              3.68   -1.06
DAILY AVG.       0.09              0.12   -0.03
DAYS >= .01         7              10.9    -3.9
DAYS >= .10         5               6.4    -1.4
DAYS >= .50         3               2.1     0.9
DAYS >= 1.00        0               0.7    -0.7
GREATEST
 24 HR. TOTAL    0.85   06/10 TO 06/10
                        06/09 TO 06/10
                        06/10 TO 06/10

SNOWFALL (INCHES)
RECORDS
 TOTAL            0.0   MM
 SNOW DEPTH         0   MM
TOTALS            0.0               0.0     0.0
SINCE 7/1        58.9              43.8    15.1
SNOWDEPTH AVG.     MM
DAYS >= 1.0         0               0.0     0.0
GREATEST
 SNOW DEPTH        MM
 24 HR TOTAL      0.0   06/30 TO 06/30

DEGREE_DAYS
HEATING TOTAL      28                55     -27
 SINCE 7/1       5857              5681     176
COOLING TOTAL     138               136       2
 SINCE 1/1        160               166      -6
.................................................

WIND (MPH)
AVERAGE WIND SPEED              9.8
RESULTANT WIND SPEED/DIRECTION   1/210
HIGHEST WIND SPEED/DIRECTION    32/240    DATE  06/18
HIGHEST GUST SPEED/DIRECTION    48/020    DATE  06/10

SKY COVER
POSSIBLE SUNSHINE (PERCENT)   MM
AVERAGE SKY COVER           0.60
NUMBER OF DAYS FAIR            6
NUMBER OF DAYS PC             15
NUMBER OF DAYS CLOUDY          9

AVERAGE RH (PERCENT)     64

WEATHER CONDITIONS. NUMBER OF DAYS WITH
THUNDERSTORM              0     MIXED PRECIP               0
HEAVY RAIN                3     RAIN                       5
LIGHT RAIN               11     FREEZING RAIN              0
LT FREEZING RAIN          0     HAIL                       0
HEAVY SNOW                0     SNOW                       0
LIGHT SNOW                0     SLEET                      0
FOG                       8     FOG W/VIS <= 1/4 MILE      4
HAZE                      2

-  INDICATES NEGATIVE NUMBERS.
R  INDICATES RECORD WAS SET OR TIED.
MM INDICATES DATA IS MISSING.
T  INDICATES TRACE AMOUNT.

$$
