000
CXUS55 KRIW 020644
CLMBPI

CLIMATE REPORT
NATIONAL WEATHER SERVICE RIVERTON WY
1211 AM MDT TUE AUG 2 2016

...PRELIMINARY MONTHLY CLIMATE SUMMARY FOR THE MILEY MEMORIAL FIELD
IN BIG PINEY FOR THE MONTH OF JULY 2016...

...OFFICIAL CLIMATE DATA FOR THE MONTH OF JULY 2016 WILL BE
AVAILABLE APPROXIMATELY IN SEPTEMBER 2016 FROM THE NATIONAL CENTER
FOR ENVIRONMENTAL INFORMATION(HTTP://WWW.NCEI.NOAA.GOV/OL/
CLIMATEDATA.HTML). UNOFFICIAL ASOS DAILY SUMMARIES ARE AVAILABLE ON
THE INTERNET AT HTTP://WWW.WEATHER.GOV/CLIMATE/INDEX.PHP?WFO=RIW

...JULY SLIGHTLY WARMER AND RECORD DRY IN BIG PINEY...

THE AVERAGE TEMPERATURE FOR BIG PINEY IN JULY WAS 62.1 DEGREES...
WHICH WAS 0.2 DEGREES ABOVE NORMAL. THE WARMEST READING FOR THE
MONTH WAS 92 DEGREES ON THE 21ST AND THE COLDEST READING WAS 29
DEGREES ON THE 12TH. TWO NEW DAILY RECORD HIGHS WERE SET DURING THE
MONTH...INCLUDING 90 DEGREES ON THE 25TH...TYING THE RECORD FROM
1978...AND 90 DEGREES ON THE 27TH...BREAKING 89 FROM 2008. ONE
RECORD LOW WAS ALSO SET ON THE 12TH...WITH A READING OF 29 DEGREES
BREAKING THE OLD RECORD OF 30 THAT WAS SET IN 1994.

TOTAL PRECIPITATION FOR THE MONTH WAS 0.25 INCHES...WHICH WAS 35
PERCENT OF NORMAL AND MAKES IT THE 4TH DRIEST JULY ON RECORD SINCE
1976. THE WETTEST 24 HOUR PERIOD OF THE MONTH WAS THE 30TH-31ST...
WHEN 0.22 OF AN INCH OF PRECIPITATION FELL. NO DAILY RAINFALL
RECORDS WERE SET LAST MONTH. THE HIGHEST WIND GUST WAS 52 MPH ON THE
3RD.

...THE BIG PINEY CLIMATE SUMMARY FOR THE MONTH OF JULY 2016...

CLIMATE NORMAL PERIOD 1981 TO 2010
CLIMATE RECORD PERIOD 1976 TO 2016

WEATHER         OBSERVED          NORMAL  DEPART
                 VALUE   DATE(S)  VALUE   FROM
                                          NORMAL
................................................
TEMPERATURE (F)
RECORD
 HIGH              96   07/14/2002
                        07/13/1976
 LOW               23   07/20/1987
HIGHEST            92   07/21
LOWEST             29   07/12
AVG. MAXIMUM     83.6              80.6     3.0
AVG. MINIMUM     40.6              43.3    -2.7
MEAN             62.1              61.9     0.2
DAYS MAX >= 90      5
DAYS MAX <= 32      0
DAYS MIN <= 32      2
DAYS MIN <= 0       0

PRECIPITATION (INCHES)
RECORD
 MAXIMUM         2.66   1982
 MINIMUM            T   1990
                        1988
TOTALS           0.25              0.71   -0.46
DAILY AVG.       0.01
DAYS >= .01         4
DAYS >= .10         1
DAYS >= .50         0
DAYS >= 1.00        0
GREATEST
 24 HR. TOTAL    0.22   06/30 TO 07/01

DEGREE_DAYS
HEATING TOTAL     104               117     -13
 SINCE 7/1        104               117     -13
COOLING TOTAL      20                22      -2
 SINCE 1/1         21                24      -3
.................................................

WIND (MPH)
AVERAGE WIND SPEED              8.2
HIGHEST WIND SPEED/DIRECTION    38/290    DATE  07/03
HIGHEST GUST SPEED/DIRECTION    52/300    DATE  07/03

SKY COVER
POSSIBLE SUNSHINE (PERCENT)   MM
AVERAGE SKY COVER           0.10
NUMBER OF DAYS FAIR           31
NUMBER OF DAYS PC              0
NUMBER OF DAYS CLOUDY          0

AVERAGE RH (PERCENT)     42

WEATHER CONDITIONS. NUMBER OF DAYS WITH
THUNDERSTORM              7     MIXED PRECIP               0
HEAVY RAIN                1     RAIN                       1
LIGHT RAIN                6     FREEZING RAIN              0
LT FREEZING RAIN          0     HAIL                       0
HEAVY SNOW                0     SNOW                       0
LIGHT SNOW                0     SLEET                      0
FOG                       0     FOG W/VIS <= 1/4 MILE      0
HAZE                      1

-  INDICATES NEGATIVE NUMBERS.
R  INDICATES RECORD WAS SET OR TIED.
MM INDICATES DATA IS MISSING.
T  INDICATES TRACE AMOUNT.

LOOKING AHEAD TO AUGUST 2016...THE AVERAGE HIGH TEMPERATURE ON THE
FIRST OF THE MONTH IS 82 DEGREES...AND THE AVERAGE LOW TEMPERATURE
IS 43 DEGREES. THE AVERAGE HIGH BY THE END OF THE MONTH IS 75
DEGREES...AND THE AVERAGE LOW TEMPERATURE IS 36 DEGREES. THE AVERAGE
MONTHLY PRECIPITATION IS 0.69 INCHES.

$$
