000
CXUS55 KRIW 011905 AAA
CLMBPI

CLIMATE REPORT...AMENDED
NATIONAL WEATHER SERVICE RIVERTON WY
1134 AM MDT TUE AUG 1 2017

...PRELIMINARY MONTHLY CLIMATE SUMMARY FOR THE MILEY MEMORIAL FIELD
IN BIG PINEY FOR THE MONTH OF JULY 2017...

...OFFICIAL CLIMATE DATA FOR THE MONTH OF JULY 2017 WILL BE
AVAILABLE APPROXIMATELY IN SEPTEMBER 2017 FROM THE NATIONAL CLIMATIC
DATA CENTER (HTTP://WWW.NCDC.NOAA.GOV/OL/CLIMATEDATA.HTML).
UNOFFICIAL ASOS DAILY SUMMARIES ARE AVAILABLE ON THE INTERNET AT
HTTP://WWW.WEATHER.GOV/CLIMATE/INDEX.PHP?WFO=RIW

...BIG PINEY WAS SLIGHTLY WARMER AND WETTER THAN NORMAL IN JULY..

THE AVERAGE TEMPERATURE FOR BIG PINEY IN JULY WAS 64.4 DEGREES...
WHICH WAS 2.5 DEGREES ABOVE NORMAL. THIS MAKES IT 7TH WARMEST JULY
ON RECORD. THE WARMEST READING FOR THE MONTH WAS 89 DEGREES ON THE
6TH AND 14TH. THE COLDEST READING WAS 35 DEGREES ON THE 1ST. NO
TEMPERATURE RECORDS WERE SET DURING THE MONTH.

TOTAL PRECIPITATION FOR THE MONTH WAS 0.86 INCHES...WHICH WAS 121
PERCENT OF NORMAL. THIS MAKES IT THE 7TH WETTEST JULY ON RECORD. THE
WETTEST 24 HOUR PERIOD OF THE MONTH WAS ON THE 21ST...WHEN 0.37
INCHES FELL. THIS WAS A NEW RECORD...BREAKING THE PREVIOUS RECORD OF
0.31 INCHES...SET IN 2010. THE HIGHEST WIND GUST WAS 43 MPH ON THE
6TH.

...THE BIG PINEY  WY CLIMATE SUMMARY FOR THE MONTH OF JULY 2017...

CLIMATE NORMAL PERIOD 1981 TO 2010
CLIMATE RECORD PERIOD 1976 TO 2017

WEATHER         OBSERVED          NORMAL  DEPART
                 VALUE   DATE(S)  VALUE   FROM
                                          NORMAL
................................................
TEMPERATURE (F)
RECORD
 HIGH              96   07/14/2002
                        07/13/1976
 LOW               23   07/20/1987
HIGHEST            89   07/14
                        07/06
LOWEST             35   07/01
AVG. MAXIMUM     83.9              80.6     3.3
AVG. MINIMUM     45.0              43.3     1.7
MEAN             64.4              61.9     2.5
DAYS MAX >= 90      0
DAYS MAX <= 32      0
DAYS MIN <= 32      0
DAYS MIN <= 0       0

PRECIPITATION (INCHES)
RECORD
 MAXIMUM         2.66   1982
 MINIMUM            T   1990
                        1988
TOTALS           0.86              0.71    0.15
DAILY AVG.       0.03
DAYS >= .01         7
DAYS >= .10         4
DAYS >= .50         0
DAYS >= 1.00        0
GREATEST
 24 HR. TOTAL    0.37   07/21 TO 07/21

DEGREE_DAYS
HEATING TOTAL      32               117     -85
 SINCE 7/1         32               117     -85
COOLING TOTAL      24                22       2
 SINCE 1/1         25                24       1
.................................................

WIND (MPH)
AVERAGE WIND SPEED              7.1
HIGHEST WIND SPEED/DIRECTION    30/320    DATE  07/10
HIGHEST GUST SPEED/DIRECTION    43/330    DATE  07/06

SKY COVER
POSSIBLE SUNSHINE (PERCENT)   MM
AVERAGE SKY COVER           0.10
NUMBER OF DAYS FAIR           29
NUMBER OF DAYS PC              1
NUMBER OF DAYS CLOUDY          1

AVERAGE RH (PERCENT)     51

WEATHER CONDITIONS. NUMBER OF DAYS WITH
THUNDERSTORM              0     MIXED PRECIP               0
HEAVY RAIN                2     RAIN                       0
LIGHT RAIN               13     FREEZING RAIN              0
LT FREEZING RAIN          0     HAIL                       0
HEAVY SNOW                0     SNOW                       0
LIGHT SNOW                0     SLEET                      0
FOG                       1     FOG W/VIS <= 1/4 MILE      0
HAZE                      1

-  INDICATES NEGATIVE NUMBERS.
R  INDICATES RECORD WAS SET OR TIED.
MM INDICATES DATA IS MISSING.
T  INDICATES TRACE AMOUNT.

LOOKING AHEAD TO AUGUST 2017...THE AVERAGE HIGH TEMPERATURE ON THE
FIRST OF THE MONTH IS 82 DEGREES...AND THE AVERAGE LOW TEMPERATURE
IS 43 DEGREES. THE AVERAGE HIGH BY THE END OF THE MONTH IS 75
DEGREES...AND THE AVERAGE LOW TEMPERATURE IS 36. THE AVERAGE MONTHLY
PRECIPITATION IS 0.69 INCHES.

$$
